{"id":14787,"date":"2019-01-01T12:47:56","date_gmt":"2019-01-01T11:47:56","guid":{"rendered":"https:\/\/www.topohvar.at\/?page_id=14787"},"modified":"2021-11-26T16:53:10","modified_gmt":"2021-11-26T15:53:10","slug":"hv-ir-19-1","status":"publish","type":"page","link":"https:\/\/www.topohvar.at\/topo\/orte\/hv\/hv-ir-19-1\/","title":{"rendered":"HVAR &#8211; Reljef \u00bbLavovi na pro\u010delju lo\u0111e\u00ab"},"content":{"rendered":"<p><a name=\"seite_oben\"><\/a><br \/>\n<img loading=\"lazy\" decoding=\"async\" class=\"alignnone wp-image-14761 size-large\" src=\"https:\/\/www.topohvar.at\/wp-content\/uploads\/2019\/01\/HV-IR-19-1-1024x503.jpg\" alt=\"\" width=\"640\" height=\"314\" srcset=\"https:\/\/www.topohvar.at\/wp-content\/uploads\/2019\/01\/HV-IR-19-1-1024x503.jpg 1024w, https:\/\/www.topohvar.at\/wp-content\/uploads\/2019\/01\/HV-IR-19-1-300x147.jpg 300w, https:\/\/www.topohvar.at\/wp-content\/uploads\/2019\/01\/HV-IR-19-1-768x377.jpg 768w, https:\/\/www.topohvar.at\/wp-content\/uploads\/2019\/01\/HV-IR-19-1.jpg 1080w\" sizes=\"auto, (max-width: 640px) 100vw, 640px\" \/><\/p>\n<p><strong>Ime \/ Name<br \/>\n<\/strong>Franjeva\u010dki samostan \u00bbGospe od Milosti\u00ab \/ Dominikanerkloster<\/p>\n<p><strong>Code: <\/strong>HV-IR-19\u00a0 \u00a0 \u00a0 \u00a0 \u00a0 \u00a0 \u00a0 \u00a0 \u00a0 \u00a0 \u00a0 \u00a0 \u00a0 \u00a0 \u00a0 \u00a0 \u00a0 \u00a0\u00a0<a href=\"https:\/\/www.topohvar.at\/hv-ig-23-1\/\"><img loading=\"lazy\" decoding=\"async\" class=\"alignnone wp-image-12300 size-full\" src=\"https:\/\/www.topohvar.at\/wp-content\/uploads\/2018\/09\/push-vor-30.jpg\" alt=\"\" width=\"61\" height=\"30\" \/><\/a>\u00a0<strong><a href=\"https:\/\/www.topohvar.at\/orte\/hv\/hv-ir-18-1\/\"><img loading=\"lazy\" decoding=\"async\" class=\"alignnone wp-image-533 size-full\" src=\"https:\/\/www.topohvar.at\/wp-content\/uploads\/2018\/07\/push-l-30.jpg\" alt=\"\" width=\"61\" height=\"30\" \/><\/a> <a href=\"https:\/\/www.topohvar.at\/orte\/hv\/\"><img loading=\"lazy\" decoding=\"async\" class=\"alignnone wp-image-535 size-full\" src=\"https:\/\/www.topohvar.at\/wp-content\/uploads\/2018\/07\/push-o-30.jpg\" alt=\"\" width=\"61\" height=\"30\" \/><\/a> <a href=\"https:\/\/www.topohvar.at\/orte\/hv\/hv-ir-20-1\/\"><img loading=\"lazy\" decoding=\"async\" class=\"alignnone wp-image-536 size-full\" src=\"https:\/\/www.topohvar.at\/wp-content\/uploads\/2018\/07\/push-r-30.jpg\" alt=\"\" width=\"61\" height=\"30\" \/><\/a>\u00a0<\/strong><\/p>\n<hr \/>\n<p><strong>Adresa \/ Adresse<br \/>\n<\/strong>Grad Hvar,\u00a0Trg sv. Stjepana 2, Lo\u0111a<\/p>\n<p><strong>Lokacija<\/strong><strong> \/ Position<a href=\"https:\/\/goo.gl\/maps\/LwJRjU2fwxYLF1DeA\"><img loading=\"lazy\" decoding=\"async\" class=\"alignright wp-image-16853\" src=\"https:\/\/www.topohvar.at\/wp-content\/uploads\/2019\/01\/0314.jpg\" alt=\"\" width=\"134\" height=\"100\" \/><\/a><br \/>\n<\/strong><span style=\"color: #3366ff;\"><a style=\"color: #3366ff;\" href=\"https:\/\/goo.gl\/maps\/LwJRjU2fwxYLF1DeA\">Latitude: N 43,17277\u00b0\u00a0 \u00a0Longitude: E 16,44149\u00b0<\/a> <\/span><strong><br \/>\n<\/strong>Visina \/ H\u00f6he: 4 m<\/p>\n<p><strong>Katastarska <\/strong><strong>\u010d<\/strong><strong>estica<\/strong><strong> \/ Grundst\u00fccke<br \/>\n<\/strong>*68, *67\/1, *82<div class='content-column one_half'><div style=\"padding-right:6px;\"><p><strong>Datum snimanja \/ Erfassungsdatum<br \/>\n<\/strong>18.02.2018 14:28:00<\/p>\n<hr \/>\n<p><strong>Informacije<\/strong><\/p>\n<p>Iznad ulaznih vrata nalaze se dva jednaka lava, postavlkjena su\u010delice jedan prema drugom. Umjesto knjiga, jednom \u0161apom pridr\u017eavaju grbove praznih polja, dok im je druga \u0161ape na tlu. Dvije glave an\u0111elaka (putti) iznad otu\u010denih polja grbova u kartu\u0161i istovjetne su onima na krstionici u Starome Gra\u0111u. Umjesto aureole lavovi imaju frizuru koja im oblikuje glavu poput lire, a iznad \u010dela griva je u obliku stiliziranog ljiljana (\u201egigliata\u201c). Ralje su im otvorene i vide se zubi. Krila su postavljena paralelno i rep leluja u obliku sluva S. Izme\u0111u lavova je prazna ploha koja je, prema Rizziju, vjerojatno bila predvi\u0111ena za grb gradskog za\u0161titnika sv. Stjepana I.<\/p><\/div><\/div><div class='content-column one_half last_column'><div style=\"padding-right:0px;padding-left:6px;\"><p><strong>Stupanj za\u0161tite<\/strong><strong> \/ Schutzstellung<br \/>\n<\/strong>&#8211;<\/p>\n<hr \/>\n<p><strong>Info<\/strong><\/p>\n<p>\u00dcber dem Eingang befinden sich nebeneinander zwei gleich gro\u00dfe L\u00f6wen. Anstelle eines Buches halten sie in ihren Pfoten Wappen mit leeren Feldern, w\u00e4hrend ihre anderen Pfoten am Boden stehen. Die zwei Engelsk\u00f6pfe (Putti) \u00fcber den Wappenfeldern sind mit denen auf dem Baptisterium in Stari Grad identisch. Anstelle eines Heiligenscheines haben die L\u00f6wen eine Frisur, die ihren Kopf wie eine Lyra formt. \u00dcber der Stirnm\u00e4hne befindet sich eine stilisierte Lilie (\u201egigliata\u201c). Ihre M\u00e4uler sind ge\u00f6ffnet und ihre Z\u00e4hne sichtbar. Die Fl\u00fcgel sind parallel ausgerichtet und die Schw\u00e4nze bewegen sich wie ein \u201eS\u201c wellenartig auf der flachen Oberfl\u00e4che, was nach Rizzi wahrscheinlich f\u00fcr das Wappen des hl. Stefan, dem Schutzheiligen der Stadt bestimmt war.<\/p><\/div><\/div><div class='clear_column'><\/div><div class='content-column one_half'><div style=\"padding-right:6px;\"><p>Zbog skulpturalne kvalitete mo\u017eemo pretpostaviti da je lavove izradio bra\u010dki kipar Tripun Bokani\u010d, graditelj dana\u0161nje hvarske Lo\u0111e. Nije poznata to\u010dna godina izgradnje, no smatra se da zapo\u010deta oko 1604.g., kada Bokani\u0107 dolazi u Hvar.<\/p><\/div><\/div><div class='content-column one_half last_column'><div style=\"padding-right:0px;padding-left:6px;\"><p>Aufgrund der skulpturalen Qualit\u00e4t k\u00f6nnen wir davon ausgehen, dass die L\u00f6wen vom Bildhauer Tripun Bokani\u010d aus Bra\u010d, dem Erbauer der heutigen Hvarer Loggia, geschaffen wurden. Das genaue Baujahr ist unbekannt, aber es wird angenommen, dass es um 1604 war, als Bokani\u0107 nach Hvar kam.<\/p><\/div><\/div><div class='clear_column'><\/div><div class='content-column one_half'><div style=\"padding-right:6px;\"><p>Povjesni\u010dar umjetnosti Cvito Fiskovi\u0107 je 50-ih godina pro\u0161log stolje\u0107a uo\u010dio na jednom od grbova tri kose crte, pa je pretpostavio da se radi o grbu kneza i providura Julija Contarinija (1603.-1605.), za \u010dijeg se mandata Lo\u0111a dovr\u0161avala. Ovi lavovi su temeljito o\u010di\u0161\u0107eni u klopu projekta obnove Lo\u0111e 2013.g.<\/p><\/div><\/div><div class='content-column one_half last_column'><div style=\"padding-right:0px;padding-left:6px;\"><p>Der Kunsthistoriker Cvito Fiskovi\u0107 sah den 50er Jahren des letzten Jahrhunderts in einem der Wappen der drei Schr\u00e4gstriche, so dass er annahm, dass es ein Wappen des Rektors Julius Contarini (1603-1605) war, auf dessen Mandat die Loggia errichtet wurde. Diese L\u00f6wen wurden im Jahr 2013 im Zuge des Wiederaufbauprojektes der Loggia gr\u00fcndlich gereinigt.<\/p><\/div><\/div><div class='clear_column'><\/div><\/p>\n<p style=\"text-align: right;\"><span style=\"color: #3366ff;\"><a style=\"color: #3366ff;\" href=\"#seite_oben\">natrag na vrh \/ Seitenanfang<\/a><\/span><\/p>\n<p style=\"text-align: center;\"><em>(Hvar i Venezija, kulturne i povijesne poveznice)<\/em><\/p>\n<hr \/>\n<p>&nbsp;<\/p>\n<p><strong>Linkovi \/ Links<\/strong><\/p>\n<p><span style=\"color: #3366ff;\"><a style=\"color: #3366ff;\" href=\"https:\/\/www.topohvar.at\/orte\/hv\/hv-tg-01-1\/\">Zgrada \u00bbGradska lo\u017ea\u00ab \/ Stadtloggia<\/a><\/span><br \/>\n<span style=\"color: #3366ff;\"><a style=\"color: #3366ff;\" href=\"https:\/\/www.topohvar.at\/orte\/hv\/hv-ir-17-1\/\">Reljef \u00bbVeliki lav na zapadnom zidu lo\u0111e\u00ab \/ Relief &#8211; gro\u00dfer L\u00f6we an der Westwand der Loggia<\/a><\/span><br \/>\n<span style=\"color: #3366ff;\"><a style=\"color: #3366ff;\" href=\"https:\/\/www.topohvar.at\/orte\/hv\/hv-ir-18-1\/\">Reljef \u00bbMali lav na zapadnom zidu lo\u0111e\u00ab \/ Relief &#8211; kleiner L\u00f6we an der Westwand der Loggia<\/a><\/span><\/p>\n<p>&nbsp;<\/p>\n","protected":false},"excerpt":{"rendered":"<p>Ime \/ Name Franjeva\u010dki samostan \u00bbGospe od Milosti\u00ab \/ Dominikanerkloster Code: HV-IR-19\u00a0 \u00a0 \u00a0 \u00a0 \u00a0 \u00a0 \u00a0 \u00a0 \u00a0 \u00a0 \u00a0 \u00a0 \u00a0 \u00a0 \u00a0 \u00a0 \u00a0 \u00a0\u00a0\u00a0 \u00a0 Adresa \/ Adresse Grad Hvar,\u00a0Trg sv. Stjepana 2, Lo\u0111a Lokacija &hellip; <a href=\"https:\/\/www.topohvar.at\/topo\/orte\/hv\/hv-ir-19-1\/\">Weiterlesen <span class=\"meta-nav\">&rarr;<\/span><\/a><\/p>\n","protected":false},"author":1,"featured_media":0,"parent":80,"menu_order":0,"comment_status":"closed","ping_status":"closed","template":"","meta":{"footnotes":""},"class_list":["post-14787","page","type-page","status-publish","hentry"],"_links":{"self":[{"href":"https:\/\/www.topohvar.at\/topo\/wp-json\/wp\/v2\/pages\/14787","targetHints":{"allow":["GET"]}}],"collection":[{"href":"https:\/\/www.topohvar.at\/topo\/wp-json\/wp\/v2\/pages"}],"about":[{"href":"https:\/\/www.topohvar.at\/topo\/wp-json\/wp\/v2\/types\/page"}],"author":[{"embeddable":true,"href":"https:\/\/www.topohvar.at\/topo\/wp-json\/wp\/v2\/users\/1"}],"replies":[{"embeddable":true,"href":"https:\/\/www.topohvar.at\/topo\/wp-json\/wp\/v2\/comments?post=14787"}],"version-history":[{"count":11,"href":"https:\/\/www.topohvar.at\/topo\/wp-json\/wp\/v2\/pages\/14787\/revisions"}],"predecessor-version":[{"id":53601,"href":"https:\/\/www.topohvar.at\/topo\/wp-json\/wp\/v2\/pages\/14787\/revisions\/53601"}],"up":[{"embeddable":true,"href":"https:\/\/www.topohvar.at\/topo\/wp-json\/wp\/v2\/pages\/80"}],"wp:attachment":[{"href":"https:\/\/www.topohvar.at\/topo\/wp-json\/wp\/v2\/media?parent=14787"}],"curies":[{"name":"wp","href":"https:\/\/api.w.org\/{rel}","templated":true}]}}

HVAR &#8211; Reljef »Lavovi na pročelju lođe«

<p><a name="seite_oben"></a><br />
<img loading="lazy" decoding="async" class="alignnone wp-image-14761 size-large" src="https://www.topohvar.at/wp-content/uploads/2019/01/HV-IR-19-1-1024x503.jpg" alt="" width="640" height="314" srcset="https://www.topohvar.at/wp-content/uploads/2019/01/HV-IR-19-1-1024x503.jpg 1024w, https://www.topohvar.at/wp-content/uploads/2019/01/HV-IR-19-1-300x147.jpg 300w, https://www.topohvar.at/wp-content/uploads/2019/01/HV-IR-19-1-768x377.jpg 768w, https://www.topohvar.at/wp-content/uploads/2019/01/HV-IR-19-1.jpg 1080w" sizes="auto, (max-width: 640px) 100vw, 640px" /></p>
<p><strong>Ime / Name<br />
</strong>Franjevački samostan »Gospe od Milosti« / Dominikanerkloster</p>
<p><strong>Code: </strong>HV-IR-19                                    <a href="https://www.topohvar.at/hv-ig-23-1/"><img loading="lazy" decoding="async" class="alignnone wp-image-12300 size-full" src="https://www.topohvar.at/wp-content/uploads/2018/09/push-vor-30.jpg" alt="" width="61" height="30" /></a> <strong><a href="https://www.topohvar.at/orte/hv/hv-ir-18-1/"><img loading="lazy" decoding="async" class="alignnone wp-image-533 size-full" src="https://www.topohvar.at/wp-content/uploads/2018/07/push-l-30.jpg" alt="" width="61" height="30" /></a> <a href="https://www.topohvar.at/orte/hv/"><img loading="lazy" decoding="async" class="alignnone wp-image-535 size-full" src="https://www.topohvar.at/wp-content/uploads/2018/07/push-o-30.jpg" alt="" width="61" height="30" /></a> <a href="https://www.topohvar.at/orte/hv/hv-ir-20-1/"><img loading="lazy" decoding="async" class="alignnone wp-image-536 size-full" src="https://www.topohvar.at/wp-content/uploads/2018/07/push-r-30.jpg" alt="" width="61" height="30" /></a> </strong></p>
<hr />
<p><strong>Adresa / Adresse<br />
</strong>Grad Hvar, Trg sv. Stjepana 2, Lođa</p>
<p><strong>Lokacija</strong><strong> / Position<a href="https://goo.gl/maps/LwJRjU2fwxYLF1DeA"><img loading="lazy" decoding="async" class="alignright wp-image-16853" src="https://www.topohvar.at/wp-content/uploads/2019/01/0314.jpg" alt="" width="134" height="100" /></a><br />
</strong><span style="color: #3366ff;"><a style="color: #3366ff;" href="https://goo.gl/maps/LwJRjU2fwxYLF1DeA">Latitude: N 43,17277°   Longitude: E 16,44149°</a> </span><strong><br />
</strong>Visina / Höhe: 4 m</p>
<p><strong>Katastarska </strong><strong>č</strong><strong>estica</strong><strong> / Grundstücke<br />
</strong>*68, *67/1, *82<div class='content-column one_half'><div style="padding-right:6px;"><p><strong>Datum snimanja / Erfassungsdatum<br />
</strong>18.02.2018 14:28:00</p>
<hr />
<p><strong>Informacije</strong></p>
<p>Iznad ulaznih vrata nalaze se dva jednaka lava, postavlkjena sučelice jedan prema drugom. Umjesto knjiga, jednom šapom pridržavaju grbove praznih polja, dok im je druga šape na tlu. Dvije glave anđelaka (putti) iznad otučenih polja grbova u kartuši istovjetne su onima na krstionici u Starome Građu. Umjesto aureole lavovi imaju frizuru koja im oblikuje glavu poput lire, a iznad čela griva je u obliku stiliziranog ljiljana („gigliata“). Ralje su im otvorene i vide se zubi. Krila su postavljena paralelno i rep leluja u obliku sluva S. Između lavova je prazna ploha koja je, prema Rizziju, vjerojatno bila predviđena za grb gradskog zaštitnika sv. Stjepana I.</p></div></div><div class='content-column one_half last_column'><div style="padding-right:0px;padding-left:6px;"><p><strong>Stupanj zaštite</strong><strong> / Schutzstellung<br />
</strong>&#8211;</p>
<hr />
<p><strong>Info</strong></p>
<p>Über dem Eingang befinden sich nebeneinander zwei gleich große Löwen. Anstelle eines Buches halten sie in ihren Pfoten Wappen mit leeren Feldern, während ihre anderen Pfoten am Boden stehen. Die zwei Engelsköpfe (Putti) über den Wappenfeldern sind mit denen auf dem Baptisterium in Stari Grad identisch. Anstelle eines Heiligenscheines haben die Löwen eine Frisur, die ihren Kopf wie eine Lyra formt. Über der Stirnmähne befindet sich eine stilisierte Lilie („gigliata“). Ihre Mäuler sind geöffnet und ihre Zähne sichtbar. Die Flügel sind parallel ausgerichtet und die Schwänze bewegen sich wie ein „S“ wellenartig auf der flachen Oberfläche, was nach Rizzi wahrscheinlich für das Wappen des hl. Stefan, dem Schutzheiligen der Stadt bestimmt war.</p></div></div><div class='clear_column'></div><div class='content-column one_half'><div style="padding-right:6px;"><p>Zbog skulpturalne kvalitete možemo pretpostaviti da je lavove izradio brački kipar Tripun Bokanič, graditelj današnje hvarske Lođe. Nije poznata točna godina izgradnje, no smatra se da započeta oko 1604.g., kada Bokanić dolazi u Hvar.</p></div></div><div class='content-column one_half last_column'><div style="padding-right:0px;padding-left:6px;"><p>Aufgrund der skulpturalen Qualität können wir davon ausgehen, dass die Löwen vom Bildhauer Tripun Bokanič aus Brač, dem Erbauer der heutigen Hvarer Loggia, geschaffen wurden. Das genaue Baujahr ist unbekannt, aber es wird angenommen, dass es um 1604 war, als Bokanić nach Hvar kam.</p></div></div><div class='clear_column'></div><div class='content-column one_half'><div style="padding-right:6px;"><p>Povjesničar umjetnosti Cvito Fisković je 50-ih godina prošlog stoljeća uočio na jednom od grbova tri kose crte, pa je pretpostavio da se radi o grbu kneza i providura Julija Contarinija (1603.-1605.), za čijeg se mandata Lođa dovršavala. Ovi lavovi su temeljito očišćeni u klopu projekta obnove Lođe 2013.g.</p></div></div><div class='content-column one_half last_column'><div style="padding-right:0px;padding-left:6px;"><p>Der Kunsthistoriker Cvito Fisković sah den 50er Jahren des letzten Jahrhunderts in einem der Wappen der drei Schrägstriche, so dass er annahm, dass es ein Wappen des Rektors Julius Contarini (1603-1605) war, auf dessen Mandat die Loggia errichtet wurde. Diese Löwen wurden im Jahr 2013 im Zuge des Wiederaufbauprojektes der Loggia gründlich gereinigt.</p></div></div><div class='clear_column'></div></p>
<p style="text-align: right;"><span style="color: #3366ff;"><a style="color: #3366ff;" href="#seite_oben">natrag na vrh / Seitenanfang</a></span></p>
<p style="text-align: center;"><em>(Hvar i Venezija, kulturne i povijesne poveznice)</em></p>
<hr />
<p>&nbsp;</p>
<p><strong>Linkovi / Links</strong></p>
<p><span style="color: #3366ff;"><a style="color: #3366ff;" href="https://www.topohvar.at/orte/hv/hv-tg-01-1/">Zgrada »Gradska loža« / Stadtloggia</a></span><br />
<span style="color: #3366ff;"><a style="color: #3366ff;" href="https://www.topohvar.at/orte/hv/hv-ir-17-1/">Reljef »Veliki lav na zapadnom zidu lođe« / Relief &#8211; großer Löwe an der Westwand der Loggia</a></span><br />
<span style="color: #3366ff;"><a style="color: #3366ff;" href="https://www.topohvar.at/orte/hv/hv-ir-18-1/">Reljef »Mali lav na zapadnom zidu lođe« / Relief &#8211; kleiner Löwe an der Westwand der Loggia</a></span></p>
<p>&nbsp;</p>

<p>Ime / Name Franjevački samostan »Gospe od Milosti« / Dominikanerkloster Code: HV-IR-19                                        Adresa / Adresse Grad Hvar, Trg sv. Stjepana 2, Lođa Lokacija &hellip; <a href="https://www.topohvar.at/topo/orte/hv/hv-ir-19-1/">Weiterlesen <span class="meta-nav">&rarr;</span></a></p>
