{"id":14832,"date":"2019-01-01T13:28:46","date_gmt":"2019-01-01T12:28:46","guid":{"rendered":"https:\/\/www.topohvar.at\/?page_id=14832"},"modified":"2021-11-26T17:12:13","modified_gmt":"2021-11-26T16:12:13","slug":"hv-ir-12-1","status":"publish","type":"page","link":"https:\/\/www.topohvar.at\/topo\/orte\/hv\/hv-ir-12-1\/","title":{"rendered":"HVAR &#8211; Reljef \u00bbLav sv. Marka na jugoisto\u010dnoj bastionu Fortice\u00ab"},"content":{"rendered":"<p><a name=\"seite_oben\"><\/a><br \/>\n<img loading=\"lazy\" decoding=\"async\" class=\"alignnone wp-image-14754 size-large\" src=\"https:\/\/www.topohvar.at\/wp-content\/uploads\/2019\/01\/hv-ir-12-1-1024x503.jpg\" alt=\"\" width=\"640\" height=\"314\" srcset=\"https:\/\/www.topohvar.at\/wp-content\/uploads\/2019\/01\/hv-ir-12-1-1024x503.jpg 1024w, https:\/\/www.topohvar.at\/wp-content\/uploads\/2019\/01\/hv-ir-12-1-300x147.jpg 300w, https:\/\/www.topohvar.at\/wp-content\/uploads\/2019\/01\/hv-ir-12-1-768x377.jpg 768w, https:\/\/www.topohvar.at\/wp-content\/uploads\/2019\/01\/hv-ir-12-1.jpg 1080w\" sizes=\"auto, (max-width: 640px) 100vw, 640px\" \/><\/p>\n<p><strong>Ime \/ Name<br \/>\n<\/strong>Reljef \u00bbLav sv. Marka na jugoisto\u010dnoj bastionu Fortice\u00ab \/ Markusl\u00f6we an der s\u00fcd\u00f6stlichen Bastion der Festung<\/p>\n<p><strong>Code: <\/strong>HV-IR-12\u00a0 \u00a0 \u00a0 \u00a0 \u00a0 \u00a0 \u00a0 \u00a0 \u00a0 \u00a0 \u00a0 \u00a0 \u00a0 \u00a0 \u00a0 \u00a0 \u00a0 \u00a0\u00a0<a href=\"https:\/\/www.topohvar.at\/hv-ig-23-1\/\"><img loading=\"lazy\" decoding=\"async\" class=\"alignnone wp-image-12300 size-full\" src=\"https:\/\/www.topohvar.at\/wp-content\/uploads\/2018\/09\/push-vor-30.jpg\" alt=\"\" width=\"61\" height=\"30\" \/><\/a>\u00a0<strong><a href=\"https:\/\/www.topohvar.at\/orte\/hv\/hv-ir-11-1\/\"><img loading=\"lazy\" decoding=\"async\" class=\"alignnone wp-image-533 size-full\" src=\"https:\/\/www.topohvar.at\/wp-content\/uploads\/2018\/07\/push-l-30.jpg\" alt=\"\" width=\"61\" height=\"30\" \/><\/a> <a href=\"https:\/\/www.topohvar.at\/orte\/hv\/\"><img loading=\"lazy\" decoding=\"async\" class=\"alignnone wp-image-535 size-full\" src=\"https:\/\/www.topohvar.at\/wp-content\/uploads\/2018\/07\/push-o-30.jpg\" alt=\"\" width=\"61\" height=\"30\" \/><\/a> <a href=\"https:\/\/www.topohvar.at\/orte\/hv\/hv-ir-13-1\/\"><img loading=\"lazy\" decoding=\"async\" class=\"alignnone wp-image-536 size-full\" src=\"https:\/\/www.topohvar.at\/wp-content\/uploads\/2018\/07\/push-r-30.jpg\" alt=\"\" width=\"61\" height=\"30\" \/><\/a>\u00a0<\/strong><\/p>\n<hr \/>\n<p><strong>Adresa \/ Adresse<br \/>\n<\/strong>Grad Hvar,\u00a0Utvrda \/ Festung Fortica, Spanjola<\/p>\n<p><strong>Lokacija<\/strong><strong> \/ Position<a href=\"https:\/\/goo.gl\/maps\/NBCK1i3eSBuXYoxZ6\"><img loading=\"lazy\" decoding=\"async\" class=\"alignright wp-image-16996\" src=\"https:\/\/www.topohvar.at\/wp-content\/uploads\/2019\/01\/0309.jpg\" alt=\"\" width=\"134\" height=\"100\" \/><\/a><br \/>\n<\/strong><span style=\"color: #3366ff;\"><a style=\"color: #3366ff;\" href=\"https:\/\/goo.gl\/maps\/NBCK1i3eSBuXYoxZ6\">Latitude: N 43,17487\u00b0\u00a0 \u00a0Longitude: E 16,44186\u00b0<\/a> <\/span><strong><br \/>\n<\/strong>Visina \/ H\u00f6he: 90 m<\/p>\n<p><strong>Katastarska <\/strong><strong>\u010d<\/strong><strong>estica <\/strong><strong>\/ Grundst\u00fccke<br \/>\n<\/strong>*147, 343\/2<div class='content-column one_half'><div style=\"padding-right:6px;\"><p><strong>Datum snimanja \/ Erfassungsdatum<br \/>\n<\/strong>21.02.2017 15:46:00<\/p>\n<hr \/>\n<p><strong>Informacije<\/strong><\/p>\n<p>Reljefi lava sv. Marka mogu se na\u0107i na sva \u010detiri tornja Fortice. Ispod reljefa na jugoisto\u010dnoj bastionu Fortice je prazno pravokutno polje \u2013 nekada\u0161nji grb ili natpis koji je otu\u010den vjerojatno nakon 1691.g.<\/p><\/div><\/div><div class='content-column one_half last_column'><div style=\"padding-right:0px;padding-left:6px;\"><p><strong>Stupanj za\u0161tite<\/strong><strong> \/ Schutzstellung<br \/>\n<\/strong>&#8211;<\/p>\n<hr \/>\n<p><strong>Info<\/strong><\/p>\n<p>Reliefs von Markus-L\u00f6wen finden sich auf allen vier T\u00fcrmen der Fortica. Unterhalb des Reliefs an der s\u00fcd\u00f6stlichen Bastion befindet sich ein leeres rechteckiges Feld &#8211; ein ehemaliges Wappen oder Inschrift, die wahrscheinlich nach 1691 zerst\u00f6rt wurde.<\/p><\/div><\/div><div class='clear_column'><\/div><div class='content-column one_half'><div style=\"padding-right:6px;\"><p>Od pet lavova na Fortici ovaj je najbolje sa\u010duvan.<\/p><\/div><\/div><div class='content-column one_half last_column'><div style=\"padding-right:0px;padding-left:6px;\"><p>Von den f\u00fcnf L\u00f6wen auf der Festung ist dieser am besten erhalten.<\/p><\/div><\/div><div class='clear_column'><\/div><div class='content-column one_half'><div style=\"padding-right:6px;\"><p>Lav je nalazi ispod vijenca, unutar pravokutnog polja i sastavljen je od pet dijelova. \u0160apom pridr\u017eava knjigu s natpisom. Sli\u010dno lavu na zapadnom zidu Lo\u0111e (1462.), i ovaj ima veliku glavu u odosnu na trup. Griva je sli\u010dno oblikovana, ima pravilne sitne uvojke. Izraz lica mu je bijesan, s otvorenim raljama i o\u0161trim zubima. Vidljive su dlake ispod trbuha i na \u0161apama, kao i stilizirani spolni organ. Lijeva stra\u017enja \u0161apa je skulpturalno oblikovana i izlazi iz reljefa. Nedostaje mu desno krilo (Rizzi pi\u0161e da je otpalo oko 1985.), a na mjestu gdje je bilo pri\u010dvr\u0161\u0107eno ostao je \u017eeljezni \u0161iljak.<\/p><\/div><\/div><div class='content-column one_half last_column'><div style=\"padding-right:0px;padding-left:6px;\"><p>Der L\u00f6we befindet sich unterhalb des Wulstes in einem rechteckigen Feld und besteht aus f\u00fcnf Teilen. In seinen Pranken h\u00e4lt er ein Buch mit Inschrift. \u00c4hnlich dem L\u00f6wen an der Westwand der Loggia (1462), hat er im Verh\u00e4ltnis zu seinem K\u00f6rper einen gro\u00dfen Kopf. Die M\u00e4hne ist \u00e4hnlich geformt und hat regelrechte kleine Locken. Der Ausdruck seines Gesichts ist w\u00fctend, mit offenen Nasenl\u00f6chern und scharfen Z\u00e4hnen. Unter dem Bauch und auf den Pfoten ist das Fell sichtbar, ebenso das stilisierte Geschlechtsorgan. Die linke Schulter ist skulptiert und ragt aus dem Relief. Sein linker Fl\u00fcgel fehlt (Rizzi schreibt, dass er um 1985 zerfiel) und an der Stelle wo er befestigt war, blieb ein eiserner Dorn stehen.<\/p><\/div><\/div><div class='clear_column'><\/div><\/p>\n<p style=\"text-align: right;\"><span style=\"color: #3366ff;\"><a style=\"color: #3366ff;\" href=\"#seite_oben\">natrag na vrh \/ Seitenanfang<\/a><\/span><\/p>\n<p style=\"text-align: center;\"><em>(Hvar i Venezija, kulturne i povijesne poveznice)<\/em><\/p>\n<hr \/>\n<p><strong>Linkovi \/ Links<\/strong><\/p>\n<p><span style=\"color: #3366ff;\"><a style=\"color: #3366ff;\" href=\"https:\/\/www.topohvar.at\/orte\/hv\/hv-td-10-1\/\">Tvr\u0111ava \u00bbGradska tvr\u0111ava, tvr\u0111ava Fortica, \u0160panjola\u00ab \/ Festung &#8211; Stadtburg, Fortica,\u00a0\u0160panjola<\/a><\/span><br \/>\n<span style=\"color: #3366ff;\"><a style=\"color: #3366ff;\" href=\"https:\/\/www.topohvar.at\/orte\/hv\/hv-ir-10-1\/\">Reljef plo\u010da \u00bbNa ju\u017enom ulazu \u0160panjole\u00ab \/ Reliefplatte beim S\u00fcdeingang der Festung<\/a><\/span><br \/>\n<span style=\"color: #3366ff;\"><a style=\"color: #3366ff;\" href=\"https:\/\/www.topohvar.at\/orte\/hv\/hv-ir-11-1\/\">Reljef \u00bbIznad glavnih vrata \u0160panjole\u00ab \/ Relief \u00fcber dem Haupttor der Festung<\/a><\/span><br \/>\n<span style=\"color: #3366ff;\"><a style=\"color: #3366ff;\" href=\"https:\/\/www.topohvar.at\/orte\/hv\/hv-ir-13-1\/\">Reljef \u00bbLav sv. Marka na ju\u017enom bastionu Fortice\u00ab\u00a0\/ Markusl\u00f6we auf der s\u00fcdlichen Bastion der Festung<\/a><\/span><br \/>\n<span style=\"color: #3366ff;\"><a style=\"color: #3366ff;\" href=\"https:\/\/www.topohvar.at\/orte\/hv\/hv-ir-14-1\/\">Reljef \u00bbLav sv. Marka na jugozapadnom bastionu Fortice\u00ab\u00a0\/ Markusl\u00f6we auf der s\u00fcdwestlichen Bastion der Festung<\/a><\/span><br \/>\n<span style=\"color: #3366ff;\"><a style=\"color: #3366ff;\" href=\"https:\/\/www.topohvar.at\/orte\/hv\/hv-ir-15-1\/\">Reljef \u00bbLav sv. Marka na sjevernom bastionu Fortice\u00ab\u00a0\/ Markusl\u00f6we auf der n\u00f6rdlichen Bastion der Festung<\/a><\/span><\/p>\n","protected":false},"excerpt":{"rendered":"<p>Ime \/ Name Reljef \u00bbLav sv. Marka na jugoisto\u010dnoj bastionu Fortice\u00ab \/ Markusl\u00f6we an der s\u00fcd\u00f6stlichen Bastion der Festung Code: HV-IR-12\u00a0 \u00a0 \u00a0 \u00a0 \u00a0 \u00a0 \u00a0 \u00a0 \u00a0 \u00a0 \u00a0 \u00a0 \u00a0 \u00a0 \u00a0 \u00a0 \u00a0 \u00a0\u00a0\u00a0 \u00a0 Adresa &hellip; <a href=\"https:\/\/www.topohvar.at\/topo\/orte\/hv\/hv-ir-12-1\/\">Weiterlesen <span class=\"meta-nav\">&rarr;<\/span><\/a><\/p>\n","protected":false},"author":1,"featured_media":0,"parent":80,"menu_order":0,"comment_status":"closed","ping_status":"closed","template":"","meta":{"footnotes":""},"class_list":["post-14832","page","type-page","status-publish","hentry"],"_links":{"self":[{"href":"https:\/\/www.topohvar.at\/topo\/wp-json\/wp\/v2\/pages\/14832","targetHints":{"allow":["GET"]}}],"collection":[{"href":"https:\/\/www.topohvar.at\/topo\/wp-json\/wp\/v2\/pages"}],"about":[{"href":"https:\/\/www.topohvar.at\/topo\/wp-json\/wp\/v2\/types\/page"}],"author":[{"embeddable":true,"href":"https:\/\/www.topohvar.at\/topo\/wp-json\/wp\/v2\/users\/1"}],"replies":[{"embeddable":true,"href":"https:\/\/www.topohvar.at\/topo\/wp-json\/wp\/v2\/comments?post=14832"}],"version-history":[{"count":9,"href":"https:\/\/www.topohvar.at\/topo\/wp-json\/wp\/v2\/pages\/14832\/revisions"}],"predecessor-version":[{"id":53624,"href":"https:\/\/www.topohvar.at\/topo\/wp-json\/wp\/v2\/pages\/14832\/revisions\/53624"}],"up":[{"embeddable":true,"href":"https:\/\/www.topohvar.at\/topo\/wp-json\/wp\/v2\/pages\/80"}],"wp:attachment":[{"href":"https:\/\/www.topohvar.at\/topo\/wp-json\/wp\/v2\/media?parent=14832"}],"curies":[{"name":"wp","href":"https:\/\/api.w.org\/{rel}","templated":true}]}}

HVAR &#8211; Reljef »Lav sv. Marka na jugoistočnoj bastionu Fortice«

<p><a name="seite_oben"></a><br />
<img loading="lazy" decoding="async" class="alignnone wp-image-14754 size-large" src="https://www.topohvar.at/wp-content/uploads/2019/01/hv-ir-12-1-1024x503.jpg" alt="" width="640" height="314" srcset="https://www.topohvar.at/wp-content/uploads/2019/01/hv-ir-12-1-1024x503.jpg 1024w, https://www.topohvar.at/wp-content/uploads/2019/01/hv-ir-12-1-300x147.jpg 300w, https://www.topohvar.at/wp-content/uploads/2019/01/hv-ir-12-1-768x377.jpg 768w, https://www.topohvar.at/wp-content/uploads/2019/01/hv-ir-12-1.jpg 1080w" sizes="auto, (max-width: 640px) 100vw, 640px" /></p>
<p><strong>Ime / Name<br />
</strong>Reljef »Lav sv. Marka na jugoistočnoj bastionu Fortice« / Markuslöwe an der südöstlichen Bastion der Festung</p>
<p><strong>Code: </strong>HV-IR-12                                    <a href="https://www.topohvar.at/hv-ig-23-1/"><img loading="lazy" decoding="async" class="alignnone wp-image-12300 size-full" src="https://www.topohvar.at/wp-content/uploads/2018/09/push-vor-30.jpg" alt="" width="61" height="30" /></a> <strong><a href="https://www.topohvar.at/orte/hv/hv-ir-11-1/"><img loading="lazy" decoding="async" class="alignnone wp-image-533 size-full" src="https://www.topohvar.at/wp-content/uploads/2018/07/push-l-30.jpg" alt="" width="61" height="30" /></a> <a href="https://www.topohvar.at/orte/hv/"><img loading="lazy" decoding="async" class="alignnone wp-image-535 size-full" src="https://www.topohvar.at/wp-content/uploads/2018/07/push-o-30.jpg" alt="" width="61" height="30" /></a> <a href="https://www.topohvar.at/orte/hv/hv-ir-13-1/"><img loading="lazy" decoding="async" class="alignnone wp-image-536 size-full" src="https://www.topohvar.at/wp-content/uploads/2018/07/push-r-30.jpg" alt="" width="61" height="30" /></a> </strong></p>
<hr />
<p><strong>Adresa / Adresse<br />
</strong>Grad Hvar, Utvrda / Festung Fortica, Spanjola</p>
<p><strong>Lokacija</strong><strong> / Position<a href="https://goo.gl/maps/NBCK1i3eSBuXYoxZ6"><img loading="lazy" decoding="async" class="alignright wp-image-16996" src="https://www.topohvar.at/wp-content/uploads/2019/01/0309.jpg" alt="" width="134" height="100" /></a><br />
</strong><span style="color: #3366ff;"><a style="color: #3366ff;" href="https://goo.gl/maps/NBCK1i3eSBuXYoxZ6">Latitude: N 43,17487°   Longitude: E 16,44186°</a> </span><strong><br />
</strong>Visina / Höhe: 90 m</p>
<p><strong>Katastarska </strong><strong>č</strong><strong>estica </strong><strong>/ Grundstücke<br />
</strong>*147, 343/2<div class='content-column one_half'><div style="padding-right:6px;"><p><strong>Datum snimanja / Erfassungsdatum<br />
</strong>21.02.2017 15:46:00</p>
<hr />
<p><strong>Informacije</strong></p>
<p>Reljefi lava sv. Marka mogu se naći na sva četiri tornja Fortice. Ispod reljefa na jugoistočnoj bastionu Fortice je prazno pravokutno polje – nekadašnji grb ili natpis koji je otučen vjerojatno nakon 1691.g.</p></div></div><div class='content-column one_half last_column'><div style="padding-right:0px;padding-left:6px;"><p><strong>Stupanj zaštite</strong><strong> / Schutzstellung<br />
</strong>&#8211;</p>
<hr />
<p><strong>Info</strong></p>
<p>Reliefs von Markus-Löwen finden sich auf allen vier Türmen der Fortica. Unterhalb des Reliefs an der südöstlichen Bastion befindet sich ein leeres rechteckiges Feld &#8211; ein ehemaliges Wappen oder Inschrift, die wahrscheinlich nach 1691 zerstört wurde.</p></div></div><div class='clear_column'></div><div class='content-column one_half'><div style="padding-right:6px;"><p>Od pet lavova na Fortici ovaj je najbolje sačuvan.</p></div></div><div class='content-column one_half last_column'><div style="padding-right:0px;padding-left:6px;"><p>Von den fünf Löwen auf der Festung ist dieser am besten erhalten.</p></div></div><div class='clear_column'></div><div class='content-column one_half'><div style="padding-right:6px;"><p>Lav je nalazi ispod vijenca, unutar pravokutnog polja i sastavljen je od pet dijelova. Šapom pridržava knjigu s natpisom. Slično lavu na zapadnom zidu Lođe (1462.), i ovaj ima veliku glavu u odosnu na trup. Griva je slično oblikovana, ima pravilne sitne uvojke. Izraz lica mu je bijesan, s otvorenim raljama i oštrim zubima. Vidljive su dlake ispod trbuha i na šapama, kao i stilizirani spolni organ. Lijeva stražnja šapa je skulpturalno oblikovana i izlazi iz reljefa. Nedostaje mu desno krilo (Rizzi piše da je otpalo oko 1985.), a na mjestu gdje je bilo pričvršćeno ostao je željezni šiljak.</p></div></div><div class='content-column one_half last_column'><div style="padding-right:0px;padding-left:6px;"><p>Der Löwe befindet sich unterhalb des Wulstes in einem rechteckigen Feld und besteht aus fünf Teilen. In seinen Pranken hält er ein Buch mit Inschrift. Ähnlich dem Löwen an der Westwand der Loggia (1462), hat er im Verhältnis zu seinem Körper einen großen Kopf. Die Mähne ist ähnlich geformt und hat regelrechte kleine Locken. Der Ausdruck seines Gesichts ist wütend, mit offenen Nasenlöchern und scharfen Zähnen. Unter dem Bauch und auf den Pfoten ist das Fell sichtbar, ebenso das stilisierte Geschlechtsorgan. Die linke Schulter ist skulptiert und ragt aus dem Relief. Sein linker Flügel fehlt (Rizzi schreibt, dass er um 1985 zerfiel) und an der Stelle wo er befestigt war, blieb ein eiserner Dorn stehen.</p></div></div><div class='clear_column'></div></p>
<p style="text-align: right;"><span style="color: #3366ff;"><a style="color: #3366ff;" href="#seite_oben">natrag na vrh / Seitenanfang</a></span></p>
<p style="text-align: center;"><em>(Hvar i Venezija, kulturne i povijesne poveznice)</em></p>
<hr />
<p><strong>Linkovi / Links</strong></p>
<p><span style="color: #3366ff;"><a style="color: #3366ff;" href="https://www.topohvar.at/orte/hv/hv-td-10-1/">Tvrđava »Gradska tvrđava, tvrđava Fortica, Španjola« / Festung &#8211; Stadtburg, Fortica, Španjola</a></span><br />
<span style="color: #3366ff;"><a style="color: #3366ff;" href="https://www.topohvar.at/orte/hv/hv-ir-10-1/">Reljef ploča »Na južnom ulazu Španjole« / Reliefplatte beim Südeingang der Festung</a></span><br />
<span style="color: #3366ff;"><a style="color: #3366ff;" href="https://www.topohvar.at/orte/hv/hv-ir-11-1/">Reljef »Iznad glavnih vrata Španjole« / Relief über dem Haupttor der Festung</a></span><br />
<span style="color: #3366ff;"><a style="color: #3366ff;" href="https://www.topohvar.at/orte/hv/hv-ir-13-1/">Reljef »Lav sv. Marka na južnom bastionu Fortice« / Markuslöwe auf der südlichen Bastion der Festung</a></span><br />
<span style="color: #3366ff;"><a style="color: #3366ff;" href="https://www.topohvar.at/orte/hv/hv-ir-14-1/">Reljef »Lav sv. Marka na jugozapadnom bastionu Fortice« / Markuslöwe auf der südwestlichen Bastion der Festung</a></span><br />
<span style="color: #3366ff;"><a style="color: #3366ff;" href="https://www.topohvar.at/orte/hv/hv-ir-15-1/">Reljef »Lav sv. Marka na sjevernom bastionu Fortice« / Markuslöwe auf der nördlichen Bastion der Festung</a></span></p>

<p>Ime / Name Reljef »Lav sv. Marka na jugoistočnoj bastionu Fortice« / Markuslöwe an der südöstlichen Bastion der Festung Code: HV-IR-12                                        Adresa &hellip; <a href="https://www.topohvar.at/topo/orte/hv/hv-ir-12-1/">Weiterlesen <span class="meta-nav">&rarr;</span></a></p>
