{"id":14861,"date":"2019-01-02T07:29:57","date_gmt":"2019-01-02T06:29:57","guid":{"rendered":"https:\/\/www.topohvar.at\/?page_id=14861"},"modified":"2021-11-26T17:18:38","modified_gmt":"2021-11-26T16:18:38","slug":"hv-mo-06-1","status":"publish","type":"page","link":"https:\/\/www.topohvar.at\/topo\/orte\/hv\/hv-mo-06-1\/","title":{"rendered":"HVAR &#8211; Bista \u00bbDr. Orest \u017dunkovi\u0107\u00ab"},"content":{"rendered":"<p><a name=\"seite_oben\"><\/a><br \/>\n<img loading=\"lazy\" decoding=\"async\" class=\"alignnone wp-image-14847 size-large\" src=\"https:\/\/www.topohvar.at\/wp-content\/uploads\/2019\/01\/hv-mo-06-1-1024x503.jpg\" alt=\"\" width=\"640\" height=\"314\" srcset=\"https:\/\/www.topohvar.at\/wp-content\/uploads\/2019\/01\/hv-mo-06-1-1024x503.jpg 1024w, https:\/\/www.topohvar.at\/wp-content\/uploads\/2019\/01\/hv-mo-06-1-300x147.jpg 300w, https:\/\/www.topohvar.at\/wp-content\/uploads\/2019\/01\/hv-mo-06-1-768x377.jpg 768w, https:\/\/www.topohvar.at\/wp-content\/uploads\/2019\/01\/hv-mo-06-1.jpg 1080w\" sizes=\"auto, (max-width: 640px) 100vw, 640px\" \/><\/p>\n<p><strong>Ime \/ Name<br \/>\n<\/strong>Bista \/ B\u00fcste \u00bbDr. Orest \u017dunkovi\u0107\u00ab<\/p>\n<p><strong>Code: <\/strong>HV-MO-06\u00a0 \u00a0 \u00a0 \u00a0 \u00a0 \u00a0 \u00a0 \u00a0 \u00a0 \u00a0 \u00a0 \u00a0 \u00a0 \u00a0 \u00a0 \u00a0 \u00a0 \u00a0 \u00a0<strong><a href=\"https:\/\/www.topohvar.at\/orte\/hv\/hv-mo-15-1\/\"><img loading=\"lazy\" decoding=\"async\" class=\"alignnone wp-image-533 size-full\" src=\"https:\/\/www.topohvar.at\/wp-content\/uploads\/2018\/07\/push-l-30.jpg\" alt=\"\" width=\"61\" height=\"30\" \/><\/a> <a href=\"https:\/\/www.topohvar.at\/orte\/hv\/\"><img loading=\"lazy\" decoding=\"async\" class=\"alignnone wp-image-535 size-full\" src=\"https:\/\/www.topohvar.at\/wp-content\/uploads\/2018\/07\/push-o-30.jpg\" alt=\"\" width=\"61\" height=\"30\" \/><\/a> <a href=\"https:\/\/www.topohvar.at\/orte\/hv\/hv-mo-05-1\/\"><img loading=\"lazy\" decoding=\"async\" class=\"alignnone wp-image-536 size-full\" src=\"https:\/\/www.topohvar.at\/wp-content\/uploads\/2018\/07\/push-r-30.jpg\" alt=\"\" width=\"61\" height=\"30\" \/><\/a>\u00a0<\/strong><\/p>\n<hr \/>\n<p><strong>Adresa \/ Adresse<br \/>\n<\/strong>Grad Hvar, Ulica Biskupa J. Dubokovi\u0107a, DZ Hvar<\/p>\n<p><strong>Lokacija<\/strong><strong> \/ Position<a href=\"https:\/\/goo.gl\/maps\/jW1BdWEw7JSLWeeL6\"><img loading=\"lazy\" decoding=\"async\" class=\"alignright wp-image-16283\" src=\"https:\/\/www.topohvar.at\/wp-content\/uploads\/2019\/01\/0290.jpg\" alt=\"\" width=\"134\" height=\"100\" \/><\/a><br \/>\n<\/strong><span style=\"color: #3366ff;\"><a style=\"color: #3366ff;\" href=\"https:\/\/goo.gl\/maps\/jW1BdWEw7JSLWeeL6\">Latitude: N 43,17305\u00b0\u00a0 \u00a0Longitude: E 16,43575\u00b0<\/a> <\/span><strong><br \/>\n<\/strong>Visina \/ H\u00f6he: 30 m<\/p>\n<p><strong>Katastarska <\/strong><strong>\u010d<\/strong><strong>estica<\/strong><strong> \/ Grundst\u00fccke<br \/>\n<\/strong>95\/9<div class='content-column one_half'><div style=\"padding-right:6px;\"><p><strong>Datum snimanja \/ Erfassungsdatum<br \/>\n<\/strong>02.03.2017 10:24:50<\/p>\n<hr \/>\n<p><strong>Informacije<\/strong><\/p>\n<p>Alergolo\u0161ki centar Jugoslavenske akademije u sklopu Hotelske radne organizacije Hvar, nosi ime predratnog komuniste, prekaljenog borca i izvrsnog lije\u010dnika-humaniste, Dr. Oresta \u017dunkovi\u0107a, koji je poginuo 1943. godine u IV ofanzivi.<\/p><\/div><\/div><div class='content-column one_half last_column'><div style=\"padding-right:0px;padding-left:6px;\"><p><strong>Stupanj za\u0161tite<\/strong><strong> \/ Schutzstellung<br \/>\n<\/strong>&#8211;<\/p>\n<hr \/>\n<p><strong>Info<\/strong><\/p>\n<p>Das Allergiezentrum der Jugoslawischen Akademie in einem ehemaligen Hotelkomplex der Arbeitsorganisation Hvar, wurde benannt nach dem Vorkriegskommunisten, harten K\u00e4mpfer und gro\u00dfen Humanisten, dem Arzt Dr. Orest \u017dunkovi\u0107, der im Jahr 1943 in der vierten Offensive starb.<\/p><\/div><\/div><div class='clear_column'><\/div><div class='content-column one_half'><div style=\"padding-right:6px;\"><p>Bron\u010dana bista ovog istaknutog lije\u010dnika, postavljena je na pro\u010delju zgrade Alergolo\u0161kog centra, na kamenoj konzoli. Pored biste je mramorna bijela plo\u010da.<\/p><\/div><\/div><div class='content-column one_half last_column'><div style=\"padding-right:0px;padding-left:6px;\"><p>Die Bronzeb\u00fcste des prominenten Arztes, wurde an der Fassade des Allergiezentrums, auf einer Steinkonsole platziert. Daneben befindet sich eine wei\u00dfe Marmortafel.<\/p><\/div><\/div><div class='clear_column'><\/div><div class='content-column one_half'><div style=\"padding-right:6px;\"><p>Bista Dr. Oresta \u017dunkovi\u0107a je rad akademskog kipara Frane Kr\u0161ini\u0107a. Postavljena je prilikom otvaranja nove zgrade Alergolo\u0161kog centra u Hvaru, 10. velja\u010de 1973. godine, od strane Hotelske radne orrganizacije u suradnji sa JAZU Zagreb.<\/p><\/div><\/div><div class='content-column one_half last_column'><div style=\"padding-right:0px;padding-left:6px;\"><p>Die B\u00fcste des Dr. Orest \u017dunkovi\u0107, eine Arbeit des Bildhauers Frane Kr\u0161ini\u0107, wurde bei der Er\u00f6ffnung des neuen Allergiezentrums in Hvar am 10. Februar 1973 von der Arbeitsorganisation des Hotels, in Zusammenarbeit mit der Akademie der Wissenschaften Zagreb aufgestellt.<\/p><\/div><\/div><div class='clear_column'><\/div><\/p>\n<p style=\"text-align: right;\"><span style=\"color: #3366ff;\"><a style=\"color: #3366ff;\" href=\"#seite_oben\">natrag na vrh \/ Seitenanfang<\/a><\/span><\/p>\n<hr \/>\n<p><strong>Linkovi \/ Links<\/strong><\/p>\n<p><span style=\"color: #3366ff;\"><a style=\"color: #3366ff;\" href=\"https:\/\/www.topohvar.at\/topo\/orte\/hv\/hv-tg-05-1\/\">Javna zgrada \u00bbDom Zdravlja Hvar\u00ab \/ Klinik Hvar<\/a><br \/>\n<a style=\"color: #3366ff;\" href=\"https:\/\/www.topohvar.at\/orte\/hv\/hv-is-34-1\/\">Plo\u010de \u00bbAlergolo\u0161ki centar\u00ab \/ Tafel &#8211; Allergiezentrum<\/a><\/span><\/p>\n","protected":false},"excerpt":{"rendered":"<p>Ime \/ Name Bista \/ B\u00fcste \u00bbDr. Orest \u017dunkovi\u0107\u00ab Code: HV-MO-06\u00a0 \u00a0 \u00a0 \u00a0 \u00a0 \u00a0 \u00a0 \u00a0 \u00a0 \u00a0 \u00a0 \u00a0 \u00a0 \u00a0 \u00a0 \u00a0 \u00a0 \u00a0 \u00a0 \u00a0 Adresa \/ Adresse Grad Hvar, Ulica Biskupa J. Dubokovi\u0107a, DZ &hellip; <a href=\"https:\/\/www.topohvar.at\/topo\/orte\/hv\/hv-mo-06-1\/\">Weiterlesen <span class=\"meta-nav\">&rarr;<\/span><\/a><\/p>\n","protected":false},"author":1,"featured_media":0,"parent":80,"menu_order":0,"comment_status":"closed","ping_status":"closed","template":"","meta":{"footnotes":""},"class_list":["post-14861","page","type-page","status-publish","hentry"],"_links":{"self":[{"href":"https:\/\/www.topohvar.at\/topo\/wp-json\/wp\/v2\/pages\/14861","targetHints":{"allow":["GET"]}}],"collection":[{"href":"https:\/\/www.topohvar.at\/topo\/wp-json\/wp\/v2\/pages"}],"about":[{"href":"https:\/\/www.topohvar.at\/topo\/wp-json\/wp\/v2\/types\/page"}],"author":[{"embeddable":true,"href":"https:\/\/www.topohvar.at\/topo\/wp-json\/wp\/v2\/users\/1"}],"replies":[{"embeddable":true,"href":"https:\/\/www.topohvar.at\/topo\/wp-json\/wp\/v2\/comments?post=14861"}],"version-history":[{"count":12,"href":"https:\/\/www.topohvar.at\/topo\/wp-json\/wp\/v2\/pages\/14861\/revisions"}],"predecessor-version":[{"id":53629,"href":"https:\/\/www.topohvar.at\/topo\/wp-json\/wp\/v2\/pages\/14861\/revisions\/53629"}],"up":[{"embeddable":true,"href":"https:\/\/www.topohvar.at\/topo\/wp-json\/wp\/v2\/pages\/80"}],"wp:attachment":[{"href":"https:\/\/www.topohvar.at\/topo\/wp-json\/wp\/v2\/media?parent=14861"}],"curies":[{"name":"wp","href":"https:\/\/api.w.org\/{rel}","templated":true}]}}

HVAR &#8211; Bista »Dr. Orest Žunković«

<p><a name="seite_oben"></a><br />
<img loading="lazy" decoding="async" class="alignnone wp-image-14847 size-large" src="https://www.topohvar.at/wp-content/uploads/2019/01/hv-mo-06-1-1024x503.jpg" alt="" width="640" height="314" srcset="https://www.topohvar.at/wp-content/uploads/2019/01/hv-mo-06-1-1024x503.jpg 1024w, https://www.topohvar.at/wp-content/uploads/2019/01/hv-mo-06-1-300x147.jpg 300w, https://www.topohvar.at/wp-content/uploads/2019/01/hv-mo-06-1-768x377.jpg 768w, https://www.topohvar.at/wp-content/uploads/2019/01/hv-mo-06-1.jpg 1080w" sizes="auto, (max-width: 640px) 100vw, 640px" /></p>
<p><strong>Ime / Name<br />
</strong>Bista / Büste »Dr. Orest Žunković«</p>
<p><strong>Code: </strong>HV-MO-06                                     <strong><a href="https://www.topohvar.at/orte/hv/hv-mo-15-1/"><img loading="lazy" decoding="async" class="alignnone wp-image-533 size-full" src="https://www.topohvar.at/wp-content/uploads/2018/07/push-l-30.jpg" alt="" width="61" height="30" /></a> <a href="https://www.topohvar.at/orte/hv/"><img loading="lazy" decoding="async" class="alignnone wp-image-535 size-full" src="https://www.topohvar.at/wp-content/uploads/2018/07/push-o-30.jpg" alt="" width="61" height="30" /></a> <a href="https://www.topohvar.at/orte/hv/hv-mo-05-1/"><img loading="lazy" decoding="async" class="alignnone wp-image-536 size-full" src="https://www.topohvar.at/wp-content/uploads/2018/07/push-r-30.jpg" alt="" width="61" height="30" /></a> </strong></p>
<hr />
<p><strong>Adresa / Adresse<br />
</strong>Grad Hvar, Ulica Biskupa J. Dubokovića, DZ Hvar</p>
<p><strong>Lokacija</strong><strong> / Position<a href="https://goo.gl/maps/jW1BdWEw7JSLWeeL6"><img loading="lazy" decoding="async" class="alignright wp-image-16283" src="https://www.topohvar.at/wp-content/uploads/2019/01/0290.jpg" alt="" width="134" height="100" /></a><br />
</strong><span style="color: #3366ff;"><a style="color: #3366ff;" href="https://goo.gl/maps/jW1BdWEw7JSLWeeL6">Latitude: N 43,17305°   Longitude: E 16,43575°</a> </span><strong><br />
</strong>Visina / Höhe: 30 m</p>
<p><strong>Katastarska </strong><strong>č</strong><strong>estica</strong><strong> / Grundstücke<br />
</strong>95/9<div class='content-column one_half'><div style="padding-right:6px;"><p><strong>Datum snimanja / Erfassungsdatum<br />
</strong>02.03.2017 10:24:50</p>
<hr />
<p><strong>Informacije</strong></p>
<p>Alergološki centar Jugoslavenske akademije u sklopu Hotelske radne organizacije Hvar, nosi ime predratnog komuniste, prekaljenog borca i izvrsnog liječnika-humaniste, Dr. Oresta Žunkovića, koji je poginuo 1943. godine u IV ofanzivi.</p></div></div><div class='content-column one_half last_column'><div style="padding-right:0px;padding-left:6px;"><p><strong>Stupanj zaštite</strong><strong> / Schutzstellung<br />
</strong>&#8211;</p>
<hr />
<p><strong>Info</strong></p>
<p>Das Allergiezentrum der Jugoslawischen Akademie in einem ehemaligen Hotelkomplex der Arbeitsorganisation Hvar, wurde benannt nach dem Vorkriegskommunisten, harten Kämpfer und großen Humanisten, dem Arzt Dr. Orest Žunković, der im Jahr 1943 in der vierten Offensive starb.</p></div></div><div class='clear_column'></div><div class='content-column one_half'><div style="padding-right:6px;"><p>Brončana bista ovog istaknutog liječnika, postavljena je na pročelju zgrade Alergološkog centra, na kamenoj konzoli. Pored biste je mramorna bijela ploča.</p></div></div><div class='content-column one_half last_column'><div style="padding-right:0px;padding-left:6px;"><p>Die Bronzebüste des prominenten Arztes, wurde an der Fassade des Allergiezentrums, auf einer Steinkonsole platziert. Daneben befindet sich eine weiße Marmortafel.</p></div></div><div class='clear_column'></div><div class='content-column one_half'><div style="padding-right:6px;"><p>Bista Dr. Oresta Žunkovića je rad akademskog kipara Frane Kršinića. Postavljena je prilikom otvaranja nove zgrade Alergološkog centra u Hvaru, 10. veljače 1973. godine, od strane Hotelske radne orrganizacije u suradnji sa JAZU Zagreb.</p></div></div><div class='content-column one_half last_column'><div style="padding-right:0px;padding-left:6px;"><p>Die Büste des Dr. Orest Žunković, eine Arbeit des Bildhauers Frane Kršinić, wurde bei der Eröffnung des neuen Allergiezentrums in Hvar am 10. Februar 1973 von der Arbeitsorganisation des Hotels, in Zusammenarbeit mit der Akademie der Wissenschaften Zagreb aufgestellt.</p></div></div><div class='clear_column'></div></p>
<p style="text-align: right;"><span style="color: #3366ff;"><a style="color: #3366ff;" href="#seite_oben">natrag na vrh / Seitenanfang</a></span></p>
<hr />
<p><strong>Linkovi / Links</strong></p>
<p><span style="color: #3366ff;"><a style="color: #3366ff;" href="https://www.topohvar.at/topo/orte/hv/hv-tg-05-1/">Javna zgrada »Dom Zdravlja Hvar« / Klinik Hvar</a><br />
<a style="color: #3366ff;" href="https://www.topohvar.at/orte/hv/hv-is-34-1/">Ploče »Alergološki centar« / Tafel &#8211; Allergiezentrum</a></span></p>

<p>Ime / Name Bista / Büste »Dr. Orest Žunković« Code: HV-MO-06                                        Adresa / Adresse Grad Hvar, Ulica Biskupa J. Dubokovića, DZ &hellip; <a href="https://www.topohvar.at/topo/orte/hv/hv-mo-06-1/">Weiterlesen <span class="meta-nav">&rarr;</span></a></p>
