{"id":14870,"date":"2019-01-02T07:37:13","date_gmt":"2019-01-02T06:37:13","guid":{"rendered":"https:\/\/www.topohvar.at\/?page_id=14870"},"modified":"2021-11-26T17:21:56","modified_gmt":"2021-11-26T16:21:56","slug":"hv-mo-02-1","status":"publish","type":"page","link":"https:\/\/www.topohvar.at\/topo\/orte\/hv\/hv-mo-02-1\/","title":{"rendered":"HVAR &#8211; Bista \u00bbFra Fulgencije Carev\u00ab"},"content":{"rendered":"<p><a name=\"seite_oben\"><\/a><br \/>\n<img loading=\"lazy\" decoding=\"async\" class=\"alignnone wp-image-14843 size-large\" src=\"https:\/\/www.topohvar.at\/wp-content\/uploads\/2019\/01\/HV-MO-02-1-1024x503.jpg\" alt=\"\" width=\"640\" height=\"314\" srcset=\"https:\/\/www.topohvar.at\/wp-content\/uploads\/2019\/01\/HV-MO-02-1-1024x503.jpg 1024w, https:\/\/www.topohvar.at\/wp-content\/uploads\/2019\/01\/HV-MO-02-1-300x147.jpg 300w, https:\/\/www.topohvar.at\/wp-content\/uploads\/2019\/01\/HV-MO-02-1-768x377.jpg 768w, https:\/\/www.topohvar.at\/wp-content\/uploads\/2019\/01\/HV-MO-02-1.jpg 1080w\" sizes=\"auto, (max-width: 640px) 100vw, 640px\" \/><\/p>\n<p><strong>Ime \/ Name<br \/>\n<\/strong>Bista \u00bbFra Fulgencije Carev\u00ab \/ B\u00fcste des\u00a0Fra Fulgencije Carev<\/p>\n<p><strong>Code: <\/strong>HV-MO-02\u00a0 \u00a0 \u00a0 \u00a0 \u00a0 \u00a0 \u00a0 \u00a0 \u00a0 \u00a0 \u00a0 \u00a0 \u00a0 \u00a0 \u00a0 \u00a0 \u00a0 \u00a0 \u00a0<strong><a href=\"https:\/\/www.topohvar.at\/orte\/hv\/hv-mo-04-1\/\"><img loading=\"lazy\" decoding=\"async\" class=\"alignnone wp-image-533 size-full\" src=\"https:\/\/www.topohvar.at\/wp-content\/uploads\/2018\/07\/push-l-30.jpg\" alt=\"\" width=\"61\" height=\"30\" \/><\/a> <a href=\"https:\/\/www.topohvar.at\/orte\/hv\/\"><img loading=\"lazy\" decoding=\"async\" class=\"alignnone wp-image-535 size-full\" src=\"https:\/\/www.topohvar.at\/wp-content\/uploads\/2018\/07\/push-o-30.jpg\" alt=\"\" width=\"61\" height=\"30\" \/><\/a> <a href=\"https:\/\/www.topohvar.at\/orte\/hv\/hv-mo-13-1\/\"><img loading=\"lazy\" decoding=\"async\" class=\"alignnone wp-image-536 size-full\" src=\"https:\/\/www.topohvar.at\/wp-content\/uploads\/2018\/07\/push-r-30.jpg\" alt=\"\" width=\"61\" height=\"30\" \/><\/a>\u00a0<\/strong><\/p>\n<hr \/>\n<p><strong>Adresa \/ Adresse<br \/>\n<\/strong>Grad Hvar,\u00a0\u0160etali\u0161te put Kri\u017ea 13<\/p>\n<p><strong>Lokacija<\/strong><strong> \/ Position<a href=\"https:\/\/goo.gl\/maps\/JkfN5Nw8CGN3Rkw9A\"><img loading=\"lazy\" decoding=\"async\" class=\"alignright wp-image-17057\" src=\"https:\/\/www.topohvar.at\/wp-content\/uploads\/2019\/01\/0287.jpg\" alt=\"\" width=\"134\" height=\"100\" \/><\/a><br \/>\n<\/strong><span style=\"color: #3366ff;\"><a style=\"color: #3366ff;\" href=\"https:\/\/goo.gl\/maps\/JkfN5Nw8CGN3Rkw9A\">Latitude: N 43,16889\u00b0\u00a0 \u00a0Longitude: E 16,44345\u00b0<\/a> <\/span><strong><br \/>\n<\/strong>Visina \/ H\u00f6he: 3 m<\/p>\n<p><strong>Katastarska <\/strong><strong>\u010d<\/strong><strong>estica <\/strong><strong>\/ Grundst\u00fccke<br \/>\n<\/strong>519\/4<div class='content-column one_half'><div style=\"padding-right:6px;\"><p><strong>Datum snimanja \/ Erfassungsdatum<br \/>\n<\/strong>28.10.2014 09:33:01<\/p>\n<hr \/>\n<p><strong>Informacije<\/strong><\/p>\n<p>Bista Fulgencija Careva izme\u0111u V. i VI. postaje Puta kri\u017ea, djelo J. Gregova, predstojniku franjeva\u010dkog samostana, podignuto je 2011. godine.<\/p><\/div><\/div><div class='content-column one_half last_column'><div style=\"padding-right:0px;padding-left:6px;\"><p><strong>Stupanj za\u0161tite<\/strong><strong>\/ Schutzstellung<\/strong><\/p>\n<p>&#8211;<\/p>\n<hr \/>\n<p><strong>Info<\/strong><\/p>\n<p>Die B\u00fcste des Fulgencij Careva zwischen der V. und VI. Kreuzwegstation ist ein Werk des Paters Joachim Greg, dem Leiter des Franziskanerklosters und wurde im Jahr 2011 errichtet.<\/p><\/div><\/div><div class='clear_column'><\/div><div class='content-column one_half'><div style=\"padding-right:6px;\"><p>Natpis:<\/p>\n<p style=\"text-align: center;\">FRA FULGENCIJE CAREV<br \/>\nFRANJEVAC O.F.M.<br \/>\nKA\u0160TEL GOMILICA *1826<br \/>\nHVAR +1901<br \/>\nGVARDIJAN HVARSKOG<br \/>\nSAMOSTANA<br \/>\nPROVINCIJAL PROVINCIJE<br \/>\nSV. JERONIMA &#8211; ZADAR<br \/>\nNADBISKUP SKOPSKI &#8211; 1879<br \/>\nBISKUP<br \/>\nHVARSKO-BRA\u010cKO-VI\u0160KI &#8211; 1889<\/p><\/div><\/div><div class='content-column one_half last_column'><div style=\"padding-right:0px;padding-left:6px;\"><p>Inschrift:<\/p>\n<p style=\"text-align: center;\">Pater Fulgencio Carev<br \/>\nFranziskaner O.F.M.<br \/>\n*1826 Ka\u0161tel Gomilica<br \/>\n+1901 Hvar<br \/>\nVorstand des Hvarer<br \/>\nKlosers<br \/>\nProvinzial der Provinz<br \/>\nSv. Jerome in Zadar<br \/>\n1879 Erzbischof von Skopje<br \/>\nBischof<br \/>\nvon Hvar-Brac-Vis 1889<\/p><\/div><\/div><div class='clear_column'><\/div><\/p>\n<p style=\"text-align: right;\"><span style=\"color: #3366ff;\"><a style=\"color: #3366ff;\" href=\"#seite_oben\">natrag na vrh \/ Seitenanfang<\/a><\/span><\/p>\n<hr \/>\n<p><strong>Linkovi \/ Links<\/strong><\/p>\n<p><span style=\"color: #3366ff;\">&#8211;<\/span><\/p>\n","protected":false},"excerpt":{"rendered":"<p>Ime \/ Name Bista \u00bbFra Fulgencije Carev\u00ab \/ B\u00fcste des\u00a0Fra Fulgencije Carev Code: HV-MO-02\u00a0 \u00a0 \u00a0 \u00a0 \u00a0 \u00a0 \u00a0 \u00a0 \u00a0 \u00a0 \u00a0 \u00a0 \u00a0 \u00a0 \u00a0 \u00a0 \u00a0 \u00a0 \u00a0 \u00a0 Adresa \/ Adresse Grad Hvar,\u00a0\u0160etali\u0161te put Kri\u017ea &hellip; <a href=\"https:\/\/www.topohvar.at\/topo\/orte\/hv\/hv-mo-02-1\/\">Weiterlesen <span class=\"meta-nav\">&rarr;<\/span><\/a><\/p>\n","protected":false},"author":1,"featured_media":0,"parent":80,"menu_order":0,"comment_status":"closed","ping_status":"closed","template":"","meta":{"footnotes":""},"class_list":["post-14870","page","type-page","status-publish","hentry"],"_links":{"self":[{"href":"https:\/\/www.topohvar.at\/topo\/wp-json\/wp\/v2\/pages\/14870","targetHints":{"allow":["GET"]}}],"collection":[{"href":"https:\/\/www.topohvar.at\/topo\/wp-json\/wp\/v2\/pages"}],"about":[{"href":"https:\/\/www.topohvar.at\/topo\/wp-json\/wp\/v2\/types\/page"}],"author":[{"embeddable":true,"href":"https:\/\/www.topohvar.at\/topo\/wp-json\/wp\/v2\/users\/1"}],"replies":[{"embeddable":true,"href":"https:\/\/www.topohvar.at\/topo\/wp-json\/wp\/v2\/comments?post=14870"}],"version-history":[{"count":9,"href":"https:\/\/www.topohvar.at\/topo\/wp-json\/wp\/v2\/pages\/14870\/revisions"}],"predecessor-version":[{"id":53633,"href":"https:\/\/www.topohvar.at\/topo\/wp-json\/wp\/v2\/pages\/14870\/revisions\/53633"}],"up":[{"embeddable":true,"href":"https:\/\/www.topohvar.at\/topo\/wp-json\/wp\/v2\/pages\/80"}],"wp:attachment":[{"href":"https:\/\/www.topohvar.at\/topo\/wp-json\/wp\/v2\/media?parent=14870"}],"curies":[{"name":"wp","href":"https:\/\/api.w.org\/{rel}","templated":true}]}}

<p><a name="seite_oben"></a><br />
<img loading="lazy" decoding="async" class="alignnone wp-image-14843 size-large" src="https://www.topohvar.at/wp-content/uploads/2019/01/HV-MO-02-1-1024x503.jpg" alt="" width="640" height="314" srcset="https://www.topohvar.at/wp-content/uploads/2019/01/HV-MO-02-1-1024x503.jpg 1024w, https://www.topohvar.at/wp-content/uploads/2019/01/HV-MO-02-1-300x147.jpg 300w, https://www.topohvar.at/wp-content/uploads/2019/01/HV-MO-02-1-768x377.jpg 768w, https://www.topohvar.at/wp-content/uploads/2019/01/HV-MO-02-1.jpg 1080w" sizes="auto, (max-width: 640px) 100vw, 640px" /></p>
<p><strong>Ime / Name<br />
</strong>Bista »Fra Fulgencije Carev« / Büste des Fra Fulgencije Carev</p>
<p><strong>Code: </strong>HV-MO-02                                     <strong><a href="https://www.topohvar.at/orte/hv/hv-mo-04-1/"><img loading="lazy" decoding="async" class="alignnone wp-image-533 size-full" src="https://www.topohvar.at/wp-content/uploads/2018/07/push-l-30.jpg" alt="" width="61" height="30" /></a> <a href="https://www.topohvar.at/orte/hv/"><img loading="lazy" decoding="async" class="alignnone wp-image-535 size-full" src="https://www.topohvar.at/wp-content/uploads/2018/07/push-o-30.jpg" alt="" width="61" height="30" /></a> <a href="https://www.topohvar.at/orte/hv/hv-mo-13-1/"><img loading="lazy" decoding="async" class="alignnone wp-image-536 size-full" src="https://www.topohvar.at/wp-content/uploads/2018/07/push-r-30.jpg" alt="" width="61" height="30" /></a> </strong></p>
<hr />
<p><strong>Adresa / Adresse<br />
</strong>Grad Hvar, Šetalište put Križa 13</p>
<p><strong>Lokacija</strong><strong> / Position<a href="https://goo.gl/maps/JkfN5Nw8CGN3Rkw9A"><img loading="lazy" decoding="async" class="alignright wp-image-17057" src="https://www.topohvar.at/wp-content/uploads/2019/01/0287.jpg" alt="" width="134" height="100" /></a><br />
</strong><span style="color: #3366ff;"><a style="color: #3366ff;" href="https://goo.gl/maps/JkfN5Nw8CGN3Rkw9A">Latitude: N 43,16889°   Longitude: E 16,44345°</a> </span><strong><br />
</strong>Visina / Höhe: 3 m</p>
<p><strong>Katastarska </strong><strong>č</strong><strong>estica </strong><strong>/ Grundstücke<br />
</strong>519/4<div class='content-column one_half'><div style="padding-right:6px;"><p><strong>Datum snimanja / Erfassungsdatum<br />
</strong>28.10.2014 09:33:01</p>
<hr />
<p><strong>Informacije</strong></p>
<p>Bista Fulgencija Careva između V. i VI. postaje Puta križa, djelo J. Gregova, predstojniku franjevačkog samostana, podignuto je 2011. godine.</p></div></div><div class='content-column one_half last_column'><div style="padding-right:0px;padding-left:6px;"><p><strong>Stupanj zaštite</strong><strong>/ Schutzstellung</strong></p>
<p>&#8211;</p>
<hr />
<p><strong>Info</strong></p>
<p>Die Büste des Fulgencij Careva zwischen der V. und VI. Kreuzwegstation ist ein Werk des Paters Joachim Greg, dem Leiter des Franziskanerklosters und wurde im Jahr 2011 errichtet.</p></div></div><div class='clear_column'></div><div class='content-column one_half'><div style="padding-right:6px;"><p>Natpis:</p>
<p style="text-align: center;">FRA FULGENCIJE CAREV<br />
FRANJEVAC O.F.M.<br />
KAŠTEL GOMILICA *1826<br />
HVAR +1901<br />
GVARDIJAN HVARSKOG<br />
SAMOSTANA<br />
PROVINCIJAL PROVINCIJE<br />
SV. JERONIMA &#8211; ZADAR<br />
NADBISKUP SKOPSKI &#8211; 1879<br />
BISKUP<br />
HVARSKO-BRAČKO-VIŠKI &#8211; 1889</p></div></div><div class='content-column one_half last_column'><div style="padding-right:0px;padding-left:6px;"><p>Inschrift:</p>
<p style="text-align: center;">Pater Fulgencio Carev<br />
Franziskaner O.F.M.<br />
*1826 Kaštel Gomilica<br />
+1901 Hvar<br />
Vorstand des Hvarer<br />
Klosers<br />
Provinzial der Provinz<br />
Sv. Jerome in Zadar<br />
1879 Erzbischof von Skopje<br />
Bischof<br />
von Hvar-Brac-Vis 1889</p></div></div><div class='clear_column'></div></p>
<p style="text-align: right;"><span style="color: #3366ff;"><a style="color: #3366ff;" href="#seite_oben">natrag na vrh / Seitenanfang</a></span></p>
<hr />
<p><strong>Linkovi / Links</strong></p>
<p><span style="color: #3366ff;">&#8211;</span></p>

<p>Ime / Name Bista »Fra Fulgencije Carev« / Büste des Fra Fulgencije Carev Code: HV-MO-02                                        Adresa / Adresse Grad Hvar, Šetalište put Križa &hellip; <a href="https://www.topohvar.at/topo/orte/hv/hv-mo-02-1/">Weiterlesen <span class="meta-nav">&rarr;</span></a></p>
