{"id":14888,"date":"2019-01-02T07:52:01","date_gmt":"2019-01-02T06:52:01","guid":{"rendered":"https:\/\/www.topohvar.at\/?page_id=14888"},"modified":"2021-11-26T18:41:04","modified_gmt":"2021-11-26T17:41:04","slug":"hv-mo-08-1","status":"publish","type":"page","link":"https:\/\/www.topohvar.at\/topo\/orte\/hv\/hv-mo-08-1\/","title":{"rendered":"HVAR &#8211; Spomenik palim borcima i ranjenicima VIII korpusa Vojne bolnice"},"content":{"rendered":"<p><a name=\"seite_oben\"><\/a><br \/>\n<img loading=\"lazy\" decoding=\"async\" class=\"alignnone wp-image-14849 size-large\" src=\"https:\/\/www.topohvar.at\/wp-content\/uploads\/2019\/01\/hv-mo-08-1-1024x503.jpg\" alt=\"\" width=\"640\" height=\"314\" srcset=\"https:\/\/www.topohvar.at\/wp-content\/uploads\/2019\/01\/hv-mo-08-1-1024x503.jpg 1024w, https:\/\/www.topohvar.at\/wp-content\/uploads\/2019\/01\/hv-mo-08-1-300x147.jpg 300w, https:\/\/www.topohvar.at\/wp-content\/uploads\/2019\/01\/hv-mo-08-1-768x377.jpg 768w, https:\/\/www.topohvar.at\/wp-content\/uploads\/2019\/01\/hv-mo-08-1.jpg 1080w\" sizes=\"auto, (max-width: 640px) 100vw, 640px\" \/><\/p>\n<p><strong>Ime \/ Name<br \/>\n<\/strong>Spomenik palim borcima i ranjenicima VIII korpusa Vojne bolnice \/ Denkmal f\u00fcr die Gefallenen und Verwundeten des 8. Korps des Milit\u00e4rkrankenhauses<\/p>\n<p><strong>Code: <\/strong>HV-MO-08\u00a0 \u00a0 \u00a0 \u00a0 \u00a0 \u00a0 \u00a0 \u00a0 \u00a0 \u00a0 \u00a0 \u00a0 \u00a0 \u00a0 \u00a0 \u00a0 \u00a0 \u00a0 \u00a0<strong><a href=\"https:\/\/www.topohvar.at\/orte\/hv\/hv-mo-14-1\/\"><img loading=\"lazy\" decoding=\"async\" class=\"alignnone wp-image-533 size-full\" src=\"https:\/\/www.topohvar.at\/wp-content\/uploads\/2018\/07\/push-l-30.jpg\" alt=\"\" width=\"61\" height=\"30\" \/><\/a> <a href=\"https:\/\/www.topohvar.at\/orte\/hv\/\"><img loading=\"lazy\" decoding=\"async\" class=\"alignnone wp-image-535 size-full\" src=\"https:\/\/www.topohvar.at\/wp-content\/uploads\/2018\/07\/push-o-30.jpg\" alt=\"\" width=\"61\" height=\"30\" \/><\/a> <a href=\"https:\/\/www.topohvar.at\/orte\/hv\/hv-mo-07-1\/\"><img loading=\"lazy\" decoding=\"async\" class=\"alignnone wp-image-536 size-full\" src=\"https:\/\/www.topohvar.at\/wp-content\/uploads\/2018\/07\/push-r-30.jpg\" alt=\"\" width=\"61\" height=\"30\" \/><\/a>\u00a0<\/strong><\/p>\n<hr \/>\n<p><strong>Adresa \/ Adresse<br \/>\n<\/strong>Grad Hvar,\u00a0Ulica Petra Kasandri\u0107a, Baterija Andrija<\/p>\n<p><strong>Lokacija<\/strong><strong>\u00a0\/ Position<\/strong><br \/>\n<a style=\"color: #3366ff;\" href=\"https:\/\/goo.gl\/maps\/4GPF2chYuUL1bsEdA\"><img loading=\"lazy\" decoding=\"async\" class=\"alignright wp-image-17097\" src=\"https:\/\/www.topohvar.at\/wp-content\/uploads\/2019\/01\/1018.jpg\" alt=\"\" width=\"133\" height=\"100\" \/><\/a><a style=\"color: #3366ff;\" href=\"https:\/\/goo.gl\/maps\/4GPF2chYuUL1bsEdA\">Latitude: N 43,16454\u00b0\u00a0 \u00a0Longitude: E 16,44324\u00b0<\/a><br \/>\nVisina \/ H\u00f6he: 37 m<\/p>\n<p><strong>Katastarska <\/strong><strong>\u010d<\/strong><strong>estica <\/strong><strong>\/ Grundst\u00fccke<br \/>\n<\/strong>*572\/2<div class='content-column one_half'><div style=\"padding-right:6px;\"><p><strong>Datum snimanja \/ Erfassungsdatum<br \/>\n<\/strong>19.02.2015 10:47:59<\/p>\n<hr \/>\n<p><strong>Informacije<\/strong><\/p>\n<p>Spomenik na groblju boraca i ranjenika VIII korpusa Vojne bolnice, nalazi se na ju\u017enoj strani vojne baterije na Kri\u017enom ratu i u Hvaru.<\/p><\/div><\/div><div class='content-column one_half last_column'><div style=\"padding-right:0px;padding-left:6px;\"><p><strong>Stupanj za\u0161tite<\/strong><strong> \/ Schutzstellung<br \/>\n<\/strong>RST-0809<strong><br \/>\n<\/strong><\/p>\n<hr \/>\n<p><strong>Info<\/strong><\/p>\n<p>Ein Denkmal f\u00fcr den Friedhof des VIII. Armeekorps des Milit\u00e4rkrankenhauses befindet sich auf der S\u00fcdseite der Milit\u00e4rbatterie \u201ebeim Kap Kreuz\u201c in Hvar.<\/p><\/div><\/div><div class='clear_column'><\/div><div class='content-column one_half'><div style=\"padding-right:6px;\"><p>Spomenik od bijelog kamena izra\u0111en je u obliku obeliska na \u010detvrtastom postolju. Zavr\u0161etak obeliska oblikovan je kao topovsko tane upereno uvis na \u010dijoj ju\u017enoj strani je urezan grb Federativne Narodne Republike Jugoslavije. Na vrhu cijele kompozicije je zvijezda petokraka. Natpisi koji evociraju uspomenu palim borcima su na ju\u017enoj i sjevernoj strani obeliska, te na isto\u010dnoj strani postamenta.<\/p><\/div><\/div><div class='content-column one_half last_column'><div style=\"padding-right:0px;padding-left:6px;\"><p>Das wei\u00dfe Steinmonument in Form eines Obelisk steht auf einem quadratischen Sockel. Der obere Teil des Obelisk hat die Form eines kanonenf\u00f6rmigen Gescho\u00dfes, auf dessen S\u00fcdseite sich ein Wappen der Bundesrepublik Jugoslawien befindet. Auf der Spitze ist ein f\u00fcnfzackiger Stern. An S\u00fcd- und Nordseite des Obelisk sowie an der Ostseite des Sockels befinden sich Inschriften die an die Gefallenen erinnern.<\/p><\/div><\/div><div class='clear_column'><\/div><div class='content-column one_half'><div style=\"padding-right:6px;\"><p>Spomeniik je izradio aikademski kipar \u0160ime Dujmovi\u0107 iz Hvara. Prnd stavlja jedan od najstarijih spomenika Revolucije na teritoriji Hrvatske. Postavljen je 14. VIII 1945. godine od strane osoblja i radnika Vojne bolnice VIII korpusa NOV-a Jugoslavije.<\/p><\/div><\/div><div class='content-column one_half last_column'><div style=\"padding-right:0px;padding-left:6px;\"><p>Das Denkmal wurde vom akademischen Bildhauer \u0160ime Dujmovi\u0107 aus Hvar geschaffen. Es stellt eines der \u00e4ltesten Monumente der Revolution auf kroatischem Territorium dar und wurde am 14.8.1945 von Angestellten und Arbeitern des Milit\u00e4rkrankenhauses des VIII Korps des nationalen Befreiungskampfes Jugoslawiens errichtet.<\/p><\/div><\/div><div class='clear_column'><\/div><div class='content-column one_half'><div style=\"padding-right:6px;\"><p>Posmrtni ostaci boraca ukopanih na ovom groblju, preneseni su 1948. godine u grobnicu palih boraca na mjesnom groblju u Hvaru, \u0161to je obilje\u017eena plo\u010dom na ulazu u vojnu baterijru.<\/p><\/div><\/div><div class='content-column one_half last_column'><div style=\"padding-right:0px;padding-left:6px;\"><p>Die \u00dcberreste der Soldaten, die auf diesem Friedhof begraben waren, wurden 1948 in das Grab der Gefallenen auf dem st\u00e4dtischen Friedhof in Hvar \u00fcberf\u00fchrt, wie auf einer Gedenktafel am Eingang der Batterie vermerkt war.<\/p><\/div><\/div><div class='clear_column'><\/div><div class='content-column one_half'><div style=\"padding-right:6px;\"><p>Natpis &#8211; sjeverna strana obeliska:<\/p>\n<p style=\"text-align: center;\">POKLONIMO SE<br \/>\nSVIM SVIJETLI<br \/>\nGROBOVIMA<br \/>\nPALIH NAM<br \/>\nJUNAKA<br \/>\nZA IDEALE<br \/>\nPRAVDE<br \/>\nOD 1941-1945. G.<\/p><\/div><\/div><div class='content-column one_half last_column'><div style=\"padding-right:0px;padding-left:6px;\"><p>Inschrift &#8211; Nordseite des Obelisk:<\/p>\n<p style=\"text-align: center;\">Lasst uns<br \/>\nverneigen vor<br \/>\nallen gl\u00e4nzenden Gr\u00e4bern<br \/>\nunserer gefallenen<br \/>\nHelden<br \/>\nf\u00fcr ihre Ideale<br \/>\nder Gerechtigkeit<br \/>\nvon 1941 bis 1945<\/p><\/div><\/div><div class='clear_column'><\/div><div class='content-column one_half'><div style=\"padding-right:6px;\"><p>Natpis &#8211; ju\u017ena strana obeliska:<\/p>\n<p style=\"text-align: left; padding-left: 120px;\">VJE\u010cNA<br \/>\n<span style=\"color: #ffffff;\">.\u00a0<\/span> \u00a0 \u00a0SLAVA<br \/>\n<span style=\"color: #ffffff;\">.\u00a0<\/span> \u00a0 \u00a0 \u00a0 \u00a0 PALIM<br \/>\n<span style=\"color: #ffffff;\">.\u00a0<\/span> \u00a0 \u00a0 \u00a0 \u00a0 \u00a0 \u00a0 \u00a0 TVORCIMA<br \/>\nDEMOKRATSKE<br \/>\nFEDERATIVNE<br \/>\nJUGOSLAVIJE<\/p><\/div><\/div><div class='content-column one_half last_column'><div style=\"padding-right:0px;padding-left:6px;\"><p>Inschrift &#8211; S\u00fcdseite des Obelisk:<\/p>\n<p style=\"padding-left: 120px;\">Ewiger<br \/>\n<span style=\"color: #ffffff;\">.<\/span>\u00a0 \u00a0Ruhm<br \/>\n<span style=\"color: #ffffff;\">.\u00a0<\/span> \u00a0 \u00a0 \u00a0 den gefallenen<br \/>\n<span style=\"color: #ffffff;\">.\u00a0<\/span> \u00a0 \u00a0 \u00a0 \u00a0 \u00a0 \u00a0Sch\u00f6pfern<br \/>\nder demokratischen<br \/>\nF\u00f6deration<br \/>\nJugoslawien<\/p><\/div><\/div><div class='clear_column'><\/div><div class='content-column one_half'><div style=\"padding-right:6px;\"><p>Natpis &#8211; isto\u010dna strana postamenta:<\/p>\n<p style=\"text-align: center;\">VAMA KOJI STE PALI ZA<br \/>\nNA\u0160U SRETNIJU BUDU\u010cNOST,<br \/>\nPODI\u017dEMO SPOMENIK!<br \/>\nOSOBLJE I RANJENICI<br \/>\nVOJNE BOLNIC<br \/>\nHVAR, 14. VIII 1945.<\/p><\/div><\/div><div class='content-column one_half last_column'><div style=\"padding-right:0px;padding-left:6px;\"><p>Inschrift &#8211; Ostseite des Postaments:<\/p>\n<p style=\"text-align: center;\">F\u00fcr euch, die ihr gefallen seid<br \/>\nf\u00fcr unsere gl\u00fccklichere Zukunft,<br \/>\nhaben wir dieses Denkmal errichtet!<br \/>\nPersonal und Verwundete<br \/>\ndes Milit\u00e4rkrankenhauses.<br \/>\nHvar, 14. August 1945.<\/p><\/div><\/div><div class='clear_column'><\/div><\/p>\n<p style=\"text-align: right;\"><span style=\"color: #3366ff;\"><a style=\"color: #3366ff;\" href=\"#seite_oben\">natrag na vrh \/ Seitenanfang<\/a><\/span><\/p>\n<hr \/>\n<p><strong>Linkovi \/ Links<\/strong><\/p>\n<p><span style=\"color: #3366ff;\"><a style=\"color: #3366ff;\" href=\"https:\/\/www.topohvar.at\/orte\/hv\/hv-td-09-1\/\">Tvr\u0111ava \u00bbBaterija Andreas na Kri\u017enome ratu\u00ab \/ Festung &#8211; Batterie Andreas am Kreuzkap<\/a> <\/span><\/p>\n","protected":false},"excerpt":{"rendered":"<p>Ime \/ Name Spomenik palim borcima i ranjenicima VIII korpusa Vojne bolnice \/ Denkmal f\u00fcr die Gefallenen und Verwundeten des 8. Korps des Milit\u00e4rkrankenhauses Code: HV-MO-08\u00a0 \u00a0 \u00a0 \u00a0 \u00a0 \u00a0 \u00a0 \u00a0 \u00a0 \u00a0 \u00a0 \u00a0 \u00a0 \u00a0 \u00a0 &hellip; <a href=\"https:\/\/www.topohvar.at\/topo\/orte\/hv\/hv-mo-08-1\/\">Weiterlesen <span class=\"meta-nav\">&rarr;<\/span><\/a><\/p>\n","protected":false},"author":1,"featured_media":0,"parent":80,"menu_order":0,"comment_status":"closed","ping_status":"closed","template":"","meta":{"footnotes":""},"class_list":["post-14888","page","type-page","status-publish","hentry"],"_links":{"self":[{"href":"https:\/\/www.topohvar.at\/topo\/wp-json\/wp\/v2\/pages\/14888","targetHints":{"allow":["GET"]}}],"collection":[{"href":"https:\/\/www.topohvar.at\/topo\/wp-json\/wp\/v2\/pages"}],"about":[{"href":"https:\/\/www.topohvar.at\/topo\/wp-json\/wp\/v2\/types\/page"}],"author":[{"embeddable":true,"href":"https:\/\/www.topohvar.at\/topo\/wp-json\/wp\/v2\/users\/1"}],"replies":[{"embeddable":true,"href":"https:\/\/www.topohvar.at\/topo\/wp-json\/wp\/v2\/comments?post=14888"}],"version-history":[{"count":13,"href":"https:\/\/www.topohvar.at\/topo\/wp-json\/wp\/v2\/pages\/14888\/revisions"}],"predecessor-version":[{"id":53645,"href":"https:\/\/www.topohvar.at\/topo\/wp-json\/wp\/v2\/pages\/14888\/revisions\/53645"}],"up":[{"embeddable":true,"href":"https:\/\/www.topohvar.at\/topo\/wp-json\/wp\/v2\/pages\/80"}],"wp:attachment":[{"href":"https:\/\/www.topohvar.at\/topo\/wp-json\/wp\/v2\/media?parent=14888"}],"curies":[{"name":"wp","href":"https:\/\/api.w.org\/{rel}","templated":true}]}}

<p><a name="seite_oben"></a><br />
<img loading="lazy" decoding="async" class="alignnone wp-image-14849 size-large" src="https://www.topohvar.at/wp-content/uploads/2019/01/hv-mo-08-1-1024x503.jpg" alt="" width="640" height="314" srcset="https://www.topohvar.at/wp-content/uploads/2019/01/hv-mo-08-1-1024x503.jpg 1024w, https://www.topohvar.at/wp-content/uploads/2019/01/hv-mo-08-1-300x147.jpg 300w, https://www.topohvar.at/wp-content/uploads/2019/01/hv-mo-08-1-768x377.jpg 768w, https://www.topohvar.at/wp-content/uploads/2019/01/hv-mo-08-1.jpg 1080w" sizes="auto, (max-width: 640px) 100vw, 640px" /></p>
<p><strong>Ime / Name<br />
</strong>Spomenik palim borcima i ranjenicima VIII korpusa Vojne bolnice / Denkmal für die Gefallenen und Verwundeten des 8. Korps des Militärkrankenhauses</p>
<p><strong>Code: </strong>HV-MO-08                                     <strong><a href="https://www.topohvar.at/orte/hv/hv-mo-14-1/"><img loading="lazy" decoding="async" class="alignnone wp-image-533 size-full" src="https://www.topohvar.at/wp-content/uploads/2018/07/push-l-30.jpg" alt="" width="61" height="30" /></a> <a href="https://www.topohvar.at/orte/hv/"><img loading="lazy" decoding="async" class="alignnone wp-image-535 size-full" src="https://www.topohvar.at/wp-content/uploads/2018/07/push-o-30.jpg" alt="" width="61" height="30" /></a> <a href="https://www.topohvar.at/orte/hv/hv-mo-07-1/"><img loading="lazy" decoding="async" class="alignnone wp-image-536 size-full" src="https://www.topohvar.at/wp-content/uploads/2018/07/push-r-30.jpg" alt="" width="61" height="30" /></a> </strong></p>
<hr />
<p><strong>Adresa / Adresse<br />
</strong>Grad Hvar, Ulica Petra Kasandrića, Baterija Andrija</p>
<p><strong>Lokacija</strong><strong> / Position</strong><br />
<a style="color: #3366ff;" href="https://goo.gl/maps/4GPF2chYuUL1bsEdA"><img loading="lazy" decoding="async" class="alignright wp-image-17097" src="https://www.topohvar.at/wp-content/uploads/2019/01/1018.jpg" alt="" width="133" height="100" /></a><a style="color: #3366ff;" href="https://goo.gl/maps/4GPF2chYuUL1bsEdA">Latitude: N 43,16454°   Longitude: E 16,44324°</a><br />
Visina / Höhe: 37 m</p>
<p><strong>Katastarska </strong><strong>č</strong><strong>estica </strong><strong>/ Grundstücke<br />
</strong>*572/2<div class='content-column one_half'><div style="padding-right:6px;"><p><strong>Datum snimanja / Erfassungsdatum<br />
</strong>19.02.2015 10:47:59</p>
<hr />
<p><strong>Informacije</strong></p>
<p>Spomenik na groblju boraca i ranjenika VIII korpusa Vojne bolnice, nalazi se na južnoj strani vojne baterije na Križnom ratu i u Hvaru.</p></div></div><div class='content-column one_half last_column'><div style="padding-right:0px;padding-left:6px;"><p><strong>Stupanj zaštite</strong><strong> / Schutzstellung<br />
</strong>RST-0809<strong><br />
</strong></p>
<hr />
<p><strong>Info</strong></p>
<p>Ein Denkmal für den Friedhof des VIII. Armeekorps des Militärkrankenhauses befindet sich auf der Südseite der Militärbatterie „beim Kap Kreuz“ in Hvar.</p></div></div><div class='clear_column'></div><div class='content-column one_half'><div style="padding-right:6px;"><p>Spomenik od bijelog kamena izrađen je u obliku obeliska na četvrtastom postolju. Završetak obeliska oblikovan je kao topovsko tane upereno uvis na čijoj južnoj strani je urezan grb Federativne Narodne Republike Jugoslavije. Na vrhu cijele kompozicije je zvijezda petokraka. Natpisi koji evociraju uspomenu palim borcima su na južnoj i sjevernoj strani obeliska, te na istočnoj strani postamenta.</p></div></div><div class='content-column one_half last_column'><div style="padding-right:0px;padding-left:6px;"><p>Das weiße Steinmonument in Form eines Obelisk steht auf einem quadratischen Sockel. Der obere Teil des Obelisk hat die Form eines kanonenförmigen Geschoßes, auf dessen Südseite sich ein Wappen der Bundesrepublik Jugoslawien befindet. Auf der Spitze ist ein fünfzackiger Stern. An Süd- und Nordseite des Obelisk sowie an der Ostseite des Sockels befinden sich Inschriften die an die Gefallenen erinnern.</p></div></div><div class='clear_column'></div><div class='content-column one_half'><div style="padding-right:6px;"><p>Spomeniik je izradio aikademski kipar Šime Dujmović iz Hvara. Prnd stavlja jedan od najstarijih spomenika Revolucije na teritoriji Hrvatske. Postavljen je 14. VIII 1945. godine od strane osoblja i radnika Vojne bolnice VIII korpusa NOV-a Jugoslavije.</p></div></div><div class='content-column one_half last_column'><div style="padding-right:0px;padding-left:6px;"><p>Das Denkmal wurde vom akademischen Bildhauer Šime Dujmović aus Hvar geschaffen. Es stellt eines der ältesten Monumente der Revolution auf kroatischem Territorium dar und wurde am 14.8.1945 von Angestellten und Arbeitern des Militärkrankenhauses des VIII Korps des nationalen Befreiungskampfes Jugoslawiens errichtet.</p></div></div><div class='clear_column'></div><div class='content-column one_half'><div style="padding-right:6px;"><p>Posmrtni ostaci boraca ukopanih na ovom groblju, preneseni su 1948. godine u grobnicu palih boraca na mjesnom groblju u Hvaru, što je obilježena pločom na ulazu u vojnu baterijru.</p></div></div><div class='content-column one_half last_column'><div style="padding-right:0px;padding-left:6px;"><p>Die Überreste der Soldaten, die auf diesem Friedhof begraben waren, wurden 1948 in das Grab der Gefallenen auf dem städtischen Friedhof in Hvar überführt, wie auf einer Gedenktafel am Eingang der Batterie vermerkt war.</p></div></div><div class='clear_column'></div><div class='content-column one_half'><div style="padding-right:6px;"><p>Natpis &#8211; sjeverna strana obeliska:</p>
<p style="text-align: center;">POKLONIMO SE<br />
SVIM SVIJETLI<br />
GROBOVIMA<br />
PALIH NAM<br />
JUNAKA<br />
ZA IDEALE<br />
PRAVDE<br />
OD 1941-1945. G.</p></div></div><div class='content-column one_half last_column'><div style="padding-right:0px;padding-left:6px;"><p>Inschrift &#8211; Nordseite des Obelisk:</p>
<p style="text-align: center;">Lasst uns<br />
verneigen vor<br />
allen glänzenden Gräbern<br />
unserer gefallenen<br />
Helden<br />
für ihre Ideale<br />
der Gerechtigkeit<br />
von 1941 bis 1945</p></div></div><div class='clear_column'></div><div class='content-column one_half'><div style="padding-right:6px;"><p>Natpis &#8211; južna strana obeliska:</p>
<p style="text-align: left; padding-left: 120px;">VJEČNA<br />
<span style="color: #ffffff;">. </span>    SLAVA<br />
<span style="color: #ffffff;">. </span>         PALIM<br />
<span style="color: #ffffff;">. </span>               TVORCIMA<br />
DEMOKRATSKE<br />
FEDERATIVNE<br />
JUGOSLAVIJE</p></div></div><div class='content-column one_half last_column'><div style="padding-right:0px;padding-left:6px;"><p>Inschrift &#8211; Südseite des Obelisk:</p>
<p style="padding-left: 120px;">Ewiger<br />
<span style="color: #ffffff;">.</span>   Ruhm<br />
<span style="color: #ffffff;">. </span>       den gefallenen<br />
<span style="color: #ffffff;">. </span>            Schöpfern<br />
der demokratischen<br />
Föderation<br />
Jugoslawien</p></div></div><div class='clear_column'></div><div class='content-column one_half'><div style="padding-right:6px;"><p>Natpis &#8211; istočna strana postamenta:</p>
<p style="text-align: center;">VAMA KOJI STE PALI ZA<br />
NAŠU SRETNIJU BUDUČNOST,<br />
PODIŽEMO SPOMENIK!<br />
OSOBLJE I RANJENICI<br />
VOJNE BOLNIC<br />
HVAR, 14. VIII 1945.</p></div></div><div class='content-column one_half last_column'><div style="padding-right:0px;padding-left:6px;"><p>Inschrift &#8211; Ostseite des Postaments:</p>
<p style="text-align: center;">Für euch, die ihr gefallen seid<br />
für unsere glücklichere Zukunft,<br />
haben wir dieses Denkmal errichtet!<br />
Personal und Verwundete<br />
des Militärkrankenhauses.<br />
Hvar, 14. August 1945.</p></div></div><div class='clear_column'></div></p>
<p style="text-align: right;"><span style="color: #3366ff;"><a style="color: #3366ff;" href="#seite_oben">natrag na vrh / Seitenanfang</a></span></p>
<hr />
<p><strong>Linkovi / Links</strong></p>
<p><span style="color: #3366ff;"><a style="color: #3366ff;" href="https://www.topohvar.at/orte/hv/hv-td-09-1/">Tvrđava »Baterija Andreas na Križnome ratu« / Festung &#8211; Batterie Andreas am Kreuzkap</a> </span></p>

<p>Ime / Name Spomenik palim borcima i ranjenicima VIII korpusa Vojne bolnice / Denkmal für die Gefallenen und Verwundeten des 8. Korps des Militärkrankenhauses Code: HV-MO-08                              &hellip; <a href="https://www.topohvar.at/topo/orte/hv/hv-mo-08-1/">Weiterlesen <span class="meta-nav">&rarr;</span></a></p>
