{"id":15019,"date":"2019-01-02T18:22:35","date_gmt":"2019-01-02T17:22:35","guid":{"rendered":"https:\/\/www.topohvar.at\/?page_id=15019"},"modified":"2022-01-22T12:43:58","modified_gmt":"2022-01-22T11:43:58","slug":"hv-ov-03-1","status":"publish","type":"page","link":"https:\/\/www.topohvar.at\/topo\/orte\/hv\/hv-ov-03-1\/","title":{"rendered":"HVAR &#8211; Objekt \u00bbPark \u0160umica\u00ab"},"content":{"rendered":"<p><a name=\"seite_oben\"><\/a><br \/>\n<img loading=\"lazy\" decoding=\"async\" class=\"alignnone wp-image-15015 size-large\" src=\"https:\/\/www.topohvar.at\/wp-content\/uploads\/2019\/01\/hv-ov-03-1-1024x503.jpg\" alt=\"\" width=\"640\" height=\"314\" srcset=\"https:\/\/www.topohvar.at\/wp-content\/uploads\/2019\/01\/hv-ov-03-1-1024x503.jpg 1024w, https:\/\/www.topohvar.at\/wp-content\/uploads\/2019\/01\/hv-ov-03-1-300x147.jpg 300w, https:\/\/www.topohvar.at\/wp-content\/uploads\/2019\/01\/hv-ov-03-1-768x377.jpg 768w, https:\/\/www.topohvar.at\/wp-content\/uploads\/2019\/01\/hv-ov-03-1.jpg 1080w\" sizes=\"auto, (max-width: 640px) 100vw, 640px\" \/><\/p>\n<p><strong>Ime \/ Name<br \/>\n<\/strong>Objekt \u00bbPark \u0160umica\u00ab<\/p>\n<p><strong>Code: <\/strong>HV-OV-03\u00a0 \u00a0 \u00a0 \u00a0 \u00a0 \u00a0 \u00a0 \u00a0 \u00a0 \u00a0 \u00a0 \u00a0 \u00a0 \u00a0 \u00a0 \u00a0 \u00a0 \u00a0\u00a0<a href=\"https:\/\/www.topohvar.at\/hv-os-04-1\/\"><img loading=\"lazy\" decoding=\"async\" class=\"alignnone wp-image-12300 size-full\" src=\"https:\/\/www.topohvar.at\/wp-content\/uploads\/2018\/09\/push-vor-30.jpg\" alt=\"\" width=\"61\" height=\"30\" \/><\/a>\u00a0<strong><a href=\"https:\/\/www.topohvar.at\/orte\/hv\/hv-ov-04-1\/\"><img loading=\"lazy\" decoding=\"async\" class=\"alignnone wp-image-533 size-full\" src=\"https:\/\/www.topohvar.at\/wp-content\/uploads\/2018\/07\/push-l-30.jpg\" alt=\"\" width=\"61\" height=\"30\" \/><\/a> <a href=\"https:\/\/www.topohvar.at\/orte\/hv\/\"><img loading=\"lazy\" decoding=\"async\" class=\"alignnone wp-image-535 size-full\" src=\"https:\/\/www.topohvar.at\/wp-content\/uploads\/2018\/07\/push-o-30.jpg\" alt=\"\" width=\"61\" height=\"30\" \/><\/a> <a href=\"https:\/\/www.topohvar.at\/orte\/hv\/hv-ov-05-1\/\"><img loading=\"lazy\" decoding=\"async\" class=\"alignnone wp-image-536 size-full\" src=\"https:\/\/www.topohvar.at\/wp-content\/uploads\/2018\/07\/push-r-30.jpg\" alt=\"\" width=\"61\" height=\"30\" \/><\/a>\u00a0<a href=\"https:\/\/www.topohvar.at\/hv-pu-01-1\/\"><img loading=\"lazy\" decoding=\"async\" class=\"alignnone wp-image-12299 size-full\" src=\"https:\/\/www.topohvar.at\/wp-content\/uploads\/2018\/09\/push-next-30.jpg\" alt=\"\" width=\"61\" height=\"30\" \/><\/a><\/strong><\/p>\n<hr \/>\n<p><strong>Adresa \/ Adresse<br \/>\n<\/strong>Grad Hvar,\u00a0\u0160etali\u0161te Tonija Petri\u0107a, Park \u0160umica<\/p>\n<p><strong>Lokacija \/ Position<a href=\"https:\/\/goo.gl\/maps\/M1vW4miUTZ1qB2769\"><img loading=\"lazy\" decoding=\"async\" class=\"alignright wp-image-17344\" src=\"https:\/\/www.topohvar.at\/wp-content\/uploads\/2019\/01\/1443-1024x768.png\" alt=\"\" width=\"133\" height=\"100\" srcset=\"https:\/\/www.topohvar.at\/wp-content\/uploads\/2019\/01\/1443-1024x768.png 1024w, https:\/\/www.topohvar.at\/wp-content\/uploads\/2019\/01\/1443-300x225.png 300w, https:\/\/www.topohvar.at\/wp-content\/uploads\/2019\/01\/1443-768x576.png 768w, https:\/\/www.topohvar.at\/wp-content\/uploads\/2019\/01\/1443.png 1763w\" sizes=\"auto, (max-width: 133px) 100vw, 133px\" \/><\/a><br \/>\n<\/strong><span style=\"color: #3366ff;\"><a style=\"color: #3366ff;\" href=\"https:\/\/goo.gl\/maps\/M1vW4miUTZ1qB2769\">Latitude: N 43,17023\u00b0\u00a0 \u00a0Longitude: E 16,43755\u00b0<\/a> <\/span><strong><br \/>\n<\/strong>Visina \/ H\u00f6he: 10 m<\/p>\n<p><strong>Katastarska <\/strong><strong>\u010d<\/strong><strong>estica <\/strong><strong>\/ Grundst\u00fccke<br \/>\n<\/strong>167<div class='content-column one_half'><div style=\"padding-right:6px;\"><p><strong>Datum snimanja \/ Erfassungsdatum<br \/>\n<\/strong>27.02.2017 09:53:00<\/p>\n<hr \/>\n<p><strong>Informacije<\/strong><\/p>\n<p>Hvarska \u0160umica je prvenstveno javni prostor, nastao spontano, po\u0161umljavanjem golog poluotoka i kasnijim ure\u0111enjem u park za rekreaciju gostiju, koji su jo\u0161 daleke 1868. po\u010deli posje\u0107ivati Hvar.<\/p><\/div><\/div><div class='content-column one_half last_column'><div style=\"padding-right:0px;padding-left:6px;\"><p><strong>Stupanj za\u0161tite<\/strong><strong> \/ Schutzstellung<br \/>\n<\/strong>&#8211;<\/p>\n<hr \/>\n<p><strong>Info<\/strong><\/p>\n<p>Der Park \u0160umica ist in erster Linie ein \u00f6ffentlicher Raum, der spontan angelegt wurde, um die Halbinsel aufzuforsten und sp\u00e4ter einen Erholungspark f\u00fcr G\u00e4ste zu schaffen, die 1868 noch weit davon entfernt waren Hvar zu besuchen.<\/p><\/div><\/div><div class='clear_column'><\/div><div class='content-column one_half'><div style=\"padding-right:6px;\"><p>Prostor je izuzetne simbioze prirodne (park), kulturne (Venjeranda) i rekreacijske funkcije (Bonj &#8211; gradsko kupali\u0161te i Mola) funkcije.<\/p><\/div><\/div><div class='content-column one_half last_column'><div style=\"padding-right:0px;padding-left:6px;\"><p>Der Raum besteht aus einer au\u00dfergew\u00f6hnlichen Symbiose aus dem Nat\u00fcrlichen (Park), des Kulturellen (Venjeranda) und des Freizeitbereichs (Bonj &#8211; Stadtbad und Mola).<\/p><\/div><\/div><div class='clear_column'><\/div><div class='content-column one_half'><div style=\"padding-right:6px;\"><p>Minigolf je nastao krajem \u0161ezdesetih godina pro\u0161log stolje\u0107a.<\/p><\/div><\/div><div class='content-column one_half last_column'><div style=\"padding-right:0px;padding-left:6px;\"><p>Der Minigolfplatz wurde Ende der 1960er Jahre angelegt.<\/p><\/div><\/div><div class='clear_column'><\/div><\/p>\n<p style=\"text-align: right;\"><span style=\"color: #3366ff;\"><a style=\"color: #3366ff;\" href=\"#seite_oben\">natrag na vrh \/ Seitenanfang<\/a><\/span><\/p>\n<hr \/>\n<p><strong>Linkovi \/ Links<\/strong><\/p>\n<p><span style=\"color: #3366ff;\"><a style=\"color: #3366ff;\" href=\"https:\/\/www.topohvar.at\/orte\/hv\/hv-td-14-1\/\">Biv\u0161a tvr\u0111ava \/ ehemalige Festung Venerande<\/a><br \/>\n<a style=\"color: #3366ff;\" href=\"https:\/\/www.topohvar.at\/topo\/orte\/hv\/hv-td-15-1\/\">Biv\u0161a tvr\u0111ava \u00bbRotonda, Gospine bitnice\u00ab \/ ehemalige Festung &#8211; Rotonda, Batterie der Madonna<\/a><\/span><br \/>\n<span style=\"color: #3366ff;\"><a style=\"color: #3366ff;\" href=\"https:\/\/www.topohvar.at\/orte\/hv\/hv-tg-a0-1\/\">Zgrada \u00bbVjetrenja\u010da kod Venerande\u00ab \/ Windm\u00fchle bei Venerande<\/a>\u00a0<\/span><\/p>\n","protected":false},"excerpt":{"rendered":"<p>Ime \/ Name Objekt \u00bbPark \u0160umica\u00ab Code: HV-OV-03\u00a0 \u00a0 \u00a0 \u00a0 \u00a0 \u00a0 \u00a0 \u00a0 \u00a0 \u00a0 \u00a0 \u00a0 \u00a0 \u00a0 \u00a0 \u00a0 \u00a0 \u00a0\u00a0\u00a0 \u00a0 Adresa \/ Adresse Grad Hvar,\u00a0\u0160etali\u0161te Tonija Petri\u0107a, Park \u0160umica Lokacija \/ Position Latitude: N &hellip; <a href=\"https:\/\/www.topohvar.at\/topo\/orte\/hv\/hv-ov-03-1\/\">Weiterlesen <span class=\"meta-nav\">&rarr;<\/span><\/a><\/p>\n","protected":false},"author":1,"featured_media":0,"parent":80,"menu_order":0,"comment_status":"closed","ping_status":"closed","template":"","meta":{"footnotes":""},"class_list":["post-15019","page","type-page","status-publish","hentry"],"_links":{"self":[{"href":"https:\/\/www.topohvar.at\/topo\/wp-json\/wp\/v2\/pages\/15019","targetHints":{"allow":["GET"]}}],"collection":[{"href":"https:\/\/www.topohvar.at\/topo\/wp-json\/wp\/v2\/pages"}],"about":[{"href":"https:\/\/www.topohvar.at\/topo\/wp-json\/wp\/v2\/types\/page"}],"author":[{"embeddable":true,"href":"https:\/\/www.topohvar.at\/topo\/wp-json\/wp\/v2\/users\/1"}],"replies":[{"embeddable":true,"href":"https:\/\/www.topohvar.at\/topo\/wp-json\/wp\/v2\/comments?post=15019"}],"version-history":[{"count":17,"href":"https:\/\/www.topohvar.at\/topo\/wp-json\/wp\/v2\/pages\/15019\/revisions"}],"predecessor-version":[{"id":56579,"href":"https:\/\/www.topohvar.at\/topo\/wp-json\/wp\/v2\/pages\/15019\/revisions\/56579"}],"up":[{"embeddable":true,"href":"https:\/\/www.topohvar.at\/topo\/wp-json\/wp\/v2\/pages\/80"}],"wp:attachment":[{"href":"https:\/\/www.topohvar.at\/topo\/wp-json\/wp\/v2\/media?parent=15019"}],"curies":[{"name":"wp","href":"https:\/\/api.w.org\/{rel}","templated":true}]}}

HVAR &#8211; Objekt »Park Šumica«

<p><a name="seite_oben"></a><br />
<img loading="lazy" decoding="async" class="alignnone wp-image-15015 size-large" src="https://www.topohvar.at/wp-content/uploads/2019/01/hv-ov-03-1-1024x503.jpg" alt="" width="640" height="314" srcset="https://www.topohvar.at/wp-content/uploads/2019/01/hv-ov-03-1-1024x503.jpg 1024w, https://www.topohvar.at/wp-content/uploads/2019/01/hv-ov-03-1-300x147.jpg 300w, https://www.topohvar.at/wp-content/uploads/2019/01/hv-ov-03-1-768x377.jpg 768w, https://www.topohvar.at/wp-content/uploads/2019/01/hv-ov-03-1.jpg 1080w" sizes="auto, (max-width: 640px) 100vw, 640px" /></p>
<p><strong>Ime / Name<br />
</strong>Objekt »Park Šumica«</p>
<p><strong>Code: </strong>HV-OV-03                                    <a href="https://www.topohvar.at/hv-os-04-1/"><img loading="lazy" decoding="async" class="alignnone wp-image-12300 size-full" src="https://www.topohvar.at/wp-content/uploads/2018/09/push-vor-30.jpg" alt="" width="61" height="30" /></a> <strong><a href="https://www.topohvar.at/orte/hv/hv-ov-04-1/"><img loading="lazy" decoding="async" class="alignnone wp-image-533 size-full" src="https://www.topohvar.at/wp-content/uploads/2018/07/push-l-30.jpg" alt="" width="61" height="30" /></a> <a href="https://www.topohvar.at/orte/hv/"><img loading="lazy" decoding="async" class="alignnone wp-image-535 size-full" src="https://www.topohvar.at/wp-content/uploads/2018/07/push-o-30.jpg" alt="" width="61" height="30" /></a> <a href="https://www.topohvar.at/orte/hv/hv-ov-05-1/"><img loading="lazy" decoding="async" class="alignnone wp-image-536 size-full" src="https://www.topohvar.at/wp-content/uploads/2018/07/push-r-30.jpg" alt="" width="61" height="30" /></a> <a href="https://www.topohvar.at/hv-pu-01-1/"><img loading="lazy" decoding="async" class="alignnone wp-image-12299 size-full" src="https://www.topohvar.at/wp-content/uploads/2018/09/push-next-30.jpg" alt="" width="61" height="30" /></a></strong></p>
<hr />
<p><strong>Adresa / Adresse<br />
</strong>Grad Hvar, Šetalište Tonija Petrića, Park Šumica</p>
<p><strong>Lokacija / Position<a href="https://goo.gl/maps/M1vW4miUTZ1qB2769"><img loading="lazy" decoding="async" class="alignright wp-image-17344" src="https://www.topohvar.at/wp-content/uploads/2019/01/1443-1024x768.png" alt="" width="133" height="100" srcset="https://www.topohvar.at/wp-content/uploads/2019/01/1443-1024x768.png 1024w, https://www.topohvar.at/wp-content/uploads/2019/01/1443-300x225.png 300w, https://www.topohvar.at/wp-content/uploads/2019/01/1443-768x576.png 768w, https://www.topohvar.at/wp-content/uploads/2019/01/1443.png 1763w" sizes="auto, (max-width: 133px) 100vw, 133px" /></a><br />
</strong><span style="color: #3366ff;"><a style="color: #3366ff;" href="https://goo.gl/maps/M1vW4miUTZ1qB2769">Latitude: N 43,17023°   Longitude: E 16,43755°</a> </span><strong><br />
</strong>Visina / Höhe: 10 m</p>
<p><strong>Katastarska </strong><strong>č</strong><strong>estica </strong><strong>/ Grundstücke<br />
</strong>167<div class='content-column one_half'><div style="padding-right:6px;"><p><strong>Datum snimanja / Erfassungsdatum<br />
</strong>27.02.2017 09:53:00</p>
<hr />
<p><strong>Informacije</strong></p>
<p>Hvarska Šumica je prvenstveno javni prostor, nastao spontano, pošumljavanjem golog poluotoka i kasnijim uređenjem u park za rekreaciju gostiju, koji su još daleke 1868. počeli posjećivati Hvar.</p></div></div><div class='content-column one_half last_column'><div style="padding-right:0px;padding-left:6px;"><p><strong>Stupanj zaštite</strong><strong> / Schutzstellung<br />
</strong>&#8211;</p>
<hr />
<p><strong>Info</strong></p>
<p>Der Park Šumica ist in erster Linie ein öffentlicher Raum, der spontan angelegt wurde, um die Halbinsel aufzuforsten und später einen Erholungspark für Gäste zu schaffen, die 1868 noch weit davon entfernt waren Hvar zu besuchen.</p></div></div><div class='clear_column'></div><div class='content-column one_half'><div style="padding-right:6px;"><p>Prostor je izuzetne simbioze prirodne (park), kulturne (Venjeranda) i rekreacijske funkcije (Bonj &#8211; gradsko kupalište i Mola) funkcije.</p></div></div><div class='content-column one_half last_column'><div style="padding-right:0px;padding-left:6px;"><p>Der Raum besteht aus einer außergewöhnlichen Symbiose aus dem Natürlichen (Park), des Kulturellen (Venjeranda) und des Freizeitbereichs (Bonj &#8211; Stadtbad und Mola).</p></div></div><div class='clear_column'></div><div class='content-column one_half'><div style="padding-right:6px;"><p>Minigolf je nastao krajem šezdesetih godina prošlog stoljeća.</p></div></div><div class='content-column one_half last_column'><div style="padding-right:0px;padding-left:6px;"><p>Der Minigolfplatz wurde Ende der 1960er Jahre angelegt.</p></div></div><div class='clear_column'></div></p>
<p style="text-align: right;"><span style="color: #3366ff;"><a style="color: #3366ff;" href="#seite_oben">natrag na vrh / Seitenanfang</a></span></p>
<hr />
<p><strong>Linkovi / Links</strong></p>
<p><span style="color: #3366ff;"><a style="color: #3366ff;" href="https://www.topohvar.at/orte/hv/hv-td-14-1/">Bivša tvrđava / ehemalige Festung Venerande</a><br />
<a style="color: #3366ff;" href="https://www.topohvar.at/topo/orte/hv/hv-td-15-1/">Bivša tvrđava »Rotonda, Gospine bitnice« / ehemalige Festung &#8211; Rotonda, Batterie der Madonna</a></span><br />
<span style="color: #3366ff;"><a style="color: #3366ff;" href="https://www.topohvar.at/orte/hv/hv-tg-a0-1/">Zgrada »Vjetrenjača kod Venerande« / Windmühle bei Venerande</a> </span></p>

<p>Ime / Name Objekt »Park Šumica« Code: HV-OV-03                                        Adresa / Adresse Grad Hvar, Šetalište Tonija Petrića, Park Šumica Lokacija / Position Latitude: N &hellip; <a href="https://www.topohvar.at/topo/orte/hv/hv-ov-03-1/">Weiterlesen <span class="meta-nav">&rarr;</span></a></p>
