{"id":15032,"date":"2019-01-02T19:22:48","date_gmt":"2019-01-02T18:22:48","guid":{"rendered":"https:\/\/www.topohvar.at\/?page_id=15032"},"modified":"2022-11-11T18:37:46","modified_gmt":"2022-11-11T17:37:46","slug":"hv-td-01-1","status":"publish","type":"page","link":"https:\/\/www.topohvar.at\/topo\/orte\/hv\/hv-td-01-1\/","title":{"rendered":"HVAR &#8211; Utvr\u0111enje \u00bbGradske zidine\u00bb"},"content":{"rendered":"<p><a name=\"seite_oben\"><\/a><br \/>\n<img loading=\"lazy\" decoding=\"async\" class=\"alignnone wp-image-15033 size-large\" src=\"https:\/\/www.topohvar.at\/wp-content\/uploads\/2019\/01\/HV-TD-01-1-1024x503.jpg\" alt=\"\" width=\"640\" height=\"314\" srcset=\"https:\/\/www.topohvar.at\/wp-content\/uploads\/2019\/01\/HV-TD-01-1-1024x503.jpg 1024w, https:\/\/www.topohvar.at\/wp-content\/uploads\/2019\/01\/HV-TD-01-1-300x147.jpg 300w, https:\/\/www.topohvar.at\/wp-content\/uploads\/2019\/01\/HV-TD-01-1-768x377.jpg 768w, https:\/\/www.topohvar.at\/wp-content\/uploads\/2019\/01\/HV-TD-01-1.jpg 1080w\" sizes=\"auto, (max-width: 640px) 100vw, 640px\" \/><\/p>\n<p><strong>Ime \/ Name<br \/>\n<\/strong>Utvr\u0111enje \u00bbGradske zidine\u00bb \/ Stadtmauer<\/p>\n<p><strong>Code: <\/strong>HV-TD-01\u00a0 \u00a0 \u00a0 \u00a0 \u00a0 \u00a0 \u00a0 \u00a0 \u00a0 \u00a0 \u00a0 \u00a0 \u00a0 \u00a0 \u00a0 \u00a0 \u00a0 \u00a0\u00a0\u00a0<strong><a href=\"https:\/\/www.topohvar.at\/orte\/hv\/hv-td-16-1\/\"><img loading=\"lazy\" decoding=\"async\" class=\"alignnone wp-image-533 size-full\" src=\"https:\/\/www.topohvar.at\/wp-content\/uploads\/2018\/07\/push-l-30.jpg\" alt=\"\" width=\"61\" height=\"30\" \/><\/a> <a href=\"https:\/\/www.topohvar.at\/orte\/hv\/\"><img loading=\"lazy\" decoding=\"async\" class=\"alignnone wp-image-535 size-full\" src=\"https:\/\/www.topohvar.at\/wp-content\/uploads\/2018\/07\/push-o-30.jpg\" alt=\"\" width=\"61\" height=\"30\" \/><\/a>\u00a0<a href=\"https:\/\/www.topohvar.at\/orte\/hv\/hv-td-02-1\/\"><img loading=\"lazy\" decoding=\"async\" class=\"alignnone wp-image-536 size-full\" src=\"https:\/\/www.topohvar.at\/wp-content\/uploads\/2018\/07\/push-r-30.jpg\" alt=\"\" width=\"61\" height=\"30\" \/><\/a><\/strong><\/p>\n<hr \/>\n<p><strong>Adresa \/ Adresse<br \/>\n<\/strong>Grad Hvar,\u00a0Groda<\/p>\n<p><strong>Lokacija <\/strong><strong>\/ Position<a href=\"https:\/\/goo.gl\/maps\/hYKGFjfNaV19cwWS7\"><img loading=\"lazy\" decoding=\"async\" class=\"alignright wp-image-17379\" src=\"https:\/\/www.topohvar.at\/wp-content\/uploads\/2019\/01\/0300.jpg\" alt=\"\" width=\"134\" height=\"100\" \/><\/a><br \/>\n<\/strong><span style=\"color: #3366ff;\"><a style=\"color: #3366ff;\" href=\"https:\/\/goo.gl\/maps\/hYKGFjfNaV19cwWS7\">Latitude: N 43,17400\u00b0\u00a0 \u00a0Longitude: E 16,44172\u00b0<\/a> <\/span><strong><br \/>\n<\/strong>Visina \/ H\u00f6he: 44 m<\/p>\n<p><strong>Katastarska <\/strong><strong>\u010d<\/strong><strong>estica <\/strong><strong>\/ Grundst\u00fccke<br \/>\n<\/strong>*63, *76, *165, *166, *167, *168, *169, *170, *171, 4538<div class='content-column one_half'><div style=\"padding-right:6px;\"><p><strong>Datum snimanja \/ Erfassungsdatum<br \/>\n<\/strong>28.10.2014 11:35:18<\/p>\n<hr \/>\n<p><strong>Informacije<\/strong><\/p>\n<p>Srednojevkovne gradske zidine su se po\u010dele graditi nakon odluke mleta\u010dke vlasti 1278. godine iako ne mo\u017eemo biti sigurni da ih i prije tog vremena u nekom obliku nije bilo. Me\u0111udim, gradnja je bila vrlo spora \u0161to se vidi iz mleta\u010dke odluke donesene 1326.\/1327. godine kojom se Hvaranima daje novac za gradnju zidina. Gradske zidine su u sada\u0161njem obliku uglavnom bile dovr\u0161ene tek sredinom 15. st. nakon ponovog dolaska pod mleta\u010dku vlast.<\/p><\/div><\/div><div class='content-column one_half last_column'><div style=\"padding-right:0px;padding-left:6px;\"><p><strong>Stupanj za\u0161tite<\/strong><strong> \/ Schutzstellung<br \/>\n<\/strong>Z-5108, RST 210<strong><br \/>\n<\/strong><\/p>\n<hr \/>\n<p><strong>Info<\/strong><\/p>\n<p>Der Bau der mittelalterlichen Stadtmauern wurde nach einem Beschluss der venezianischen Herrschaft im Jahre 1278 begonnen, obwohl nicht mit Sicherheit gesagt werden kann, dass nicht schon vor dieser Zeit Befestigungen in irgendeiner Form existierten. Die Baulichkeiten gingen sehr langsam vor sich, wie aus den venezianischen Aufzeichnungen von 1326 \/ 1327 belegt ist, wonach die Bewohner der Stadt Hvar die Mittel f\u00fcr den Bau der Stadtmauer bereitzustellen hatten. Der Bau der Stadtmauern in der jetzigen Form wurde erst Mitte des 15. Jh. nach R\u00fcckkehr der venezianischen Herrschaft fertig gestellt.<\/p><\/div><\/div><div class='clear_column'><\/div><div class='content-column one_half'><div style=\"padding-right:6px;\"><p>Kamene zidine zavr\u0161avaju kruni\u0161tem, a s unutra\u0161nje strane imaju obrambeni ophod. Isto\u010dni zid i zapadni zid, svaki s gradskim vratima, vode na vrh planine gdje su spojeni s tvr\u0111avom. Tre\u0107i zid s dva gradska vrata prostire se na istok \u2013 zapad te zatvara ta dva kraka na sjevernoj strani Pjace.<\/p><\/div><\/div><div class='content-column one_half last_column'><div style=\"padding-right:0px;padding-left:6px;\"><p>Die Steinmauern enden mit einer Krone und haben innen einen Verteidigungspfad. Eine Ostwand und eine Westwand, jeweils mit einem Stadttor, f\u00fchren auf die Bergspitze wo sie mit der Festung miteinander verbunden sind. Die dritte Mauer mit zwei Stadttoren erstreckt sich in Ost &#8211; West &#8211; Richtung und schlie\u00dft diese beiden \u00c4ste an der Nordseite der Piazza.<\/p><\/div><\/div><div class='clear_column'><\/div><div class='content-column one_half'><div style=\"padding-right:6px;\"><p><img loading=\"lazy\" decoding=\"async\" class=\"aligncenter size-full wp-image-61720\" src=\"https:\/\/www.topohvar.at\/wp-content\/uploads\/2022\/11\/hv-td-01-10.jpg\" alt=\"\" width=\"530\" height=\"530\" srcset=\"https:\/\/www.topohvar.at\/wp-content\/uploads\/2022\/11\/hv-td-01-10.jpg 530w, https:\/\/www.topohvar.at\/wp-content\/uploads\/2022\/11\/hv-td-01-10-300x300.jpg 300w, https:\/\/www.topohvar.at\/wp-content\/uploads\/2022\/11\/hv-td-01-10-150x150.jpg 150w\" sizes=\"auto, (max-width: 530px) 100vw, 530px\" \/><\/p><\/div><\/div><div class='content-column one_half last_column'><div style=\"padding-right:0px;padding-left:6px;\"><p>Zidine su ve\u0107 u 16. st. bile zapu\u0161tene. Izgubile su svoju prvobitnu obrambenu funkciju kada se grad pro\u0161irio izvan zidina.<br \/>\n&#8211; \/ &#8211;<br \/>\nDie Mauern wurden aber bereits im 16. Jahrhundert aufgegeben. Sie hatten ihre urspr\u00fcngliche Verteidigungsfunktion wegen der Erweiterung der Stadt au\u00dferhalb der Mauern verloren.<\/p><\/div><\/div><div class='clear_column'><\/div><div class='content-column one_half'><div style=\"padding-right:6px;\"><p>Gradske zidine imaju \u010detvora vrata:<br \/>\nGlavna gradska vrata (Porta Maestra) na jugozapadu,<br \/>\nVrata sv. Marije ili Vrata od Biskupije na jugoistoku,<br \/>\nGorna Vrata ili Vrata od Goljave na zapadu i<br \/>\nPorta Badoer na istoku.<\/p>\n<p>Kasnije su stvoreni jo\u0161 zidnih otvora:<br \/>\nZapadna vrata na Higijeni\u010dkog Dru\u0161tvu,<br \/>\nisto\u010dna vrata na Higijeni\u010dkog Dru\u0161tvu i<br \/>\nvrata na putu od Spanjole-<\/p><\/div><\/div><div class='content-column one_half last_column'><div style=\"padding-right:0px;padding-left:6px;\"><p>Die Stadtmauern hatten vier Tore:<br \/>\nHaupttor (Porta Maestra) im S\u00fcdwesten,<br \/>\nTor zur hl. Maria oder Bischofstor im S\u00fcdosten,<br \/>\nOberes Tor oder Goljave-Tor im Westen und<br \/>\nPorta Badoer im Osten.<\/p>\n<p>Sp\u00e4ter wurden weitere \u00d6ffnungen geschaffen:<br \/>\nWesttor an der Stra\u00dfe Higijeni\u010dkog Dru\u0161tva,<br \/>\nOsttor an der Stra\u00dfe Higijeni\u010dkog Dru\u0161tva und<br \/>\nTor am Fu\u00dfweg zur Spanolja.<\/p><\/div><\/div><div class='clear_column'><\/div><\/p>\n<p style=\"text-align: right;\"><span style=\"color: #3366ff;\"><a style=\"color: #3366ff;\" href=\"#seite_oben\">natrag na vrh \/ Seitenanfang<\/a><\/span><\/p>\n<hr \/>\n<p><strong>Linkovi \/ Links<\/strong><\/p>\n<p><span style=\"color: #3366ff;\"><a style=\"color: #3366ff;\" href=\"https:\/\/www.topohvar.at\/orte\/hv\/hv-td-01-1\/\">Utvr\u0111enje \u00bbGradske zidine\u00bb \/ Stadtmauer<\/a><\/span><br \/>\n<span style=\"color: #3366ff;\"><a style=\"color: #3366ff;\" href=\"https:\/\/www.topohvar.at\/orte\/hv\/hv-td-02-1\/\">Gradska vrata \u00bbPorta Badoer\u00ab \/ Stadttor &#8211; Badoer<\/a><\/span><br \/>\n<span style=\"color: #3366ff;\"><a style=\"color: #3366ff;\" href=\"https:\/\/www.topohvar.at\/orte\/hv\/hv-td-03-1\/\">Gradska vrata \u00bbPorta Maestra\u00ab \/ Stadttor &#8211; Haupttor<\/a><\/span><br \/>\n<span style=\"color: #3366ff;\"><a style=\"color: #3366ff;\" href=\"https:\/\/www.topohvar.at\/orte\/hv\/hv-td-04-1\/\">Gradska vrata \u00bbGornja vrata ili Vrata od Goljava\u00ab \/ Stadttor &#8211; Gorna oder Tor nach Golja<\/a><\/span><br \/>\n<span style=\"color: #3366ff;\"><a style=\"color: #3366ff;\" href=\"https:\/\/www.topohvar.at\/orte\/hv\/hv-td-05-1\/\">Gradska vrata \u00bbSv. Marije ili Biskupije\u00ab \/ Stadttor zur hl. Maria oder Bischofstor<\/a><\/span><br \/>\n<span style=\"color: #3366ff;\"><a style=\"color: #3366ff;\" href=\"https:\/\/www.topohvar.at\/orte\/hv\/hv-td-06-1\/\">Gradska vrata \u00bbZapadni vrata na prilazu\u00ab \/ westlicher Stra\u00dfendurchbruch<\/a><\/span><br \/>\n<span style=\"color: #3366ff;\"><a style=\"color: #3366ff;\" href=\"https:\/\/www.topohvar.at\/orte\/hv\/hv-td-07-1\/\">Gradska vrata \u00bbIsto\u010dna vrata na prilazu\u00ab \/ \u00f6stlicher Stra\u00dfendurchbruch<\/a><\/span><br \/>\n<span style=\"color: #3366ff;\"><a style=\"color: #3366ff;\" href=\"https:\/\/www.topohvar.at\/orte\/hv\/hv-td-08-1\/\">Gradska vrata \u00bbNa putu od Spanjole\u00ab \/ Durchgang am Weg zur Festung Spanjola<\/a><\/span><\/p>\n","protected":false},"excerpt":{"rendered":"<p>Ime \/ Name Utvr\u0111enje \u00bbGradske zidine\u00bb \/ Stadtmauer Code: HV-TD-01\u00a0 \u00a0 \u00a0 \u00a0 \u00a0 \u00a0 \u00a0 \u00a0 \u00a0 \u00a0 \u00a0 \u00a0 \u00a0 \u00a0 \u00a0 \u00a0 \u00a0 \u00a0\u00a0\u00a0 \u00a0 Adresa \/ Adresse Grad Hvar,\u00a0Groda Lokacija \/ Position Latitude: N 43,17400\u00b0\u00a0 \u00a0Longitude: &hellip; <a href=\"https:\/\/www.topohvar.at\/topo\/orte\/hv\/hv-td-01-1\/\">Weiterlesen <span class=\"meta-nav\">&rarr;<\/span><\/a><\/p>\n","protected":false},"author":1,"featured_media":0,"parent":80,"menu_order":0,"comment_status":"closed","ping_status":"closed","template":"","meta":{"footnotes":""},"class_list":["post-15032","page","type-page","status-publish","hentry"],"_links":{"self":[{"href":"https:\/\/www.topohvar.at\/topo\/wp-json\/wp\/v2\/pages\/15032","targetHints":{"allow":["GET"]}}],"collection":[{"href":"https:\/\/www.topohvar.at\/topo\/wp-json\/wp\/v2\/pages"}],"about":[{"href":"https:\/\/www.topohvar.at\/topo\/wp-json\/wp\/v2\/types\/page"}],"author":[{"embeddable":true,"href":"https:\/\/www.topohvar.at\/topo\/wp-json\/wp\/v2\/users\/1"}],"replies":[{"embeddable":true,"href":"https:\/\/www.topohvar.at\/topo\/wp-json\/wp\/v2\/comments?post=15032"}],"version-history":[{"count":14,"href":"https:\/\/www.topohvar.at\/topo\/wp-json\/wp\/v2\/pages\/15032\/revisions"}],"predecessor-version":[{"id":61721,"href":"https:\/\/www.topohvar.at\/topo\/wp-json\/wp\/v2\/pages\/15032\/revisions\/61721"}],"up":[{"embeddable":true,"href":"https:\/\/www.topohvar.at\/topo\/wp-json\/wp\/v2\/pages\/80"}],"wp:attachment":[{"href":"https:\/\/www.topohvar.at\/topo\/wp-json\/wp\/v2\/media?parent=15032"}],"curies":[{"name":"wp","href":"https:\/\/api.w.org\/{rel}","templated":true}]}}