{"id":15050,"date":"2019-01-02T19:25:50","date_gmt":"2019-01-02T18:25:50","guid":{"rendered":"https:\/\/www.topohvar.at\/?page_id=15050"},"modified":"2024-06-10T17:41:08","modified_gmt":"2024-06-10T15:41:08","slug":"hv-td-03-1","status":"publish","type":"page","link":"https:\/\/www.topohvar.at\/topo\/orte\/hv\/hv-td-03-1\/","title":{"rendered":"HVAR &#8211; Gradska vrata \u00bbPorta Maestra\u00ab"},"content":{"rendered":"<p><a name=\"seite_oben\"><\/a><br \/>\n<img loading=\"lazy\" decoding=\"async\" class=\"alignnone wp-image-15035 size-large\" src=\"https:\/\/www.topohvar.at\/wp-content\/uploads\/2019\/01\/HV-TD-03-1-1024x503.jpg\" alt=\"\" width=\"640\" height=\"314\" srcset=\"https:\/\/www.topohvar.at\/wp-content\/uploads\/2019\/01\/HV-TD-03-1-1024x503.jpg 1024w, https:\/\/www.topohvar.at\/wp-content\/uploads\/2019\/01\/HV-TD-03-1-300x147.jpg 300w, https:\/\/www.topohvar.at\/wp-content\/uploads\/2019\/01\/HV-TD-03-1-768x377.jpg 768w, https:\/\/www.topohvar.at\/wp-content\/uploads\/2019\/01\/HV-TD-03-1.jpg 1080w\" sizes=\"auto, (max-width: 640px) 100vw, 640px\" \/><\/p>\n<p><strong>Ime \/ Name<br \/>\n<\/strong>Gradska vrata \u00bbPorta Maestra\u00ab \/ Stadttor &#8211; Porta Maestra (Haupttor)<\/p>\n<p><strong>Code: <\/strong>HV-TD-03\u00a0 \u00a0 \u00a0 \u00a0 \u00a0 \u00a0 \u00a0 \u00a0 \u00a0 \u00a0 \u00a0 \u00a0 \u00a0 \u00a0 \u00a0 \u00a0 \u00a0 \u00a0 \u00a0<strong><a href=\"https:\/\/www.topohvar.at\/orte\/hv\/hv-td-02-1\/\"><img loading=\"lazy\" decoding=\"async\" class=\"alignnone wp-image-533 size-full\" src=\"https:\/\/www.topohvar.at\/wp-content\/uploads\/2018\/07\/push-l-30.jpg\" alt=\"\" width=\"61\" height=\"30\" \/><\/a> <a href=\"https:\/\/www.topohvar.at\/orte\/hv\/\"><img loading=\"lazy\" decoding=\"async\" class=\"alignnone wp-image-535 size-full\" src=\"https:\/\/www.topohvar.at\/wp-content\/uploads\/2018\/07\/push-o-30.jpg\" alt=\"\" width=\"61\" height=\"30\" \/><\/a>\u00a0<a href=\"https:\/\/www.topohvar.at\/orte\/hv\/hv-td-04-1\/\"><img loading=\"lazy\" decoding=\"async\" class=\"alignnone wp-image-536 size-full\" src=\"https:\/\/www.topohvar.at\/wp-content\/uploads\/2018\/07\/push-r-30.jpg\" alt=\"\" width=\"61\" height=\"30\" \/><\/a><\/strong><\/p>\n<hr \/>\n<p><strong>Adresa \/ Adresse<br \/>\n<\/strong>Grad Hvar,\u00a0Ulica Kroz Grodu, Porta Maestra<\/p>\n<p><strong>Lokacija<\/strong><strong> \/ Position<a href=\"https:\/\/goo.gl\/maps\/MWfndvasnfzuGM7i7\"><img loading=\"lazy\" decoding=\"async\" class=\"alignright wp-image-16579\" src=\"https:\/\/www.topohvar.at\/wp-content\/uploads\/2019\/01\/0302.jpg\" alt=\"\" width=\"134\" height=\"100\" \/><\/a><br \/>\n<\/strong><span style=\"color: #3366ff;\"><a style=\"color: #3366ff;\" href=\"https:\/\/goo.gl\/maps\/MWfndvasnfzuGM7i7\">Latitude: N 43,17268\u00b0\u00a0 \u00a0Longitude: E 16,44209\u00b0<\/a> <\/span><strong><br \/>\n<\/strong>Visina \/ H\u00f6he: 5 m<\/p>\n<p><strong>Katastarska <\/strong><strong>\u010d<\/strong><strong>estica <\/strong><strong>\/ Grundst\u00fccke<br \/>\n<\/strong>4535<div class='content-column one_half'><div style=\"padding-right:6px;\"><p><strong>Datum snimanja \/ Erfassungsdatum<br \/>\n<\/strong>14.02.2015 17:02:05<\/p>\n<hr \/>\n<p><strong>Informacije<\/strong><\/p>\n<p>Gradske zidine obuhva\u0107aju sjeverni dio grada i povezuju se s tvr\u0111avom Forticom. Zapo\u010dele su se graditi u 13. st., a dana\u0161nji oblik dobile su tijekom 14. i 15. st. Vrh zidina utvr\u0111en je kruni\u0161tem sa zupcima i ophodom, a na vi\u0161e je mjesta u\u010dvr\u0161\u0107en \u010detvrtastim kulama. Na ju\u017enom zidu prema hvarskom trgu otvorena su dvoja vrata od kojih ona zapadna imaju monumentalni portal goti\u010dkog stila. Nazivaju se Glavna vrata \u2013 Porta Maestra, a od 15. st. i Palmina vrata \u2013 Porta del datallo. U 16. st. ova vrata se nazivaju i Tr\u017eni\u010dna vrata \u2013 Porta del mercato. Uz gradska vrata nalazi se prekrasni pilo.<\/p><\/div><\/div><div class='content-column one_half last_column'><div style=\"padding-right:0px;padding-left:6px;\"><p><strong>Stupanj za\u0161tite<\/strong><strong> \/ Schutzstellung<br \/>\n<\/strong>&#8211;<\/p>\n<hr \/>\n<p><strong>Info<\/strong><\/p>\n<p>Die Stadtmauern umfassen den n\u00f6rdlichen Teil der Stadt und verbanden sie mit der Festung Fortica. Ihr Bau begann im 13. Jahrhundert. Die heutige Form erhielt sie im 14. und 15. Jahrhundert. Oben wurden Zinnen und Umg\u00e4nge geschaffen und an mehreren Stellen starke quadratische T\u00fcrme. Die s\u00fcdliche Stadtmauer \u00f6ffnet sich mit zwei Toren. Das westliche, ein monumentales Portal im gotischen Stil, wird \u201ePorta Maestra\u201c \u2013 \u201eHaupttor\u201c genannt und hie\u00df im 15. Jh. \u201ePalima vrata\u00a0 \u2013 Porta del datallo\u201c und im 16. Jh. \u201eTr\u017eni\u010dna vrata\u201c \u2013 \u201eMarkttor\u201c. Neben dem Stadttor befindet sich ein wundersch\u00f6ner Wandbrunnen.<\/p><\/div><\/div><div class='clear_column'><\/div><\/p>\n<p style=\"text-align: right;\"><span style=\"color: #3366ff;\"><a style=\"color: #3366ff;\" href=\"#seite_oben\">natrag na vrh \/ Seitenanfang<\/a><\/span><\/p>\n<hr \/>\n<p><strong>Linkovi \/ Links<\/strong><\/p>\n<p><span style=\"color: #3366ff;\"><a style=\"color: #3366ff;\" href=\"https:\/\/www.topohvar.at\/orte\/hv\/hv-td-01-1\/\">Utvr\u0111enje \u00bbGradske zidine\u00bb \/ Stadtmauer<\/a><\/span><br \/>\n<span style=\"color: #3366ff;\"><a style=\"color: #3366ff;\" href=\"https:\/\/www.topohvar.at\/orte\/hv\/hv-td-02-1\/\">Gradska vrata \u00bbPorta Badoer\u00ab \/ Stadttor &#8211; Badoer<\/a><\/span><br \/>\n<span style=\"color: #3366ff;\"><a style=\"color: #3366ff;\" href=\"https:\/\/www.topohvar.at\/orte\/hv\/hv-td-04-1\/\">Gradska vrata \u00bbGornja vrata ili Vrata od Goljava\u00ab \/ Stadttor &#8211; Gorna oder Tor nach Golja<\/a><\/span><br \/>\n<span style=\"color: #3366ff;\"><a style=\"color: #3366ff;\" href=\"https:\/\/www.topohvar.at\/orte\/hv\/hv-td-05-1\/\">Gradska vrata \u00bbSv. Marije ili Biskupije\u00ab \/ Stadttor zur hl. Maria oder Bischofstor<\/a><\/span><br \/>\n<span style=\"color: #3366ff;\"><a style=\"color: #3366ff;\" href=\"https:\/\/www.topohvar.at\/orte\/hv\/hv-td-06-1\/\">Gradska vrata \u00bbZapadni vrata na prilazu\u00ab \/ westlicher Stra\u00dfendurchbruch<\/a><\/span><br \/>\n<span style=\"color: #3366ff;\"><a style=\"color: #3366ff;\" href=\"https:\/\/www.topohvar.at\/orte\/hv\/hv-td-07-1\/\">Gradska vrata \u00bbIsto\u010dna vrata na prilazu\u00ab \/ \u00f6stlicher Stra\u00dfendurchbruch<\/a><\/span><br \/>\n<span style=\"color: #3366ff;\"><a style=\"color: #3366ff;\" href=\"https:\/\/www.topohvar.at\/orte\/hv\/hv-td-08-1\/\">Gradska vrata \u00bbNa putu od Spanjole\u00ab \/ Durchgang am Weg zur Festung Spanjola<\/a><\/span><br \/>\n<a href=\"https:\/\/www.topohvar.at\/orte\/hv\/hv-ig-38-1\/\"><span style=\"color: #3366ff;\">Grb \u00bbNa Porta Maestru\u00ab \/ Wappen an der Porta Maestra<\/span><\/a><br \/>\n<a href=\"https:\/\/www.topohvar.at\/topo\/orte\/hv\/hv-op-00-0\/#op-16\"><span style=\"color: #3366ff;\">Pilo \u00bbU Porta Maestru\u00ab \/ Wandbrunnen an der Porta Maestra<\/span><\/a><\/p>\n","protected":false},"excerpt":{"rendered":"<p>Ime \/ Name Gradska vrata \u00bbPorta Maestra\u00ab \/ Stadttor &#8211; Porta Maestra (Haupttor) Code: HV-TD-03\u00a0 \u00a0 \u00a0 \u00a0 \u00a0 \u00a0 \u00a0 \u00a0 \u00a0 \u00a0 \u00a0 \u00a0 \u00a0 \u00a0 \u00a0 \u00a0 \u00a0 \u00a0 \u00a0 \u00a0 Adresa \/ Adresse Grad Hvar,\u00a0Ulica Kroz &hellip; <a href=\"https:\/\/www.topohvar.at\/topo\/orte\/hv\/hv-td-03-1\/\">Weiterlesen <span class=\"meta-nav\">&rarr;<\/span><\/a><\/p>\n","protected":false},"author":1,"featured_media":0,"parent":80,"menu_order":0,"comment_status":"closed","ping_status":"closed","template":"","meta":{"footnotes":""},"class_list":["post-15050","page","type-page","status-publish","hentry"],"_links":{"self":[{"href":"https:\/\/www.topohvar.at\/topo\/wp-json\/wp\/v2\/pages\/15050","targetHints":{"allow":["GET"]}}],"collection":[{"href":"https:\/\/www.topohvar.at\/topo\/wp-json\/wp\/v2\/pages"}],"about":[{"href":"https:\/\/www.topohvar.at\/topo\/wp-json\/wp\/v2\/types\/page"}],"author":[{"embeddable":true,"href":"https:\/\/www.topohvar.at\/topo\/wp-json\/wp\/v2\/users\/1"}],"replies":[{"embeddable":true,"href":"https:\/\/www.topohvar.at\/topo\/wp-json\/wp\/v2\/comments?post=15050"}],"version-history":[{"count":12,"href":"https:\/\/www.topohvar.at\/topo\/wp-json\/wp\/v2\/pages\/15050\/revisions"}],"predecessor-version":[{"id":68498,"href":"https:\/\/www.topohvar.at\/topo\/wp-json\/wp\/v2\/pages\/15050\/revisions\/68498"}],"up":[{"embeddable":true,"href":"https:\/\/www.topohvar.at\/topo\/wp-json\/wp\/v2\/pages\/80"}],"wp:attachment":[{"href":"https:\/\/www.topohvar.at\/topo\/wp-json\/wp\/v2\/media?parent=15050"}],"curies":[{"name":"wp","href":"https:\/\/api.w.org\/{rel}","templated":true}]}}

<p><a name="seite_oben"></a><br />
<img loading="lazy" decoding="async" class="alignnone wp-image-15035 size-large" src="https://www.topohvar.at/wp-content/uploads/2019/01/HV-TD-03-1-1024x503.jpg" alt="" width="640" height="314" srcset="https://www.topohvar.at/wp-content/uploads/2019/01/HV-TD-03-1-1024x503.jpg 1024w, https://www.topohvar.at/wp-content/uploads/2019/01/HV-TD-03-1-300x147.jpg 300w, https://www.topohvar.at/wp-content/uploads/2019/01/HV-TD-03-1-768x377.jpg 768w, https://www.topohvar.at/wp-content/uploads/2019/01/HV-TD-03-1.jpg 1080w" sizes="auto, (max-width: 640px) 100vw, 640px" /></p>
<p><strong>Ime / Name<br />
</strong>Gradska vrata »Porta Maestra« / Stadttor &#8211; Porta Maestra (Haupttor)</p>
<p><strong>Code: </strong>HV-TD-03                                     <strong><a href="https://www.topohvar.at/orte/hv/hv-td-02-1/"><img loading="lazy" decoding="async" class="alignnone wp-image-533 size-full" src="https://www.topohvar.at/wp-content/uploads/2018/07/push-l-30.jpg" alt="" width="61" height="30" /></a> <a href="https://www.topohvar.at/orte/hv/"><img loading="lazy" decoding="async" class="alignnone wp-image-535 size-full" src="https://www.topohvar.at/wp-content/uploads/2018/07/push-o-30.jpg" alt="" width="61" height="30" /></a> <a href="https://www.topohvar.at/orte/hv/hv-td-04-1/"><img loading="lazy" decoding="async" class="alignnone wp-image-536 size-full" src="https://www.topohvar.at/wp-content/uploads/2018/07/push-r-30.jpg" alt="" width="61" height="30" /></a></strong></p>
<hr />
<p><strong>Adresa / Adresse<br />
</strong>Grad Hvar, Ulica Kroz Grodu, Porta Maestra</p>
<p><strong>Lokacija</strong><strong> / Position<a href="https://goo.gl/maps/MWfndvasnfzuGM7i7"><img loading="lazy" decoding="async" class="alignright wp-image-16579" src="https://www.topohvar.at/wp-content/uploads/2019/01/0302.jpg" alt="" width="134" height="100" /></a><br />
</strong><span style="color: #3366ff;"><a style="color: #3366ff;" href="https://goo.gl/maps/MWfndvasnfzuGM7i7">Latitude: N 43,17268°   Longitude: E 16,44209°</a> </span><strong><br />
</strong>Visina / Höhe: 5 m</p>
<p><strong>Katastarska </strong><strong>č</strong><strong>estica </strong><strong>/ Grundstücke<br />
</strong>4535<div class='content-column one_half'><div style="padding-right:6px;"><p><strong>Datum snimanja / Erfassungsdatum<br />
</strong>14.02.2015 17:02:05</p>
<hr />
<p><strong>Informacije</strong></p>
<p>Gradske zidine obuhvaćaju sjeverni dio grada i povezuju se s tvrđavom Forticom. Započele su se graditi u 13. st., a današnji oblik dobile su tijekom 14. i 15. st. Vrh zidina utvrđen je kruništem sa zupcima i ophodom, a na više je mjesta učvršćen četvrtastim kulama. Na južnom zidu prema hvarskom trgu otvorena su dvoja vrata od kojih ona zapadna imaju monumentalni portal gotičkog stila. Nazivaju se Glavna vrata – Porta Maestra, a od 15. st. i Palmina vrata – Porta del datallo. U 16. st. ova vrata se nazivaju i Tržnična vrata – Porta del mercato. Uz gradska vrata nalazi se prekrasni pilo.</p></div></div><div class='content-column one_half last_column'><div style="padding-right:0px;padding-left:6px;"><p><strong>Stupanj zaštite</strong><strong> / Schutzstellung<br />
</strong>&#8211;</p>
<hr />
<p><strong>Info</strong></p>
<p>Die Stadtmauern umfassen den nördlichen Teil der Stadt und verbanden sie mit der Festung Fortica. Ihr Bau begann im 13. Jahrhundert. Die heutige Form erhielt sie im 14. und 15. Jahrhundert. Oben wurden Zinnen und Umgänge geschaffen und an mehreren Stellen starke quadratische Türme. Die südliche Stadtmauer öffnet sich mit zwei Toren. Das westliche, ein monumentales Portal im gotischen Stil, wird „Porta Maestra“ – „Haupttor“ genannt und hieß im 15. Jh. „Palima vrata  – Porta del datallo“ und im 16. Jh. „Tržnična vrata“ – „Markttor“. Neben dem Stadttor befindet sich ein wunderschöner Wandbrunnen.</p></div></div><div class='clear_column'></div></p>
<p style="text-align: right;"><span style="color: #3366ff;"><a style="color: #3366ff;" href="#seite_oben">natrag na vrh / Seitenanfang</a></span></p>
<hr />
<p><strong>Linkovi / Links</strong></p>
<p><span style="color: #3366ff;"><a style="color: #3366ff;" href="https://www.topohvar.at/orte/hv/hv-td-01-1/">Utvrđenje »Gradske zidine» / Stadtmauer</a></span><br />
<span style="color: #3366ff;"><a style="color: #3366ff;" href="https://www.topohvar.at/orte/hv/hv-td-02-1/">Gradska vrata »Porta Badoer« / Stadttor &#8211; Badoer</a></span><br />
<span style="color: #3366ff;"><a style="color: #3366ff;" href="https://www.topohvar.at/orte/hv/hv-td-04-1/">Gradska vrata »Gornja vrata ili Vrata od Goljava« / Stadttor &#8211; Gorna oder Tor nach Golja</a></span><br />
<span style="color: #3366ff;"><a style="color: #3366ff;" href="https://www.topohvar.at/orte/hv/hv-td-05-1/">Gradska vrata »Sv. Marije ili Biskupije« / Stadttor zur hl. Maria oder Bischofstor</a></span><br />
<span style="color: #3366ff;"><a style="color: #3366ff;" href="https://www.topohvar.at/orte/hv/hv-td-06-1/">Gradska vrata »Zapadni vrata na prilazu« / westlicher Straßendurchbruch</a></span><br />
<span style="color: #3366ff;"><a style="color: #3366ff;" href="https://www.topohvar.at/orte/hv/hv-td-07-1/">Gradska vrata »Istočna vrata na prilazu« / östlicher Straßendurchbruch</a></span><br />
<span style="color: #3366ff;"><a style="color: #3366ff;" href="https://www.topohvar.at/orte/hv/hv-td-08-1/">Gradska vrata »Na putu od Spanjole« / Durchgang am Weg zur Festung Spanjola</a></span><br />
<a href="https://www.topohvar.at/orte/hv/hv-ig-38-1/"><span style="color: #3366ff;">Grb »Na Porta Maestru« / Wappen an der Porta Maestra</span></a><br />
<a href="https://www.topohvar.at/topo/orte/hv/hv-op-00-0/#op-16"><span style="color: #3366ff;">Pilo »U Porta Maestru« / Wandbrunnen an der Porta Maestra</span></a></p>
