{"id":15063,"date":"2019-01-02T19:34:28","date_gmt":"2019-01-02T18:34:28","guid":{"rendered":"https:\/\/www.topohvar.at\/?page_id=15063"},"modified":"2021-11-26T19:29:27","modified_gmt":"2021-11-26T18:29:27","slug":"hv-td-09-1","status":"publish","type":"page","link":"https:\/\/www.topohvar.at\/topo\/orte\/hv\/hv-td-09-1\/","title":{"rendered":"HVAR &#8211; Tvr\u0111ava \u00bbBaterija Andreas na Kri\u017enome ratu\u00ab"},"content":{"rendered":"<p><a name=\"seite_oben\"><\/a><br \/>\n<img loading=\"lazy\" decoding=\"async\" class=\"alignnone wp-image-15041 size-large\" src=\"https:\/\/www.topohvar.at\/wp-content\/uploads\/2019\/01\/HV-TD-09-1-1024x503.jpg\" alt=\"\" width=\"640\" height=\"314\" srcset=\"https:\/\/www.topohvar.at\/wp-content\/uploads\/2019\/01\/HV-TD-09-1-1024x503.jpg 1024w, https:\/\/www.topohvar.at\/wp-content\/uploads\/2019\/01\/HV-TD-09-1-300x147.jpg 300w, https:\/\/www.topohvar.at\/wp-content\/uploads\/2019\/01\/HV-TD-09-1-768x377.jpg 768w, https:\/\/www.topohvar.at\/wp-content\/uploads\/2019\/01\/HV-TD-09-1.jpg 1080w\" sizes=\"auto, (max-width: 640px) 100vw, 640px\" \/><\/p>\n<p><strong>Ime \/ Name<br \/>\n<\/strong>Tvr\u0111ava \u00bbBaterija Andreas na Kri\u017enome ratu ((baterija s lijeva)\u00ab \/ Festung &#8211; Batterie Andreas am Kreuzkap ( die linke Batterie)<\/p>\n<p><strong>Code: <\/strong>HV-TD-09\u00a0 \u00a0 \u00a0 \u00a0 \u00a0 \u00a0 \u00a0 \u00a0 \u00a0 \u00a0 \u00a0 \u00a0 \u00a0 \u00a0 \u00a0 \u00a0 \u00a0 \u00a0 \u00a0<strong><a href=\"https:\/\/www.topohvar.at\/orte\/hv\/hv-td-10-1\/\"><img loading=\"lazy\" decoding=\"async\" class=\"alignnone wp-image-533 size-full\" src=\"https:\/\/www.topohvar.at\/wp-content\/uploads\/2018\/07\/push-l-30.jpg\" alt=\"\" width=\"61\" height=\"30\" \/><\/a> <a href=\"https:\/\/www.topohvar.at\/orte\/hv\/\"><img loading=\"lazy\" decoding=\"async\" class=\"alignnone wp-image-535 size-full\" src=\"https:\/\/www.topohvar.at\/wp-content\/uploads\/2018\/07\/push-o-30.jpg\" alt=\"\" width=\"61\" height=\"30\" \/><\/a>\u00a0<a href=\"https:\/\/www.topohvar.at\/orte\/hv\/hv-td-11-1\/\"><img loading=\"lazy\" decoding=\"async\" class=\"alignnone wp-image-536 size-full\" src=\"https:\/\/www.topohvar.at\/wp-content\/uploads\/2018\/07\/push-r-30.jpg\" alt=\"\" width=\"61\" height=\"30\" \/><\/a><\/strong><\/p>\n<hr \/>\n<p><strong>Adresa \/ Adresse<br \/>\n<\/strong>Grad Hvar,\u00a0Ulica Petra Kasandri\u0107a<\/p>\n<p><strong>Lokacija<\/strong><strong> \/ Position<a href=\"https:\/\/goo.gl\/maps\/TUomR3yoat8tV5NM6\"><img loading=\"lazy\" decoding=\"async\" class=\"alignright wp-image-17425\" src=\"https:\/\/www.topohvar.at\/wp-content\/uploads\/2019\/01\/0308.jpg\" alt=\"\" width=\"134\" height=\"100\" \/><\/a><br \/>\n<\/strong><span style=\"color: #3366ff;\"><a style=\"color: #3366ff;\" href=\"https:\/\/goo.gl\/maps\/TUomR3yoat8tV5NM6\">Latitude: N 43,16459\u00b0\u00a0 \u00a0Longitude: E 16,44344\u00b0<\/a> <\/span><strong><br \/>\n<\/strong>Visina \/ H\u00f6he: 40 m<\/p>\n<p><strong>Katastarska <\/strong><strong>\u010d<\/strong><strong>estica <\/strong><strong>\/ Grundst\u00fccke<br \/>\n<\/strong>*572\/1, *572\/2,\u00a03908\/14, 3908\/15, 3908\/16, 3908\/31, 3908\/32<div class='content-column one_half'><div style=\"padding-right:6px;\"><p><strong>Datum snimanja \/ Erfassungsdatum<br \/>\n<\/strong>19.02.2015 10:41:05<\/p>\n<hr \/>\n<p><strong>Informacije<\/strong><\/p>\n<p>Porazom francuske flote po\u010detkom 1811. godine u pomorskoj bici s Englezima kod Visa otvorila se mogu\u0107nost engleskog napada na Hvar. Francuzi su tada odlu\u010dili oja\u010dati bo\u010dnu obranu luke, nakon \u0161to su ve\u0107 1807. godine, nakon ruskog napada, sagradili tvrdavu Napoljun iznad stare Fortice, koja je sprje\u010daval a napad na grad s istoka.<\/p><\/div><\/div><div class='content-column one_half last_column'><div style=\"padding-right:0px;padding-left:6px;\"><p><strong>Stupanj za\u0161tite<\/strong><strong> \/ Schutzstellung<br \/>\n<\/strong>Z-6432, RST 542-1970, RST 868, P-2825<\/p>\n<hr \/>\n<p><strong>Info<\/strong><br \/>\nDie Niederlage der franz\u00f6sischen Flotte Anfang 1811 durch die Engl\u00e4nder bei der Insel Vis er\u00f6ffnete die M\u00f6glichkeit eines englischen Angriffs auf Hvar. Die Franzosen beschlossen, die seitliche Verteidigung des Hafens zu verst\u00e4rken, nachdem 1807, nach der russischen Invasion, das Fort \u201eNapoleon\u201c \u00f6stlich der alten Festung gebaut wurde, das einen Angriff auf die Stadt von Osten her verhindern sollte.<\/p><\/div><\/div><div class='clear_column'><\/div><div class='content-column one_half'><div style=\"padding-right:6px;\"><p>Godine 1811. grade tvrdavu na rtu Kri\u017e u isto\u010dnoj strani luke koju nazivaju <em>Batterie de gauche<\/em> (baterija s lijeva), i tvrdavu sa zapadne strane luke, pored nekada\u0161njeg sklopa Sv. Venerande, <em>Batterie de droite<\/em> (bateriju zdesna).<\/p><\/div><\/div><div class='content-column one_half last_column'><div style=\"padding-right:0px;padding-left:6px;\"><p>Im Jahr 1811 errichteten sie eine Festung oberhalb des Kap Kri\u017e auf der \u00f6stlichen Seite des Hafens, die <em>Batterie de gauche<\/em> (linke Batterie) genannt wurde, und eine Festung auf der Westseite des Hafens neben den Geb\u00e4uden der ehemaligen Anlage von St. Venerande, die <em>Batterie de droite<\/em> (rechte Batterie).<\/p><\/div><\/div><div class='clear_column'><\/div><div class='content-column one_half'><div style=\"padding-right:6px;\"><p>Jednokatna kula kru\u017enog tlocrta s nekoliko manjih pomo\u0107nih gra\u0111evina smje\u0161tena je na sjevernom rubu tvr\u0111ave. Prema moru postavljeni su topovski le\u017eajevi za\u0161ti\u0107eni bastionskim nasipom.\u00a0Materijal za utvr\u0111ivanje dolazi dijelom iz napu\u0161tenog samostana Augustinaca na podru\u010dju dana\u0161njeg groblja.<\/p><\/div><\/div><div class='content-column one_half last_column'><div style=\"padding-right:0px;padding-left:6px;\"><p>Am n\u00f6rdlichen Rand der Festung befindet sich ein einst\u00f6ckiger Turm mit kreisf\u00f6rmigem Grundriss und mehreren kleineren Nebengeb\u00e4uden. In Richtung Meer wurden Kanonenpodeste errichtet, die durch einen Bastionsdamm gesch\u00fctzt waren. Das Material f\u00fcr die Festungsanlage stammt zum Teil aus der aufgelassenen Klosteranlage der Augustiner im Bereich des heutigen Friedhofs.<\/p><\/div><\/div><div class='clear_column'><\/div><div class='content-column one_half'><div style=\"padding-right:6px;\"><p>Nakon oduzimanja vlasti od strane Austrije tvr\u0111ava je nazvana &#8222;Baterija Andreas&#8220; (prema Andreas Hofer), poslije samo &#8222;Baterija&#8220;.<\/p><\/div><\/div><div class='content-column one_half last_column'><div style=\"padding-right:0px;padding-left:6px;\"><p>Nach Macht\u00fcbernahme durch die \u00d6sterreicher wurde die Festung \u201eBatterie Andreas\u201c (nach Andreas Hofer) und danach nur noch \u201eBatterie\u201c genannt.<\/p><\/div><\/div><div class='clear_column'><\/div><div class='content-column one_half'><div style=\"padding-right:6px;\"><p>Razvoj balistike doveo je do ukinu\u0107a vojne namjene niz fortifikacijskih gra\u0111evina na obali i otocima.<\/p><\/div><\/div><div class='content-column one_half last_column'><div style=\"padding-right:0px;padding-left:6px;\"><p>Die Entwicklung der Ballistik f\u00fchrte zur Abschaffung der milit\u00e4rischen Nutzung einer Reihe von Befestigungsanlagen an der K\u00fcste und auf den Inseln.<\/p><\/div><\/div><div class='clear_column'><\/div><div class='content-column one_half'><div style=\"padding-right:6px;\"><p>Tvr\u0111ava Baterija Andreas je predana op\u0107ini 19. lipnja 1859. godine, zajedno s tvr\u0111avom Veneranda na zapadnoj strani luke, \u0107ime prestaje njena obrambena namjena, a ujedno se mo\u017ee smatrati da tom godinom zavr\u0161ava tisu\u0107ljetno vojno zna\u010denje luke grada Hvara.<\/p><\/div><\/div><div class='content-column one_half last_column'><div style=\"padding-right:0px;padding-left:6px;\"><p>Die Batterie Andreas wurde am 19. Juni 1859 zusammen mit der Festung Veneranda auf der Westseite des Hafens an die Gemeinde \u00fcbergeben. Damit h\u00f6rte ihr Verteidigungszweck auf und gleichzeitig die tausendj\u00e4hrige milit\u00e4rische Bedeutung des Hafens der Stadt Hvar.<\/p><\/div><\/div><div class='clear_column'><\/div><div class='content-column one_half'><div style=\"padding-right:6px;\"><p>Na mjestu nekada\u0161nje tvr\u0111ave podignut je spomenik poginulim vojnicima 1945. godine.<\/p><\/div><\/div><div class='content-column one_half last_column'><div style=\"padding-right:0px;padding-left:6px;\"><p>Auf dem Gel\u00e4nde der ehemaligen Festung wurde im Jahr 1945 ein Denkmal f\u00fcr die gefallenen Soldaten aufgestellt.<\/p><\/div><\/div><div class='clear_column'><\/div><\/p>\n<p style=\"text-align: right;\"><span style=\"color: #3366ff;\"><a style=\"color: #3366ff;\" href=\"#seite_oben\">natrag na vrh \/ Seitenanfang<\/a><\/span><\/p>\n<hr \/>\n<p><strong>Linkovi \/ Links<\/strong><\/p>\n<p><span style=\"color: #3366ff;\"><a style=\"color: #3366ff;\" href=\"https:\/\/www.topohvar.at\/orte\/hv\/hv-mo-08-1\/\">Spomenik palim borcima i ranjenicima VIII korpusa Vojne bolnice \/ Denkmal f\u00fcr die Gefallenen und Verwundeten des 8. Korps des Milit\u00e4rkrankenhauses<\/a><br \/>\n<span style=\"font-family: 'Arial Narrow',sans-serif;\"><span style=\"color: #3366ff;\"><a style=\"color: #3366ff;\" href=\"https:\/\/www.topohvar.at\/orte\/hv\/hv-td-11-1\/\">Tvr\u0111ava Napoljun \/ Festung Napoleon<\/a><\/span><br \/>\n<span style=\"color: #3366ff;\"><a style=\"color: #3366ff;\" href=\"https:\/\/www.topohvar.at\/orte\/hv\/hv-td-14-1\/\">Tvr\u0111ava\u00a0Venerande \/ Festung Venerande<\/a>\u00a0\u00a0<\/span><br \/>\n<span style=\"color: #3366ff;\"><a style=\"color: #3366ff;\" href=\"https:\/\/www.topohvar.at\/orte\/hv\/hv-ca-05-1\/\">Biv\u0161i Augustinaca samostan \u00bbSv. Nikole\u00ab \/ ehemaliges Augustinerkloster St. Nikolaus<\/a> <\/span><\/span><br \/>\n<\/span><\/p>\n","protected":false},"excerpt":{"rendered":"<p>Ime \/ Name Tvr\u0111ava \u00bbBaterija Andreas na Kri\u017enome ratu ((baterija s lijeva)\u00ab \/ Festung &#8211; Batterie Andreas am Kreuzkap ( die linke Batterie) Code: HV-TD-09\u00a0 \u00a0 \u00a0 \u00a0 \u00a0 \u00a0 \u00a0 \u00a0 \u00a0 \u00a0 \u00a0 \u00a0 \u00a0 \u00a0 \u00a0 \u00a0 &hellip; <a href=\"https:\/\/www.topohvar.at\/topo\/orte\/hv\/hv-td-09-1\/\">Weiterlesen <span class=\"meta-nav\">&rarr;<\/span><\/a><\/p>\n","protected":false},"author":1,"featured_media":0,"parent":80,"menu_order":0,"comment_status":"closed","ping_status":"closed","template":"","meta":{"footnotes":""},"class_list":["post-15063","page","type-page","status-publish","hentry"],"_links":{"self":[{"href":"https:\/\/www.topohvar.at\/topo\/wp-json\/wp\/v2\/pages\/15063","targetHints":{"allow":["GET"]}}],"collection":[{"href":"https:\/\/www.topohvar.at\/topo\/wp-json\/wp\/v2\/pages"}],"about":[{"href":"https:\/\/www.topohvar.at\/topo\/wp-json\/wp\/v2\/types\/page"}],"author":[{"embeddable":true,"href":"https:\/\/www.topohvar.at\/topo\/wp-json\/wp\/v2\/users\/1"}],"replies":[{"embeddable":true,"href":"https:\/\/www.topohvar.at\/topo\/wp-json\/wp\/v2\/comments?post=15063"}],"version-history":[{"count":19,"href":"https:\/\/www.topohvar.at\/topo\/wp-json\/wp\/v2\/pages\/15063\/revisions"}],"predecessor-version":[{"id":53697,"href":"https:\/\/www.topohvar.at\/topo\/wp-json\/wp\/v2\/pages\/15063\/revisions\/53697"}],"up":[{"embeddable":true,"href":"https:\/\/www.topohvar.at\/topo\/wp-json\/wp\/v2\/pages\/80"}],"wp:attachment":[{"href":"https:\/\/www.topohvar.at\/topo\/wp-json\/wp\/v2\/media?parent=15063"}],"curies":[{"name":"wp","href":"https:\/\/api.w.org\/{rel}","templated":true}]}}

HVAR &#8211; Tvrđava »Baterija Andreas na Križnome ratu«

<p><a name="seite_oben"></a><br />
<img loading="lazy" decoding="async" class="alignnone wp-image-15041 size-large" src="https://www.topohvar.at/wp-content/uploads/2019/01/HV-TD-09-1-1024x503.jpg" alt="" width="640" height="314" srcset="https://www.topohvar.at/wp-content/uploads/2019/01/HV-TD-09-1-1024x503.jpg 1024w, https://www.topohvar.at/wp-content/uploads/2019/01/HV-TD-09-1-300x147.jpg 300w, https://www.topohvar.at/wp-content/uploads/2019/01/HV-TD-09-1-768x377.jpg 768w, https://www.topohvar.at/wp-content/uploads/2019/01/HV-TD-09-1.jpg 1080w" sizes="auto, (max-width: 640px) 100vw, 640px" /></p>
<p><strong>Ime / Name<br />
</strong>Tvrđava »Baterija Andreas na Križnome ratu ((baterija s lijeva)« / Festung &#8211; Batterie Andreas am Kreuzkap ( die linke Batterie)</p>
<p><strong>Code: </strong>HV-TD-09                                     <strong><a href="https://www.topohvar.at/orte/hv/hv-td-10-1/"><img loading="lazy" decoding="async" class="alignnone wp-image-533 size-full" src="https://www.topohvar.at/wp-content/uploads/2018/07/push-l-30.jpg" alt="" width="61" height="30" /></a> <a href="https://www.topohvar.at/orte/hv/"><img loading="lazy" decoding="async" class="alignnone wp-image-535 size-full" src="https://www.topohvar.at/wp-content/uploads/2018/07/push-o-30.jpg" alt="" width="61" height="30" /></a> <a href="https://www.topohvar.at/orte/hv/hv-td-11-1/"><img loading="lazy" decoding="async" class="alignnone wp-image-536 size-full" src="https://www.topohvar.at/wp-content/uploads/2018/07/push-r-30.jpg" alt="" width="61" height="30" /></a></strong></p>
<hr />
<p><strong>Adresa / Adresse<br />
</strong>Grad Hvar, Ulica Petra Kasandrića</p>
<p><strong>Lokacija</strong><strong> / Position<a href="https://goo.gl/maps/TUomR3yoat8tV5NM6"><img loading="lazy" decoding="async" class="alignright wp-image-17425" src="https://www.topohvar.at/wp-content/uploads/2019/01/0308.jpg" alt="" width="134" height="100" /></a><br />
</strong><span style="color: #3366ff;"><a style="color: #3366ff;" href="https://goo.gl/maps/TUomR3yoat8tV5NM6">Latitude: N 43,16459°   Longitude: E 16,44344°</a> </span><strong><br />
</strong>Visina / Höhe: 40 m</p>
<p><strong>Katastarska </strong><strong>č</strong><strong>estica </strong><strong>/ Grundstücke<br />
</strong>*572/1, *572/2, 3908/14, 3908/15, 3908/16, 3908/31, 3908/32<div class='content-column one_half'><div style="padding-right:6px;"><p><strong>Datum snimanja / Erfassungsdatum<br />
</strong>19.02.2015 10:41:05</p>
<hr />
<p><strong>Informacije</strong></p>
<p>Porazom francuske flote početkom 1811. godine u pomorskoj bici s Englezima kod Visa otvorila se mogućnost engleskog napada na Hvar. Francuzi su tada odlučili ojačati bočnu obranu luke, nakon što su već 1807. godine, nakon ruskog napada, sagradili tvrdavu Napoljun iznad stare Fortice, koja je sprječaval a napad na grad s istoka.</p></div></div><div class='content-column one_half last_column'><div style="padding-right:0px;padding-left:6px;"><p><strong>Stupanj zaštite</strong><strong> / Schutzstellung<br />
</strong>Z-6432, RST 542-1970, RST 868, P-2825</p>
<hr />
<p><strong>Info</strong><br />
Die Niederlage der französischen Flotte Anfang 1811 durch die Engländer bei der Insel Vis eröffnete die Möglichkeit eines englischen Angriffs auf Hvar. Die Franzosen beschlossen, die seitliche Verteidigung des Hafens zu verstärken, nachdem 1807, nach der russischen Invasion, das Fort „Napoleon“ östlich der alten Festung gebaut wurde, das einen Angriff auf die Stadt von Osten her verhindern sollte.</p></div></div><div class='clear_column'></div><div class='content-column one_half'><div style="padding-right:6px;"><p>Godine 1811. grade tvrdavu na rtu Križ u istočnoj strani luke koju nazivaju <em>Batterie de gauche</em> (baterija s lijeva), i tvrdavu sa zapadne strane luke, pored nekadašnjeg sklopa Sv. Venerande, <em>Batterie de droite</em> (bateriju zdesna).</p></div></div><div class='content-column one_half last_column'><div style="padding-right:0px;padding-left:6px;"><p>Im Jahr 1811 errichteten sie eine Festung oberhalb des Kap Križ auf der östlichen Seite des Hafens, die <em>Batterie de gauche</em> (linke Batterie) genannt wurde, und eine Festung auf der Westseite des Hafens neben den Gebäuden der ehemaligen Anlage von St. Venerande, die <em>Batterie de droite</em> (rechte Batterie).</p></div></div><div class='clear_column'></div><div class='content-column one_half'><div style="padding-right:6px;"><p>Jednokatna kula kružnog tlocrta s nekoliko manjih pomoćnih građevina smještena je na sjevernom rubu tvrđave. Prema moru postavljeni su topovski ležajevi zaštićeni bastionskim nasipom. Materijal za utvrđivanje dolazi dijelom iz napuštenog samostana Augustinaca na području današnjeg groblja.</p></div></div><div class='content-column one_half last_column'><div style="padding-right:0px;padding-left:6px;"><p>Am nördlichen Rand der Festung befindet sich ein einstöckiger Turm mit kreisförmigem Grundriss und mehreren kleineren Nebengebäuden. In Richtung Meer wurden Kanonenpodeste errichtet, die durch einen Bastionsdamm geschützt waren. Das Material für die Festungsanlage stammt zum Teil aus der aufgelassenen Klosteranlage der Augustiner im Bereich des heutigen Friedhofs.</p></div></div><div class='clear_column'></div><div class='content-column one_half'><div style="padding-right:6px;"><p>Nakon oduzimanja vlasti od strane Austrije tvrđava je nazvana &#8222;Baterija Andreas&#8220; (prema Andreas Hofer), poslije samo &#8222;Baterija&#8220;.</p></div></div><div class='content-column one_half last_column'><div style="padding-right:0px;padding-left:6px;"><p>Nach Machtübernahme durch die Österreicher wurde die Festung „Batterie Andreas“ (nach Andreas Hofer) und danach nur noch „Batterie“ genannt.</p></div></div><div class='clear_column'></div><div class='content-column one_half'><div style="padding-right:6px;"><p>Razvoj balistike doveo je do ukinuća vojne namjene niz fortifikacijskih građevina na obali i otocima.</p></div></div><div class='content-column one_half last_column'><div style="padding-right:0px;padding-left:6px;"><p>Die Entwicklung der Ballistik führte zur Abschaffung der militärischen Nutzung einer Reihe von Befestigungsanlagen an der Küste und auf den Inseln.</p></div></div><div class='clear_column'></div><div class='content-column one_half'><div style="padding-right:6px;"><p>Tvrđava Baterija Andreas je predana općini 19. lipnja 1859. godine, zajedno s tvrđavom Veneranda na zapadnoj strani luke, ćime prestaje njena obrambena namjena, a ujedno se može smatrati da tom godinom završava tisućljetno vojno značenje luke grada Hvara.</p></div></div><div class='content-column one_half last_column'><div style="padding-right:0px;padding-left:6px;"><p>Die Batterie Andreas wurde am 19. Juni 1859 zusammen mit der Festung Veneranda auf der Westseite des Hafens an die Gemeinde übergeben. Damit hörte ihr Verteidigungszweck auf und gleichzeitig die tausendjährige militärische Bedeutung des Hafens der Stadt Hvar.</p></div></div><div class='clear_column'></div><div class='content-column one_half'><div style="padding-right:6px;"><p>Na mjestu nekadašnje tvrđave podignut je spomenik poginulim vojnicima 1945. godine.</p></div></div><div class='content-column one_half last_column'><div style="padding-right:0px;padding-left:6px;"><p>Auf dem Gelände der ehemaligen Festung wurde im Jahr 1945 ein Denkmal für die gefallenen Soldaten aufgestellt.</p></div></div><div class='clear_column'></div></p>
<p style="text-align: right;"><span style="color: #3366ff;"><a style="color: #3366ff;" href="#seite_oben">natrag na vrh / Seitenanfang</a></span></p>
<hr />
<p><strong>Linkovi / Links</strong></p>
<p><span style="color: #3366ff;"><a style="color: #3366ff;" href="https://www.topohvar.at/orte/hv/hv-mo-08-1/">Spomenik palim borcima i ranjenicima VIII korpusa Vojne bolnice / Denkmal für die Gefallenen und Verwundeten des 8. Korps des Militärkrankenhauses</a><br />
<span style="font-family: 'Arial Narrow',sans-serif;"><span style="color: #3366ff;"><a style="color: #3366ff;" href="https://www.topohvar.at/orte/hv/hv-td-11-1/">Tvrđava Napoljun / Festung Napoleon</a></span><br />
<span style="color: #3366ff;"><a style="color: #3366ff;" href="https://www.topohvar.at/orte/hv/hv-td-14-1/">Tvrđava Venerande / Festung Venerande</a>  </span><br />
<span style="color: #3366ff;"><a style="color: #3366ff;" href="https://www.topohvar.at/orte/hv/hv-ca-05-1/">Bivši Augustinaca samostan »Sv. Nikole« / ehemaliges Augustinerkloster St. Nikolaus</a> </span></span><br />
</span></p>

<p>Ime / Name Tvrđava »Baterija Andreas na Križnome ratu ((baterija s lijeva)« / Festung &#8211; Batterie Andreas am Kreuzkap ( die linke Batterie) Code: HV-TD-09                                &hellip; <a href="https://www.topohvar.at/topo/orte/hv/hv-td-09-1/">Weiterlesen <span class="meta-nav">&rarr;</span></a></p>
