{"id":15065,"date":"2019-01-02T19:35:55","date_gmt":"2019-01-02T18:35:55","guid":{"rendered":"https:\/\/www.topohvar.at\/?page_id=15065"},"modified":"2024-07-22T16:38:11","modified_gmt":"2024-07-22T14:38:11","slug":"hv-td-10-1","status":"publish","type":"page","link":"https:\/\/www.topohvar.at\/topo\/orte\/hv\/hv-td-10-1\/","title":{"rendered":"HVAR &#8211; Tvr\u0111ava \u00bbGradska tvr\u0111ava, tvr\u0111ava Fortica, \u0160panjola\u00ab"},"content":{"rendered":"<p><a name=\"seite_oben\"><\/a><img loading=\"lazy\" decoding=\"async\" class=\"alignnone wp-image-15042 size-large\" src=\"https:\/\/www.topohvar.at\/wp-content\/uploads\/2019\/01\/HV-TD-10-1-1024x503.jpg\" alt=\"\" width=\"640\" height=\"314\" srcset=\"https:\/\/www.topohvar.at\/wp-content\/uploads\/2019\/01\/HV-TD-10-1-1024x503.jpg 1024w, https:\/\/www.topohvar.at\/wp-content\/uploads\/2019\/01\/HV-TD-10-1-300x147.jpg 300w, https:\/\/www.topohvar.at\/wp-content\/uploads\/2019\/01\/HV-TD-10-1-768x377.jpg 768w, https:\/\/www.topohvar.at\/wp-content\/uploads\/2019\/01\/HV-TD-10-1.jpg 1080w\" sizes=\"auto, (max-width: 640px) 100vw, 640px\" \/><\/p>\n<p><strong>Ime \/ Name<br \/>\n<\/strong>Tvr\u0111ava \u00bbGradska tvr\u0111ava, tvr\u0111ava Fortica, \u0160panjola\u00ab \/ Stadtburg, Festung Fortica,\u00a0\u0160panjola<\/p>\n<p><strong>Code: <\/strong>HV-TD-10\u00a0 \u00a0 \u00a0 \u00a0 \u00a0 \u00a0 \u00a0 \u00a0 \u00a0 \u00a0 \u00a0 \u00a0 \u00a0 \u00a0 \u00a0 \u00a0 \u00a0 \u00a0 \u00a0<strong><a href=\"https:\/\/www.topohvar.at\/orte\/hv\/hv-td-12-1\/\"><img loading=\"lazy\" decoding=\"async\" class=\"alignnone wp-image-533 size-full\" src=\"https:\/\/www.topohvar.at\/wp-content\/uploads\/2018\/07\/push-l-30.jpg\" alt=\"\" width=\"61\" height=\"30\" \/><\/a> <a href=\"https:\/\/www.topohvar.at\/orte\/hv\/\"><img loading=\"lazy\" decoding=\"async\" class=\"alignnone wp-image-535 size-full\" src=\"https:\/\/www.topohvar.at\/wp-content\/uploads\/2018\/07\/push-o-30.jpg\" alt=\"\" width=\"61\" height=\"30\" \/><\/a>\u00a0<a href=\"https:\/\/www.topohvar.at\/orte\/hv\/hv-td-09-1\/\"><img loading=\"lazy\" decoding=\"async\" class=\"alignnone wp-image-536 size-full\" src=\"https:\/\/www.topohvar.at\/wp-content\/uploads\/2018\/07\/push-r-30.jpg\" alt=\"\" width=\"61\" height=\"30\" \/><\/a><\/strong><\/p>\n<hr \/>\n<p><strong>Adresa \/ Adresse<br \/>\n<\/strong>Grad Hvar,\u00a0Utvrda Fortica, \u0160panjola<\/p>\n<p><strong>Lokacija \/ Position<a href=\"https:\/\/goo.gl\/maps\/ukUEVvQgwguGgJT48\"><img loading=\"lazy\" decoding=\"async\" class=\"alignright wp-image-16996\" src=\"https:\/\/www.topohvar.at\/wp-content\/uploads\/2019\/01\/0309.jpg\" alt=\"\" width=\"134\" height=\"100\" \/><\/a><br \/>\n<\/strong><span style=\"color: #3366ff;\"><a style=\"color: #3366ff;\" href=\"https:\/\/goo.gl\/maps\/ukUEVvQgwguGgJT48\">Latitude: N 43,17487\u00b0\u00a0 \u00a0Longitude: E 16,44186\u00b0<\/a> <\/span><strong><br \/>\n<\/strong>Visina \/ H\u00f6he: 90 m<\/p>\n<p><strong>Katastarska <\/strong><strong>\u010d<\/strong><strong>estica <\/strong><strong>\/ Grundst\u00fccke<br \/>\n<\/strong>*147, 343\/2<div class='content-column one_half'><div style=\"padding-right:6px;\"><p><strong>Datum snimanja \/ Erfassungsdatum<br \/>\n<\/strong>30.10.2014 10:22:55<\/p>\n<hr \/>\n<p><strong>Informacije<\/strong><\/p>\n<p>Nad sjevernim, starim dijelom grada Hvara, na brdu visine oko stotinjak metara, uzdi\u017ee se gradska tvr\u0111ava. Hvarani je tradicionalno zovu Fortica (od talijanski fortezza=utvrda), a od 16. st. i Trdava spanjola.<\/p><\/div><\/div><div class='content-column one_half last_column'><div style=\"padding-right:0px;padding-left:6px;\"><p><strong>Stupanj za\u0161tite <\/strong><strong>\/ Schutzstellung<br \/>\n<\/strong>Z-6362, RST 214-1964<\/p>\n<hr \/>\n<p><strong>Info<\/strong><\/p>\n<p>Die Stadtfestung erhebt sich \u00fcber dem n\u00f6rdlichen alten Stadtteil auf einem Berg von ungef\u00e4hr 100 m H\u00f6he. Die Hvaraner nennen sie traditionell Fortica (ital. Fortezze=Festung), sowie auch seit dem 16. Jahrhundert Festung Spanjola.<\/p><\/div><\/div><div class='clear_column'><\/div><div class='content-column one_half'><div style=\"padding-right:6px;\"><p>Fortica s gradskim zidinama predstavljala je neko\u0107 sredi\u0161nu obrambenu utvrdu grada Hvara, stoljetnu za\u0161titnicu grada i luke. O tome najbolje svjedo\u010di stari op\u0107inski grb Hvara na kojem je, pored nebeskog za\u0161titnika sv. Stjepana, Pape i mu\u010denika, prikazana i tvr\u0111ava.<\/p><\/div><\/div><div class='content-column one_half last_column'><div style=\"padding-right:0px;padding-left:6px;\"><p>Die Festung stellte mit ihren Stadtmauern die jahrhundertelange Grundverteidigungsanlage der Stadt und des Hafens dar. Am besten bezeugt dies das Gemeindewappen von Hvar, auf welchem sich neben dem Schutzpatronen, dem heiligen Peter, Papst und M\u00e4rtyrer auch die Festung befindet.<\/p><\/div><\/div><div class='clear_column'><\/div><div class='content-column one_half'><div style=\"padding-right:6px;\"><p>Danas pak, tvr\u0111ava je simbol jedne iznimno zna\u010dajne i burne povijesti ovog grada, a \u00a0vrlo dobra sa\u010duvanost, tlocrtna razvedenost, te izvrstan i slikovit polo\u017eaj, svrstavaju je u jednu od najljep\u0161ih gradskih utvrda na podru\u010dju hrvatske obale.<\/p><\/div><\/div><div class='content-column one_half last_column'><div style=\"padding-right:0px;padding-left:6px;\"><p>Heute jedoch ist die Festung ein Symbol f\u00fcr eine au\u00dfergew\u00f6hnliche bedeutende und st\u00fcrmische Geschichte (Vergangenheit), welche durch die Erhaltung und wegen der ausgezeichneten malerischen Lage zu einer der sch\u00f6nsten Stadtfestungen an der kroatischen K\u00fcste z\u00e4hlt.<\/p><\/div><\/div><div class='clear_column'><\/div><\/p>\n<div id=\"attachment_69230\" style=\"width: 1010px\" class=\"wp-caption aligncenter\"><img loading=\"lazy\" decoding=\"async\" aria-describedby=\"caption-attachment-69230\" class=\"wp-image-69230 size-full\" src=\"https:\/\/www.topohvar.at\/wp-content\/uploads\/2024\/07\/hv-td-10-90.jpg\" alt=\"\" width=\"1000\" height=\"493\" srcset=\"https:\/\/www.topohvar.at\/wp-content\/uploads\/2024\/07\/hv-td-10-90.jpg 1000w, https:\/\/www.topohvar.at\/wp-content\/uploads\/2024\/07\/hv-td-10-90-300x148.jpg 300w, https:\/\/www.topohvar.at\/wp-content\/uploads\/2024\/07\/hv-td-10-90-768x379.jpg 768w\" sizes=\"auto, (max-width: 1000px) 100vw, 1000px\" \/><p id=\"caption-attachment-69230\" class=\"wp-caption-text\"><em>Foto: Boris Kragi\u0107 (Facebook)<\/em><\/p><\/div>\n<div class='content-column one_half'><div style=\"padding-right:6px;\"><p>Iako je njen izgled uglavnom oblikovan u 16. st., tom zlatnom stolje\u0107u hvarskog graditeljstva, Fortica je mnogo drevniji i slojevitiji kulturno povijesni spomenik.\u00a0Temelji joj je\u017ee na prastarom obrambenom utvr\u0111enju iz prve polovice prvog\u00a0tisu\u0161lje\u0107a prije Krista, koje je stitilo ilirsko neselje na padini brda. Tijekom kasne antike tu se nalazila bizantska utvrda, izgra\u0111ena najvjerojatnje za vrijeme vladavine cara Justinijana u 6. st., a \u010diji se tragovi jo\u0161 mogu nazrijeti na dijelovima ju\u017ene obzide.<\/p><\/div><\/div><div class='content-column one_half last_column'><div style=\"padding-right:0px;padding-left:6px;\"><p>Auch wenn ihr Aussehen haupts\u00e4chlich im 16. Jahrhundert geformt wurde, dem goldenen Jahrhundert der Hvarer Baukunst, ist die Fortica ein viel \u00e4lteres und vielschichtigeres Geschichtsdenkmal. Ihre Grundsteine liegen auf der alten Verteidigungsfestung aus der ersten H\u00e4lfte des 1. Jahrhunderts vor Christus, welche de lllyrische Siedlung am Berghang gesch\u00fctzt hat. Im Laufe der sp\u00e4teren Antike befand sich hier eine byzantische Festung, die wahrscheinlich zur Regierungszeit des Kaisers Justitian im 6. Jahrhundert gebaut wurde, was man noch an den Spuren der s\u00fcdlichen Ummauerung erkennen kann.<\/p><\/div><\/div><div class='clear_column'><\/div><div class='content-column one_half'><div style=\"padding-right:6px;\"><p>Za\u010detak dana\u0161nje utvrde odre\u0111en je pak godinom 1282. kad je mleta\u010dka vlada, pod kojom se hvarska op\u0107ina tada nalazila, donijcla naredbu o njenoj gradnji.<\/p><\/div><\/div><div class='content-column one_half last_column'><div style=\"padding-right:0px;padding-left:6px;\"><p>Der Beginn der heutigen Festung wird jedoch mit dem Jahr 1282 bestimmt, als die venezianische Regierung, unter der sich die Hvarer Gemeinde damals befand, den Auftrag f\u00fcr deren Bau gab.<\/p><\/div><\/div><div class='clear_column'><\/div><div class='content-column one_half'><div style=\"padding-right:6px;\"><p>Tvr\u0111ava se gradila sporo i dugo, a sredstva za gradnju, te brojne preinake i popravke osiguravala je hvarska op\u0107ina, \u010desto iz prihoda od prodaje soli.<\/p><\/div><\/div><div class='content-column one_half last_column'><div style=\"padding-right:0px;padding-left:6px;\"><p>Die Festung wurde lange und langsam gebaut. Die Mittel f\u00fcr den Bau, zahlreiche Umbauten und Ausbesserungen sicherte die Hvarer Gemeinde oft aus den Einnahmen des Salzverkaufs.<\/p><\/div><\/div><div class='clear_column'><\/div><div class='content-column one_half'><div style=\"padding-right:6px;\"><p>Sredinom 16. st, to\u010dnije 1551. g. uglavnom je bila dovr\u0161ena, o \u010demu svjedo\u010de mleta\u010dki dr\u017eavni grb, grbovi tada\u0161nih hvarskih na\u010delnika i godina uklesana nad glavnim ju\u017enim vratima (Spominjemo da su tjekom 14. st. na tvr\u0111avi radili \u0161panjolski vojni in\u017eenjeri, \u0161to je mo\u017eda bio povod da se tvr\u0111ava kasnije nazvala Spanjola).\u00a0Posada se tijekom 16. st. sastojala od zapovjednika tvr\u0111ave (ka\u0161telana) i 12 vojnika, od \u010dega 4 topnika i jednog \u010duvara municije.<\/p><\/div><\/div><div class='content-column one_half last_column'><div style=\"padding-right:0px;padding-left:6px;\"><p>Im Jahr 1551 war die Festung fast fertig. Dies bezeugt das venezianische Staatswappen, sowie das Wappen der damaligen Vorsitzenden der Stadt Hvar und das eingemei\u00dfelte Jahr \u00fcber dem s\u00fcdlichen Haupttor (erw\u00e4hnenswert ist auch, dass w\u00e4hrend des 14. Jahrhunderts Ingenieure der spanischen Armee an der Festung gearbeitet haben, wonach diese Spanjola benannt wurde).\u00a0Im Verlauf des 16. Jahrhunderts bestand die Besatzung aus dem Befehlshaber der Festung (Kastelan) und 12 Soldaten, darunter vier Artilleristen und ein Munitionsw\u00e4chter.<\/p><\/div><\/div><div class='clear_column'><\/div><div class='content-column one_half'><div style=\"padding-right:6px;\"><p>Tvr\u0111ava je bila veleban wojni i graditeljski sklop. Sastojala je od \u010detiri kru\u017ene kule (bastiona), revelina, zidova merliranih zavr\u0161etaka (koji se jo\u0161 uvijek naziru), pu\u0161karnica, zrgrade u kojoj se \u010duvao barut, velike i jedne manje cisterne za vodu, prostorija za posadu, zatvora, kapelice posve\u0107ene sv. Ivanu Krstitelju, te brojnih hodnika, a sve izvedeno u slo\u017eenoj arhitektonskoj matrici, kakvu je diktirao vrlo nepravilan teren.<\/p><\/div><\/div><div class='content-column one_half last_column'><div style=\"padding-right:0px;padding-left:6px;\"><p>Die Festung bildete eine gro\u00dfartige milit\u00e4rische und bauliche Einheit. Sie bestand aus vier Rundt\u00fcrmen (Bastionen), Mauern mit Zinnenkranz (die noch immer zu erkennen sind), Schie\u00dfscharten, Geb\u00e4ude in denen Schiesspulver aufbewahrt wurde, eine gro\u00dfe und eine kleine Wasserzisterne, R\u00e4ume f\u00fcr die Besatzung, Gef\u00e4ngnis, eine kleine Kapelle die dem hl. Johannes dem T\u00e4ufer geweiht ist, sowie viele G\u00e4nge.\u00a0All das war nach einem komplizierten architektonischen Schema ausgef\u00fchrt, welches durch das unregelm\u00e4\u00dfige Gel\u00e4nde diktiert wurde.<\/p><\/div><\/div><div class='clear_column'><\/div><div class='content-column one_half'><div style=\"padding-right:6px;\"><p>O polukru\u017enoj kuli koju je knez Gierolimo Donado (Don\u00e0) dao podignuta na zapadnoj strani Fortice doznajemo iz zaisa hvarskog povjesni\u010dara Jo\u0161ka Kova\u010di\u0107a. Godine 1618. knez Donado izvje\u0161tava vlasti u Veneciji o popravku Fortice i pi\u0161e da je na zapadu dao podignuti novi <em>baloardo a mezza luna<\/em>. Vjerojatno je tada postavljen dr\u017eavni grb i natpis ili grb samog kneza. Sude\u0107i prema sa\u010duvanim lavovima na Fortici, i ovaj je, pretpostavljamo, bio tipa <em>andante<\/em>. Novoizgra\u0111ena kula vidjliva je na crte\u017eu venecijanskog vojnog in\u017eenjera Guiseppa Santinija (1668.) i veduti Giorgija Iustera (1708.).<\/p><\/div><\/div><div class='content-column one_half last_column'><div style=\"padding-right:0px;padding-left:6px;\"><p>\u00dcber einen halbkreisf\u00f6rmigen Turm, den F\u00fcrst Gierolim Donado (Don\u00e0) auf der Westseite der Festung errichten lie\u00df, wissen wir aus den Forschungen des Hvarer Historikers Jo\u0161ko Kova\u010di\u0107. Im Jahr 1618 informierte F\u00fcrst Donado die Beh\u00f6rden in Venedig die Festung instand gesetzt zu haben und schreibt, dass er im Westen einen neuen halbkreisf\u00f6rmigen Turm bauen lie\u00df. Wahrscheinlich wurde dabei das Staatswappen mit Inschrift oder das Wappen des F\u00fcrsten selbst gesetzt. Geht man von den erhaltenen L\u00f6wen der Festung aus, war auch dieser vermutlich vom Typ \u201egehend\u201c. Der neu gebaute Turm ist auf der Zeichnung des venezianischen Milit\u00e4ringenieurs Guiseppe Santini (1668) und der Vedute von Giorgio Iuster (1708) zu sehen.<\/p><\/div><\/div><div class='clear_column'><\/div><div class='content-column one_half'><div style=\"padding-right:6px;\"><p>Nakon mleta\u010dko-turskih ratova Fortica je po\u010dela gubiti va\u017enost i u vrlo lo\u0161en stanju je do\u010dekala francusku upravu. No 1809.g. zbili su se burni doga\u0111aji: prema izvje\u0161taju op\u0107inskog tajnika Petra Bu\u010di\u0107a pisanom desetak godina kasnije, mali broj francuskih pandura, na \u010delu s pukovnikom Jakovom Celijem-Cegom, prije odlaska miniralo je \u201enajja\u010du kulu Fortice\u201c \u2013 Donadovu kulu. Tako su dio Fortice i kameni i lav ostali zauvijek izgubljeni.<\/p><\/div><\/div><div class='content-column one_half last_column'><div style=\"padding-right:0px;padding-left:6px;\"><p>Nach den venezianischen-t\u00fcrkischen Kriegen begann die Festung an Bedeutung zu verlieren und befand sich bis zur franz\u00f6sisch Verwaltung in einem sehr schlechten Zustand. Das Jahr 1809 brachte turbulente Ereignisse: nach einem Bericht des Gemeindesekret\u00e4rs Peter Hantel, etwa zehn Jahre sp\u00e4ter geschrieben, sprengten einige franz\u00f6sische Wachen, angef\u00fchrt von Oberst Jakob Celije-Cego, bevor sie abzogen den \u201eh\u00f6chsten Turm der Festung\u201c \u2013 den Donado Turm. Ein Teil der Festung, Steine und der L\u00f6we waren f\u00fcr immer verloren.<\/p><\/div><\/div><div class='clear_column'><\/div><div class='content-column one_half'><div style=\"padding-right:6px;\"><p>Pa je tako po\u010detkom 19. st., za vrijeme austrijske vladavine izgra\u0111ena nova, velika vojama nova barutana, a sredinom istog stolje\u0107a prostrani magazin, te povi\u0161eni oja\u010dani grudobrani. Kad je u drugoj polovici 19. st. Grad Hvar izgubio vojni zna\u010dai, tyr\u0111ava je ostala napu\u0161tena i zapu\u0161tena.<\/p>\n<p style=\"text-align: left;\"><\/div><\/div><div class='content-column one_half last_column'><div style=\"padding-right:0px;padding-left:6px;\"><p>Dann zu Anfang des 19. Jahrhunderts, in der Zeit der \u00f6sterreichischen Herrschaft wurde eine neue gro\u00dfe Kaserne gebaut und Mitte des gleichen Jahrhunderts ein weitr\u00e4umiges Magazin, sowie h\u00f6here und st\u00e4rkere Wehrg\u00e4nge. Als die Stadt in der zweiten H\u00e4lfte des 19. Jahrhunderts seine milit\u00e4rische Bedeutung verlor, blieb die Festung verlassen und verwahrlost.<\/div><\/div><div class='clear_column'><\/div><\/p>\n<p style=\"text-align: center;\"><em>(Izvor: Marinko Petri\u0107, vi\u0161i kustos MHB-a)<\/em><\/p>\n<div id=\"attachment_20687\" style=\"width: 650px\" class=\"wp-caption alignnone\"><img loading=\"lazy\" decoding=\"async\" aria-describedby=\"caption-attachment-20687\" class=\"wp-image-20687 size-full\" src=\"https:\/\/www.topohvar.at\/wp-content\/uploads\/2019\/03\/hv-td-10-25.jpg\" alt=\"\" width=\"640\" height=\"353\" srcset=\"https:\/\/www.topohvar.at\/wp-content\/uploads\/2019\/03\/hv-td-10-25.jpg 640w, https:\/\/www.topohvar.at\/wp-content\/uploads\/2019\/03\/hv-td-10-25-300x165.jpg 300w\" sizes=\"auto, (max-width: 640px) 100vw, 640px\" \/><p id=\"caption-attachment-20687\" class=\"wp-caption-text\">Zid s grbom u zapadnoj kuli \/ Wappenwand im Westturm<\/p><\/div>\n<div class='content-column one_half'><div style=\"padding-right:6px;\"><p>U Fortici su dvije gustirne. Odmah isto\u010dno od ulaza je velu gustirnu. Pjover (sakupljali\u0161te ki\u0161nice) je originalni plo\u010dnik, naravno obnovljen, velike povr\u0161ine na kojoj su dva sakuplja\u010da -filtera, jedan originalni kameni, a drugi noviji betonski, svaki s po \u010detiri otvora. Gustirna je u \u017eivoj stijeni koja izvrsno \u010duva vodu. Kruna, visine 85 cm, je gra\u0111ena od cigle, a izvana je o\u017ebukana (inkartona) s kamenim obrubom dimenzija 118 x 118 cm. Vode je puno i pitka je jer je to blago s neba &#8211; ki\u0161nica. Do prije 60-70 godina tu su vodu koristili svi stanovnici Hvara, posebno oni iz Grode i Gojave.<\/p><\/div><\/div><div class='content-column one_half last_column'><div style=\"padding-right:0px;padding-left:6px;\"><p>Auf der Festung gibt es zwei Zisternen. Unmittelbar \u00f6stlich des Eingangs ist eine Zisterne. Die Sammlung des Regenwassers erfolgte urspr\u00fcnglich \u00fcber die gro\u00dfe Fl\u00e4che des B\u00fcrgersteigs, nat\u00fcrlich renoviert, \u00fcber zwei Filterkollektoren, einer aus Stein und ein neuerer aus Beton, mit jeweils vier \u00d6ffnungen. Die Zisterne selbst ist aus dem gewachsenen Fels gehauen, der einen exzellenten Schutz f\u00fcr das Wasser bildet. Die Krone hat eine H\u00f6he 85 cm, besteht aus Ziegeln und hat eine Steinabdeckung im Ausma\u00df von 118 x 118 cm. Das Wasser ist trinkbar, weil es vom Himmel kommt \u2013 Regenwasser. Vor 60 bis 70 Jahren nutzten die Bewohner von Hvar noch dieses Wasser, vor allem jene aus Groda und Gojave.<\/p><\/div><\/div><div class='clear_column'><\/div><div class='content-column one_half'><div style=\"padding-right:6px;\"><p>Ta manja gustirna nalazi se u jugozapadnom dijelu tvr\u0111ave, ispod najvi\u0161e kule na kojoj se vijori zastava. Ki\u0161nicu je primala sa stepenica i spomenute kule. Dana\u0161nja kruna oblo\u017eena je kamenim plo\u010dama, a iznutra j e originalna cigla. Dimenzije krune su 102 x 92, visine 82 cm. Zapremnina joj je 22 vagona.<\/p><\/div><\/div><div class='content-column one_half last_column'><div style=\"padding-right:0px;padding-left:6px;\"><p>Die kleinere Zisterne befindet sich im s\u00fcdwestlichen Teil der Festung, unterhalb des h\u00f6chsten Turms mit der Flagge. Der Regen kam von der Treppe und dem Turm. Die Krone aus Ziegelsteinen ist heute mit Steinplatten verkleidet. Die Ma\u00dfe der Krone sind 102 x 92 cm, ihre H\u00f6he 82 cm. Ihre Kapazit\u00e4t betr\u00e4gt 22 Wagen.<\/p><\/div><\/div><div class='clear_column'><\/div><\/p>\n<hr \/>\n<p><img loading=\"lazy\" decoding=\"async\" class=\"size-full wp-image-20682 aligncenter\" src=\"https:\/\/www.topohvar.at\/wp-content\/uploads\/2019\/03\/hv-td-10-26.jpg\" alt=\"\" width=\"373\" height=\"300\" srcset=\"https:\/\/www.topohvar.at\/wp-content\/uploads\/2019\/03\/hv-td-10-26.jpg 373w, https:\/\/www.topohvar.at\/wp-content\/uploads\/2019\/03\/hv-td-10-26-300x241.jpg 300w\" sizes=\"auto, (max-width: 373px) 100vw, 373px\" \/><\/p>\n<hr \/>\n<div class='content-column one_half'><div style=\"padding-right:6px;\"><p><strong>Muzej \/\u00a0Hidroarheolo\u0161ka zbirka \u201cFortica\u201d<\/strong><\/p>\n<p>Zbirka na utvrda Fortica otvorena je za javnost 1986. godine. Sadr\u017eava zbirku amfora i kerami\u010dkog posu\u0111a.<\/p><\/div><\/div><div class='content-column one_half last_column'><div style=\"padding-right:0px;padding-left:6px;\"><p><strong>Museum \/\u00a0Hydroarch\u00e4ologische Sammlung &#8222;Fortica&#8220;<\/strong><\/p>\n<p>Die Sammlung auf der Festung Fortica wurde im Jahr 1986 f\u00fcr die \u00d6ffentlichkeit zug\u00e4nglich gemacht. Sie enth\u00e4lt eine Sammlung von Amphoren und T\u00f6pferwaren.\u00a0<\/div><\/div><div class='clear_column'><\/div><\/p>\n<p style=\"text-align: center;\"><em>(35_24_1_4_1993_Marinko_Petric.pdf &#8211; Pregled zna\u010dajnijih muzejskih i galerijskih zbirki Otoka Hvara)<\/em><\/p>\n<p><img loading=\"lazy\" decoding=\"async\" class=\"aligncenter wp-image-23989 size-large\" src=\"https:\/\/www.topohvar.at\/wp-content\/uploads\/2019\/08\/hv-td-10-30-1024x503.jpg\" alt=\"\" width=\"640\" height=\"314\" srcset=\"https:\/\/www.topohvar.at\/wp-content\/uploads\/2019\/08\/hv-td-10-30-1024x503.jpg 1024w, https:\/\/www.topohvar.at\/wp-content\/uploads\/2019\/08\/hv-td-10-30-300x147.jpg 300w, https:\/\/www.topohvar.at\/wp-content\/uploads\/2019\/08\/hv-td-10-30-768x377.jpg 768w, https:\/\/www.topohvar.at\/wp-content\/uploads\/2019\/08\/hv-td-10-30.jpg 1080w\" sizes=\"auto, (max-width: 640px) 100vw, 640px\" \/><\/p>\n<hr \/>\n<div class='content-column one_half'><div style=\"padding-right:6px;\"><p>Fortica \u0107e za posjetitelje biti otvorena od 9 do 21 sat. Cijena ulaznice za posjetitelje gradske tvr\u0111ave Fortica u iznosu od 40,00 kuna s uklju\u010denim PDV-om napla\u0107ivat \u0107e se od 18. lipnja 2020. godine. Djeci do 7 godina ulaz je besplatan, a mladima od 7 do 16 godina napla\u0107uje se 50% cijene tj. 20,00 kuna. Za agencijske grupe iznad 10 osoba kojima se naplata vr\u0161i putem vouchera na cijenu ulaznice od 40,00 kuna odobrava se popust od 10%, a vodi\u010dima grupa ulaz je besplatan (Status: rujan 2020).<\/p><\/div><\/div><div class='content-column one_half last_column'><div style=\"padding-right:0px;padding-left:6px;\"><p>Die Fortica ist von 9 bis 21 Uhr f\u00fcr Besucher ge\u00f6ffnet. Der Ticketpreis f\u00fcr Besucher der Festung Fortica betr\u00e4gt 40,00 HRK einschlie\u00dflich Mehrwertsteuer u,nd wird ab dem 18. Juni 2020 berechnet. Der Eintritt ist f\u00fcr Kinder bis 7 Jahre frei, Jugendliche von 7 bis 16 Jahren zahlen 20,00. HRK. F\u00fcr Besuchergruppen mit mehr als 10 Personen, wird ein Rabatt von 10% auf den Ticketpreis von HRK 40,00 gew\u00e4hrt, der Eintritt ist f\u00fcr Gruppenf\u00fchrer ist kostenlos (Stand September 2020).<\/p><\/div><\/div><div class='clear_column'><\/div><\/p>\n<p style=\"text-align: right;\"><span style=\"color: #3366ff;\"><a style=\"color: #3366ff;\" href=\"#seite_oben\">natrag na vrh \/ Seitenanfang<\/a><\/span><\/p>\n<hr \/>\n<p><strong>Linkovi \/ Links<\/strong><\/p>\n<p><span style=\"color: #3366ff;\"><a style=\"color: #3366ff;\" href=\"https:\/\/www.topohvar.at\/orte\/hv\/hv-ir-10-1\/\">Reljef plo\u010da \u00bbNa ju\u017enom ulazu \u0160panjole\u00ab \/ Reliefplatte beim S\u00fcdeingang der Festung<\/a><\/span><br \/>\n<span style=\"color: #3366ff;\"><a style=\"color: #3366ff;\" href=\"https:\/\/www.topohvar.at\/orte\/hv\/hv-ir-11-1\/\">Reljef \u00bbIznad glavnih vrata \u0160panjole\u00ab \/ Relief \u00fcber dem Haupttor der Festung<\/a><\/span><br \/>\n<span style=\"color: #3366ff;\"><a style=\"color: #3366ff;\" href=\"https:\/\/www.topohvar.at\/orte\/hv\/hv-ir-12-1\/\">Reljef \u00bbLav sv. Marka na jugoisto\u010dnoj bastionu Fortice\u00ab \/ Markusl\u00f6we auf der s\u00fcd\u00f6stlichen Bastion der Festung<\/a><\/span><br \/>\n<span style=\"color: #3366ff;\"><a style=\"color: #3366ff;\" href=\"https:\/\/www.topohvar.at\/orte\/hv\/hv-ir-13-1\/\">Reljef \u00bbLav sv. Marka na ju\u017enom bastionu Fortice\u00ab\u00a0\/ Markusl\u00f6we auf der s\u00fcdlichen Bastion der Festung<\/a><\/span><br \/>\n<span style=\"color: #3366ff;\"><a style=\"color: #3366ff;\" href=\"https:\/\/www.topohvar.at\/orte\/hv\/hv-ir-14-1\/\">Reljef \u00bbLav sv. Marka na jugozapadnom bastionu Fortice\u00ab\u00a0\/ Markusl\u00f6we auf der s\u00fcdwestlichen Bastion der Festung<\/a><\/span><br \/>\n<span style=\"color: #3366ff;\"><a style=\"color: #3366ff;\" href=\"https:\/\/www.topohvar.at\/orte\/hv\/hv-ir-15-1\/\">Reljef \u00bbLav sv. Marka na sjevernom bastionu Fortice\u00ab\u00a0\/ Markusl\u00f6we auf der n\u00f6rdlichen Bastion der Festung<\/a><\/span><\/p>\n","protected":false},"excerpt":{"rendered":"<p>Ime \/ Name Tvr\u0111ava \u00bbGradska tvr\u0111ava, tvr\u0111ava Fortica, \u0160panjola\u00ab \/ Stadtburg, Festung Fortica,\u00a0\u0160panjola Code: HV-TD-10\u00a0 \u00a0 \u00a0 \u00a0 \u00a0 \u00a0 \u00a0 \u00a0 \u00a0 \u00a0 \u00a0 \u00a0 \u00a0 \u00a0 \u00a0 \u00a0 \u00a0 \u00a0 \u00a0 \u00a0 Adresa \/ Adresse Grad Hvar,\u00a0Utvrda Fortica, &hellip; <a href=\"https:\/\/www.topohvar.at\/topo\/orte\/hv\/hv-td-10-1\/\">Weiterlesen <span class=\"meta-nav\">&rarr;<\/span><\/a><\/p>\n","protected":false},"author":1,"featured_media":0,"parent":80,"menu_order":0,"comment_status":"closed","ping_status":"closed","template":"","meta":{"footnotes":""},"class_list":["post-15065","page","type-page","status-publish","hentry"],"_links":{"self":[{"href":"https:\/\/www.topohvar.at\/topo\/wp-json\/wp\/v2\/pages\/15065","targetHints":{"allow":["GET"]}}],"collection":[{"href":"https:\/\/www.topohvar.at\/topo\/wp-json\/wp\/v2\/pages"}],"about":[{"href":"https:\/\/www.topohvar.at\/topo\/wp-json\/wp\/v2\/types\/page"}],"author":[{"embeddable":true,"href":"https:\/\/www.topohvar.at\/topo\/wp-json\/wp\/v2\/users\/1"}],"replies":[{"embeddable":true,"href":"https:\/\/www.topohvar.at\/topo\/wp-json\/wp\/v2\/comments?post=15065"}],"version-history":[{"count":37,"href":"https:\/\/www.topohvar.at\/topo\/wp-json\/wp\/v2\/pages\/15065\/revisions"}],"predecessor-version":[{"id":69231,"href":"https:\/\/www.topohvar.at\/topo\/wp-json\/wp\/v2\/pages\/15065\/revisions\/69231"}],"up":[{"embeddable":true,"href":"https:\/\/www.topohvar.at\/topo\/wp-json\/wp\/v2\/pages\/80"}],"wp:attachment":[{"href":"https:\/\/www.topohvar.at\/topo\/wp-json\/wp\/v2\/media?parent=15065"}],"curies":[{"name":"wp","href":"https:\/\/api.w.org\/{rel}","templated":true}]}}