{"id":15216,"date":"2019-01-04T18:27:54","date_gmt":"2019-01-04T17:27:54","guid":{"rendered":"https:\/\/www.topohvar.at\/?page_id=15216"},"modified":"2021-11-26T19:42:01","modified_gmt":"2021-11-26T18:42:01","slug":"hv-tg-97-1","status":"publish","type":"page","link":"https:\/\/www.topohvar.at\/topo\/orte\/hv\/hv-tg-97-1\/","title":{"rendered":"HVAR &#8211; Zgrada \u00bbOpservatori, isto\u010dna zgrada\u00ab"},"content":{"rendered":"<p><a name=\"seite_oben\"><\/a><br \/>\n<img loading=\"lazy\" decoding=\"async\" class=\"alignnone wp-image-15198 size-large\" src=\"https:\/\/www.topohvar.at\/wp-content\/uploads\/2019\/01\/HV-TG-97-1-1024x503.jpg\" alt=\"\" width=\"640\" height=\"314\" srcset=\"https:\/\/www.topohvar.at\/wp-content\/uploads\/2019\/01\/HV-TG-97-1-1024x503.jpg 1024w, https:\/\/www.topohvar.at\/wp-content\/uploads\/2019\/01\/HV-TG-97-1-300x147.jpg 300w, https:\/\/www.topohvar.at\/wp-content\/uploads\/2019\/01\/HV-TG-97-1-768x377.jpg 768w, https:\/\/www.topohvar.at\/wp-content\/uploads\/2019\/01\/HV-TG-97-1.jpg 1080w\" sizes=\"auto, (max-width: 640px) 100vw, 640px\" \/><\/p>\n<p><strong>Ime \/ Name<br \/>\n<\/strong>Zgrada \u00bbOpservatori, isto\u010dna zgrada\u00ab \/ Geb\u00e4ude &#8211; Observatorium, \u00f6stliches Geb\u00e4ude<\/p>\n<p><strong>Code: <\/strong>HV-TG-97\u00a0 \u00a0 \u00a0 \u00a0 \u00a0 \u00a0 \u00a0 \u00a0 \u00a0 \u00a0 \u00a0 \u00a0 \u00a0 \u00a0 \u00a0 \u00a0 \u00a0 \u00a0\u00a0<a href=\"https:\/\/www.topohvar.at\/hv-tg-92-1\/\"><img loading=\"lazy\" decoding=\"async\" class=\"alignnone wp-image-12300 size-full\" src=\"https:\/\/www.topohvar.at\/wp-content\/uploads\/2018\/09\/push-vor-30.jpg\" alt=\"\" width=\"61\" height=\"30\" \/><\/a>\u00a0<strong><a href=\"https:\/\/www.topohvar.at\/orte\/hv\/hv-tg-98-1\/\"><img loading=\"lazy\" decoding=\"async\" class=\"alignnone wp-image-533 size-full\" src=\"https:\/\/www.topohvar.at\/wp-content\/uploads\/2018\/07\/push-l-30.jpg\" alt=\"\" width=\"61\" height=\"30\" \/><\/a> <a href=\"https:\/\/www.topohvar.at\/orte\/hv\/\"><img loading=\"lazy\" decoding=\"async\" class=\"alignnone wp-image-535 size-full\" src=\"https:\/\/www.topohvar.at\/wp-content\/uploads\/2018\/07\/push-o-30.jpg\" alt=\"\" width=\"61\" height=\"30\" \/><\/a> <a href=\"https:\/\/www.topohvar.at\/orte\/hv\/hv-tg-01-1\/\"><img loading=\"lazy\" decoding=\"async\" class=\"alignnone wp-image-536 size-full\" src=\"https:\/\/www.topohvar.at\/wp-content\/uploads\/2018\/07\/push-r-30.jpg\" alt=\"\" width=\"61\" height=\"30\" \/><\/a>\u00a0<a href=\"https:\/\/www.topohvar.at\/hv-tg-65-1\/\"><img loading=\"lazy\" decoding=\"async\" class=\"alignnone wp-image-12299 size-full\" src=\"https:\/\/www.topohvar.at\/wp-content\/uploads\/2018\/09\/push-next-30.jpg\" alt=\"\" width=\"61\" height=\"30\" \/><\/a><\/strong><\/p>\n<hr \/>\n<p><strong>Adresa \/ Adresse<br \/>\n<\/strong>Grad Hvar,\u00a0Put Poljuna 4<\/p>\n<p><strong>Lokacija<\/strong><strong> \/ Position<a href=\"https:\/\/goo.gl\/maps\/jhmLkmQd895j4FYY6\"><img loading=\"lazy\" decoding=\"async\" class=\"alignright wp-image-17490\" src=\"https:\/\/www.topohvar.at\/wp-content\/uploads\/2019\/01\/0381.jpg\" alt=\"\" width=\"134\" height=\"100\" \/><\/a><br \/>\n<\/strong><span style=\"color: #3366ff;\"><a style=\"color: #3366ff;\" href=\"https:\/\/goo.gl\/maps\/jhmLkmQd895j4FYY6\">Latitude: N 43,17878\u00b0\u00a0 \u00a0Longitude: E 16,44857\u00b0<\/a> <\/span><strong><br \/>\n<\/strong>Visina \/ H\u00f6he: 203 m<\/p>\n<p><strong>Katastarska <\/strong><strong>\u010d<\/strong><strong>estica <\/strong><strong>\/ Grundst\u00fccke<br \/>\n<\/strong>1582\/19<div class='content-column one_half'><div style=\"padding-right:6px;\"><p><strong>Datum snimanja \/ Erfassungsdatum<br \/>\n<\/strong>23.05.2013 12:00:00<\/p>\n<hr \/>\n<p><strong>Informacije<\/strong><\/p>\n<p>U okviru bilateralne suradnje Republike Austrije i Republike Hrvatske, 1997. g. dolazi do zna\u010dajnog pro\u0161irenja opa\u017ea\u010dkih kapaciteta Opservatorija Hvar kada je zavr\u0161ena izgradnja novog paviljona i postavljanje austrijsko-hrvatskog 1-metarskog teleskopa na platou sjeverozapadno od tvr\u0111ave Napoljun. Nositelji provedbe bili su Opservatorij Hvar i Sveu\u010dili\u0161na zvjezdarnica u Be\u010du.<\/p><\/div><\/div><div class='content-column one_half last_column'><div style=\"padding-right:0px;padding-left:6px;\"><p><strong>Stupanj za\u0161tite<\/strong><strong> \/ Schutzstellung<br \/>\n<\/strong>&#8211;<\/p>\n<hr \/>\n<p><strong>Info<\/strong><\/p>\n<p>Im Rahmen der bilateralen Zusammenarbeit zwischen der Republik \u00d6sterreich und der Republik Kroatien, erfolgte im Jahr 1997 durch die Fertigstellung des neuen Observatoriums eine deutliche Ausweitung der Beobachtungskapazit\u00e4ten. Auf einem Plateau nordwestlich der Festung wurde das \u00f6sterreichisch-kroatische 1-Meter Teleskop in Betrieb genommen. Tr\u00e4ger der Umsetzung waren das Observatorium Hvar und das Universit\u00e4tsobservatorium in Wien.<\/p><\/div><\/div><div class='clear_column'><\/div><\/p>\n<p style=\"text-align: right;\"><span style=\"color: #3366ff;\"><a style=\"color: #3366ff;\" href=\"#seite_oben\">natrag na vrh \/ Seitenanfang<\/a><\/span><\/p>\n<hr \/>\n<p><strong>Linkovi \/ Links<\/strong><\/p>\n<p><span style=\"color: #3366ff;\"><a style=\"color: #3366ff;\" href=\"https:\/\/www.topohvar.at\/orte\/hv\/hv-tg-98-1\/\">Zgrada \u00bbOpservatori, Hvratsko &#8211; Austrijski 1 m Teleskop\u00ab \/ Geb\u00e4ude &#8211; Observatorium kroatisch-\u00f6sterreichisches 1m Teleskop<\/a><br \/>\n<a style=\"color: #3366ff;\" href=\"https:\/\/www.topohvar.at\/orte\/hv\/hv-is-18-1\/\">Spomen plo\u010da na zgradi hrvatsko-austrijskog 1 m teleskopa \/ Gedenktafel am Geb\u00e4ude des Kroatisch-\u00d6sterreichischen 1 m Teleskops<\/a><\/span><\/p>\n<p>&nbsp;<\/p>\n","protected":false},"excerpt":{"rendered":"<p>Ime \/ Name Zgrada \u00bbOpservatori, isto\u010dna zgrada\u00ab \/ Geb\u00e4ude &#8211; Observatorium, \u00f6stliches Geb\u00e4ude Code: HV-TG-97\u00a0 \u00a0 \u00a0 \u00a0 \u00a0 \u00a0 \u00a0 \u00a0 \u00a0 \u00a0 \u00a0 \u00a0 \u00a0 \u00a0 \u00a0 \u00a0 \u00a0 \u00a0\u00a0\u00a0 \u00a0 Adresa \/ Adresse Grad Hvar,\u00a0Put Poljuna 4 &hellip; <a href=\"https:\/\/www.topohvar.at\/topo\/orte\/hv\/hv-tg-97-1\/\">Weiterlesen <span class=\"meta-nav\">&rarr;<\/span><\/a><\/p>\n","protected":false},"author":1,"featured_media":0,"parent":80,"menu_order":0,"comment_status":"closed","ping_status":"closed","template":"","meta":{"footnotes":""},"class_list":["post-15216","page","type-page","status-publish","hentry"],"_links":{"self":[{"href":"https:\/\/www.topohvar.at\/topo\/wp-json\/wp\/v2\/pages\/15216","targetHints":{"allow":["GET"]}}],"collection":[{"href":"https:\/\/www.topohvar.at\/topo\/wp-json\/wp\/v2\/pages"}],"about":[{"href":"https:\/\/www.topohvar.at\/topo\/wp-json\/wp\/v2\/types\/page"}],"author":[{"embeddable":true,"href":"https:\/\/www.topohvar.at\/topo\/wp-json\/wp\/v2\/users\/1"}],"replies":[{"embeddable":true,"href":"https:\/\/www.topohvar.at\/topo\/wp-json\/wp\/v2\/comments?post=15216"}],"version-history":[{"count":9,"href":"https:\/\/www.topohvar.at\/topo\/wp-json\/wp\/v2\/pages\/15216\/revisions"}],"predecessor-version":[{"id":53710,"href":"https:\/\/www.topohvar.at\/topo\/wp-json\/wp\/v2\/pages\/15216\/revisions\/53710"}],"up":[{"embeddable":true,"href":"https:\/\/www.topohvar.at\/topo\/wp-json\/wp\/v2\/pages\/80"}],"wp:attachment":[{"href":"https:\/\/www.topohvar.at\/topo\/wp-json\/wp\/v2\/media?parent=15216"}],"curies":[{"name":"wp","href":"https:\/\/api.w.org\/{rel}","templated":true}]}}

HVAR &#8211; Zgrada »Opservatori, istočna zgrada«

<p><a name="seite_oben"></a><br />
<img loading="lazy" decoding="async" class="alignnone wp-image-15198 size-large" src="https://www.topohvar.at/wp-content/uploads/2019/01/HV-TG-97-1-1024x503.jpg" alt="" width="640" height="314" srcset="https://www.topohvar.at/wp-content/uploads/2019/01/HV-TG-97-1-1024x503.jpg 1024w, https://www.topohvar.at/wp-content/uploads/2019/01/HV-TG-97-1-300x147.jpg 300w, https://www.topohvar.at/wp-content/uploads/2019/01/HV-TG-97-1-768x377.jpg 768w, https://www.topohvar.at/wp-content/uploads/2019/01/HV-TG-97-1.jpg 1080w" sizes="auto, (max-width: 640px) 100vw, 640px" /></p>
<p><strong>Ime / Name<br />
</strong>Zgrada »Opservatori, istočna zgrada« / Gebäude &#8211; Observatorium, östliches Gebäude</p>
<p><strong>Code: </strong>HV-TG-97                                    <a href="https://www.topohvar.at/hv-tg-92-1/"><img loading="lazy" decoding="async" class="alignnone wp-image-12300 size-full" src="https://www.topohvar.at/wp-content/uploads/2018/09/push-vor-30.jpg" alt="" width="61" height="30" /></a> <strong><a href="https://www.topohvar.at/orte/hv/hv-tg-98-1/"><img loading="lazy" decoding="async" class="alignnone wp-image-533 size-full" src="https://www.topohvar.at/wp-content/uploads/2018/07/push-l-30.jpg" alt="" width="61" height="30" /></a> <a href="https://www.topohvar.at/orte/hv/"><img loading="lazy" decoding="async" class="alignnone wp-image-535 size-full" src="https://www.topohvar.at/wp-content/uploads/2018/07/push-o-30.jpg" alt="" width="61" height="30" /></a> <a href="https://www.topohvar.at/orte/hv/hv-tg-01-1/"><img loading="lazy" decoding="async" class="alignnone wp-image-536 size-full" src="https://www.topohvar.at/wp-content/uploads/2018/07/push-r-30.jpg" alt="" width="61" height="30" /></a> <a href="https://www.topohvar.at/hv-tg-65-1/"><img loading="lazy" decoding="async" class="alignnone wp-image-12299 size-full" src="https://www.topohvar.at/wp-content/uploads/2018/09/push-next-30.jpg" alt="" width="61" height="30" /></a></strong></p>
<hr />
<p><strong>Adresa / Adresse<br />
</strong>Grad Hvar, Put Poljuna 4</p>
<p><strong>Lokacija</strong><strong> / Position<a href="https://goo.gl/maps/jhmLkmQd895j4FYY6"><img loading="lazy" decoding="async" class="alignright wp-image-17490" src="https://www.topohvar.at/wp-content/uploads/2019/01/0381.jpg" alt="" width="134" height="100" /></a><br />
</strong><span style="color: #3366ff;"><a style="color: #3366ff;" href="https://goo.gl/maps/jhmLkmQd895j4FYY6">Latitude: N 43,17878°   Longitude: E 16,44857°</a> </span><strong><br />
</strong>Visina / Höhe: 203 m</p>
<p><strong>Katastarska </strong><strong>č</strong><strong>estica </strong><strong>/ Grundstücke<br />
</strong>1582/19<div class='content-column one_half'><div style="padding-right:6px;"><p><strong>Datum snimanja / Erfassungsdatum<br />
</strong>23.05.2013 12:00:00</p>
<hr />
<p><strong>Informacije</strong></p>
<p>U okviru bilateralne suradnje Republike Austrije i Republike Hrvatske, 1997. g. dolazi do značajnog proširenja opažačkih kapaciteta Opservatorija Hvar kada je završena izgradnja novog paviljona i postavljanje austrijsko-hrvatskog 1-metarskog teleskopa na platou sjeverozapadno od tvrđave Napoljun. Nositelji provedbe bili su Opservatorij Hvar i Sveučilišna zvjezdarnica u Beču.</p></div></div><div class='content-column one_half last_column'><div style="padding-right:0px;padding-left:6px;"><p><strong>Stupanj zaštite</strong><strong> / Schutzstellung<br />
</strong>&#8211;</p>
<hr />
<p><strong>Info</strong></p>
<p>Im Rahmen der bilateralen Zusammenarbeit zwischen der Republik Österreich und der Republik Kroatien, erfolgte im Jahr 1997 durch die Fertigstellung des neuen Observatoriums eine deutliche Ausweitung der Beobachtungskapazitäten. Auf einem Plateau nordwestlich der Festung wurde das österreichisch-kroatische 1-Meter Teleskop in Betrieb genommen. Träger der Umsetzung waren das Observatorium Hvar und das Universitätsobservatorium in Wien.</p></div></div><div class='clear_column'></div></p>
<p style="text-align: right;"><span style="color: #3366ff;"><a style="color: #3366ff;" href="#seite_oben">natrag na vrh / Seitenanfang</a></span></p>
<hr />
<p><strong>Linkovi / Links</strong></p>
<p><span style="color: #3366ff;"><a style="color: #3366ff;" href="https://www.topohvar.at/orte/hv/hv-tg-98-1/">Zgrada »Opservatori, Hvratsko &#8211; Austrijski 1 m Teleskop« / Gebäude &#8211; Observatorium kroatisch-österreichisches 1m Teleskop</a><br />
<a style="color: #3366ff;" href="https://www.topohvar.at/orte/hv/hv-is-18-1/">Spomen ploča na zgradi hrvatsko-austrijskog 1 m teleskopa / Gedenktafel am Gebäude des Kroatisch-Österreichischen 1 m Teleskops</a></span></p>
<p>&nbsp;</p>

<p>Ime / Name Zgrada »Opservatori, istočna zgrada« / Gebäude &#8211; Observatorium, östliches Gebäude Code: HV-TG-97                                        Adresa / Adresse Grad Hvar, Put Poljuna 4 &hellip; <a href="https://www.topohvar.at/topo/orte/hv/hv-tg-97-1/">Weiterlesen <span class="meta-nav">&rarr;</span></a></p>
