{"id":15230,"date":"2019-01-04T18:42:01","date_gmt":"2019-01-04T17:42:01","guid":{"rendered":"https:\/\/www.topohvar.at\/?page_id=15230"},"modified":"2021-11-26T19:46:51","modified_gmt":"2021-11-26T18:46:51","slug":"hv-tg-65-1","status":"publish","type":"page","link":"https:\/\/www.topohvar.at\/topo\/orte\/hv\/hv-tg-65-1\/","title":{"rendered":"HVAR &#8211; Gospodarska zgrada \u00bbHotel Riva, biv\u0161i hotel Slavija\u00ab"},"content":{"rendered":"<p><a name=\"seite_oben\"><\/a><br \/>\n<img loading=\"lazy\" decoding=\"async\" class=\"alignnone wp-image-15177 size-large\" src=\"https:\/\/www.topohvar.at\/wp-content\/uploads\/2019\/01\/hv-tg-63-1-1024x503.jpg\" alt=\"\" width=\"640\" height=\"314\" srcset=\"https:\/\/www.topohvar.at\/wp-content\/uploads\/2019\/01\/hv-tg-63-1-1024x503.jpg 1024w, https:\/\/www.topohvar.at\/wp-content\/uploads\/2019\/01\/hv-tg-63-1-300x147.jpg 300w, https:\/\/www.topohvar.at\/wp-content\/uploads\/2019\/01\/hv-tg-63-1-768x377.jpg 768w, https:\/\/www.topohvar.at\/wp-content\/uploads\/2019\/01\/hv-tg-63-1.jpg 1080w\" sizes=\"auto, (max-width: 640px) 100vw, 640px\" \/><\/p>\n<p><strong>Ime \/ Name<br \/>\n<\/strong>Gospodarska zgrada \u00bbHotel Riva, biv\u0161i hotel Slavija\u00ab \/ Geb\u00e4ude &#8211; Hotel Riva, ehemaliges Hotel Slavia<\/p>\n<p><strong>Code: <\/strong>HV-TG-65\u00a0 \u00a0 \u00a0 \u00a0 \u00a0 \u00a0 \u00a0 \u00a0 \u00a0 \u00a0 \u00a0 \u00a0 \u00a0 \u00a0 \u00a0 \u00a0 \u00a0 \u00a0 <a href=\"https:\/\/www.topohvar.at\/hv-tg-80-1\/\"><img loading=\"lazy\" decoding=\"async\" class=\"alignnone wp-image-12300 size-full\" src=\"https:\/\/www.topohvar.at\/wp-content\/uploads\/2018\/09\/push-vor-30.jpg\" alt=\"\" width=\"61\" height=\"30\" \/><\/a>\u00a0<strong><a href=\"https:\/\/www.topohvar.at\/orte\/hv\/hv-tg-94-1\/\"><img loading=\"lazy\" decoding=\"async\" class=\"alignnone wp-image-533 size-full\" src=\"https:\/\/www.topohvar.at\/wp-content\/uploads\/2018\/07\/push-l-30.jpg\" alt=\"\" width=\"61\" height=\"30\" \/><\/a> <a href=\"https:\/\/www.topohvar.at\/orte\/hv\/\"><img loading=\"lazy\" decoding=\"async\" class=\"alignnone wp-image-535 size-full\" src=\"https:\/\/www.topohvar.at\/wp-content\/uploads\/2018\/07\/push-o-30.jpg\" alt=\"\" width=\"61\" height=\"30\" \/><\/a> <a href=\"https:\/\/www.topohvar.at\/orte\/hv\/hv-tg-71-1\/\"><img loading=\"lazy\" decoding=\"async\" class=\"alignnone wp-image-536 size-full\" src=\"https:\/\/www.topohvar.at\/wp-content\/uploads\/2018\/07\/push-r-30.jpg\" alt=\"\" width=\"61\" height=\"30\" \/><\/a>\u00a0<a href=\"https:\/\/www.topohvar.at\/hv-tg-92-1\/\"><img loading=\"lazy\" decoding=\"async\" class=\"alignnone wp-image-12299 size-full\" src=\"https:\/\/www.topohvar.at\/wp-content\/uploads\/2018\/09\/push-next-30.jpg\" alt=\"\" width=\"61\" height=\"30\" \/><\/a><\/strong><\/p>\n<hr \/>\n<p><strong>Adresa \/ Adresse<br \/>\n<\/strong>Grad Hvar,\u00a0Obala Riva 25<\/p>\n<p><strong>Lokacija<\/strong><strong> \/ Position<a href=\"https:\/\/goo.gl\/maps\/yUJJHHfWuLu285f19\"><img loading=\"lazy\" decoding=\"async\" class=\"alignright wp-image-16077\" src=\"https:\/\/www.topohvar.at\/wp-content\/uploads\/2019\/01\/0374.jpg\" alt=\"\" width=\"134\" height=\"100\" \/><\/a><br \/>\n<\/strong><span style=\"color: #3366ff;\"><a style=\"color: #3366ff;\" href=\"https:\/\/goo.gl\/maps\/yUJJHHfWuLu285f19\">Latitude: N 43,17082\u00b0\u00a0 \u00a0Longitude: E 16,44149\u00b0<\/a> <\/span><strong><br \/>\n<\/strong>Visina \/ H\u00f6he: 2 m<\/p>\n<p><strong>Katastarska <\/strong><strong>\u010d<\/strong><strong>estica <\/strong><strong>\/ Grundst\u00fccke<br \/>\n<\/strong>*430, 4656<div class='content-column one_half'><div style=\"padding-right:6px;\"><p><strong>Datum snimanja \/ Erfassungsdatum<br \/>\n<\/strong>28.10.2014 10:11:11<\/p>\n<hr \/>\n<p><strong>Informacije<\/strong><\/p>\n<p>Zgrada hotela &#8222;Slavija&#8220; izgra\u0111ena je u Hvaru na isto\u010dnoj gradskoj rivi. Kamena dvokatnica nastala je integriranjem baroknih ku\u0107a iz 18. i 19. stolje\u0107a. Prozori u kamenim pragovima sa profiliranim nadvratnicima postavljeni su u osi, a ku\u0107a je zakrovljena \u010detverostre\u0161nim krovom. U prizemlju prema obali su vrata baroknog sloga zasvo\u0111ena lukom.<\/p><\/div><\/div><div class='content-column one_half last_column'><div style=\"padding-right:0px;padding-left:6px;\"><p><strong>Stupanj za\u0161tite <\/strong><strong>\/ Schutzstellung<br \/>\n<\/strong>Z-6860, RST 902<\/p>\n<hr \/>\n<p><strong>Info<\/strong><\/p>\n<p>Das Hotelgeb\u00e4ude wurde in Hvar am \u00f6stlichen Ufer gebaut. Das zweist\u00f6ckige Steinhaus wurde durch die Integration von Barockh\u00e4usern aus dem 18. und 19. Jahrhundert geschaffen. In der Achse befinden sich Fenster mit steinernen Fensterbrettern und profilierten St\u00fcrzen. Das Haus ist mit einem Walmdach \u00fcberdacht. Die T\u00fcr im Erdgeschoss ist im Barockstil gestaltet und von einem Bogen \u00fcberw\u00f6lbt.<\/p><\/div><\/div><div class='clear_column'><\/div><div class='content-column one_half'><div style=\"padding-right:6px;\"><p>Na isto\u010dnoj strani je ogra\u0111eno dvori\u0161te sa vratima barokne profilacije s ukrasom dijamantnog \u0161iljka. Projekt hotela autora arh. \u0160atare uskladio je suvremenu namjenu i povijesno graditeljstvo, te je nagra\u0111en visokom dr\u017eavnom nagradom za suvremenu arhitekturu. Hotel je otvoren 1927 g.<\/p><\/div><\/div><div class='content-column one_half last_column'><div style=\"padding-right:0px;padding-left:6px;\"><p>Auf der Ostseite befindet sich ein eingefriedeter Innenhof mit barocken Profilt\u00fcren, die mit einem Diamantdorn verziert sind. Das Hotelprojekt wurde durch den Architekten Shatara realisiert und wegen der zeitgen\u00f6ssischen Funktion in Verbindung mit historischer Konstruktion mit dem h\u00f6chsten nationalen Preis f\u00fcr zeitgen\u00f6ssische Architektur ausgezeichnet. Das Hotel Slavija wurde im Jahr 1927 er\u00f6ffnet.<\/p><\/div><\/div><div class='clear_column'><\/div><div class='content-column one_half'><div style=\"padding-right:6px;\"><p>Hotel Riva Hvar Yacht Harbour popularan je izbor za ljetovatelje i putnike u Hvaru. Hotel nudi niz sadr\u017eaja i pogodnosti kako bi se gostima osigurao nezaboravan boravak. Sve klimatizirane tematske sobe hotela Riva individualno su dizajnirane. Velike privatne kupaonice opremljene su lepr\u0161avim ogrta\u010dima i dizajnerskim elementima. Hotel nudi restoran i razne zabavne aktivnosti.<\/p><\/div><\/div><div class='content-column one_half last_column'><div style=\"padding-right:0px;padding-left:6px;\"><p>Das Riva Hvar Yacht Harbour Hotel ist eine beliebte Wahl f\u00fcr Urlauber und Durchreisende in Hvar. Das Hotel bietet eine Reihe von Einrichtungen und Verg\u00fcnstigungen, um seinen G\u00e4sten einen unvergesslichen Aufenthalt zu bescheren. Alle klimatisierten Themenzimmer im Riva Hotel sind individuell gestaltet. Die gro\u00dfen eigenen B\u00e4der sind mit flauschigen Badem\u00e4nteln und Designer-Elementen ausgestattet. Das Hotel bietet ein Restaurant und verschiedene Freizeitangebote.<\/p><\/div><\/div><div class='clear_column'><\/div><div class='content-column one_half'><div style=\"padding-right:6px;\"><p>Registar kulturnih dobara Republike Hrvatske br. 03\/2016. Datum tiskanog izdanja: 24.11.2016. Broj registra Z-6860<\/p><\/div><\/div><div class='content-column one_half last_column'><div style=\"padding-right:0px;padding-left:6px;\"><p>Register der Kulturg\u00fcter der Republik Kroatien Nr. 03\/2016, Ver\u00f6ffentlichungsdatum: 24.11.2016. Registriernummer Z-6860<\/p><\/div><\/div><div class='clear_column'><\/div><\/p>\n<p style=\"text-align: right;\"><span style=\"color: #3366ff;\"><a style=\"color: #3366ff;\" href=\"#seite_oben\">natrag na vrh \/ Seitenanfang<\/a><\/span><\/p>\n<hr \/>\n<p><strong>Linkovi \/ Links<\/strong><\/p>\n<p><span style=\"color: #3366ff;\"><a style=\"color: #3366ff;\" href=\"https:\/\/www.suncanihvar.com\/de\/riva-hvar-yacht-harbour-hotel.html\">Riva Hvar Yacht Harbour Hotel<\/a><\/span><br \/>\n<span style=\"color: #3366ff;\"><a style=\"color: #3366ff;\" href=\"https:\/\/www.topohvar.at\/orte\/hv\/hv-is-07-1\/\">Spomen plo\u010da \u00bbBoravku \u0160taba IV pomorskog sektora na Hvaru\u00ab \/\u00a0Gedenktafel &#8211; Unterk\u00fcnfte der 4. Staffel des Marine-K\u00fcstensektors in Hvar<\/a><\/span><\/p>\n","protected":false},"excerpt":{"rendered":"<p>Ime \/ Name Gospodarska zgrada \u00bbHotel Riva, biv\u0161i hotel Slavija\u00ab \/ Geb\u00e4ude &#8211; Hotel Riva, ehemaliges Hotel Slavia Code: HV-TG-65\u00a0 \u00a0 \u00a0 \u00a0 \u00a0 \u00a0 \u00a0 \u00a0 \u00a0 \u00a0 \u00a0 \u00a0 \u00a0 \u00a0 \u00a0 \u00a0 \u00a0 \u00a0 \u00a0 \u00a0 Adresa &hellip; <a href=\"https:\/\/www.topohvar.at\/topo\/orte\/hv\/hv-tg-65-1\/\">Weiterlesen <span class=\"meta-nav\">&rarr;<\/span><\/a><\/p>\n","protected":false},"author":1,"featured_media":0,"parent":80,"menu_order":0,"comment_status":"closed","ping_status":"closed","template":"","meta":{"footnotes":""},"class_list":["post-15230","page","type-page","status-publish","hentry"],"_links":{"self":[{"href":"https:\/\/www.topohvar.at\/topo\/wp-json\/wp\/v2\/pages\/15230","targetHints":{"allow":["GET"]}}],"collection":[{"href":"https:\/\/www.topohvar.at\/topo\/wp-json\/wp\/v2\/pages"}],"about":[{"href":"https:\/\/www.topohvar.at\/topo\/wp-json\/wp\/v2\/types\/page"}],"author":[{"embeddable":true,"href":"https:\/\/www.topohvar.at\/topo\/wp-json\/wp\/v2\/users\/1"}],"replies":[{"embeddable":true,"href":"https:\/\/www.topohvar.at\/topo\/wp-json\/wp\/v2\/comments?post=15230"}],"version-history":[{"count":18,"href":"https:\/\/www.topohvar.at\/topo\/wp-json\/wp\/v2\/pages\/15230\/revisions"}],"predecessor-version":[{"id":53716,"href":"https:\/\/www.topohvar.at\/topo\/wp-json\/wp\/v2\/pages\/15230\/revisions\/53716"}],"up":[{"embeddable":true,"href":"https:\/\/www.topohvar.at\/topo\/wp-json\/wp\/v2\/pages\/80"}],"wp:attachment":[{"href":"https:\/\/www.topohvar.at\/topo\/wp-json\/wp\/v2\/media?parent=15230"}],"curies":[{"name":"wp","href":"https:\/\/api.w.org\/{rel}","templated":true}]}}