{"id":15278,"date":"2019-01-05T10:41:19","date_gmt":"2019-01-05T09:41:19","guid":{"rendered":"https:\/\/www.topohvar.at\/?page_id=15278"},"modified":"2021-11-30T15:16:16","modified_gmt":"2021-11-30T14:16:16","slug":"hv-tg-83-1","status":"publish","type":"page","link":"https:\/\/www.topohvar.at\/topo\/orte\/hv\/hv-tg-83-1\/","title":{"rendered":"HVAR &#8211; Ku\u0107a \u00bbMachiedo\u00ab"},"content":{"rendered":"<p><a name=\"seite_oben\"><\/a><br \/>\n<img loading=\"lazy\" decoding=\"async\" class=\"alignnone wp-image-15191 size-large\" src=\"https:\/\/www.topohvar.at\/wp-content\/uploads\/2019\/01\/HV-TG-83-1-1024x503.jpg\" alt=\"\" width=\"640\" height=\"314\" srcset=\"https:\/\/www.topohvar.at\/wp-content\/uploads\/2019\/01\/HV-TG-83-1-1024x503.jpg 1024w, https:\/\/www.topohvar.at\/wp-content\/uploads\/2019\/01\/HV-TG-83-1-300x147.jpg 300w, https:\/\/www.topohvar.at\/wp-content\/uploads\/2019\/01\/HV-TG-83-1-768x377.jpg 768w, https:\/\/www.topohvar.at\/wp-content\/uploads\/2019\/01\/HV-TG-83-1.jpg 1080w\" sizes=\"auto, (max-width: 640px) 100vw, 640px\" \/><\/p>\n<p><strong>Ime \/ Name<br \/>\n<\/strong>Ku\u0107a \/ Haus \u00bbMachiedo\u00ab<\/p>\n<p><strong>Code: <\/strong>HV-TG-83\u00a0 \u00a0 \u00a0 \u00a0 \u00a0 \u00a0 \u00a0 \u00a0 \u00a0 \u00a0 \u00a0 \u00a0 \u00a0 \u00a0 \u00a0 \u00a0 \u00a0 \u00a0\u00a0<a href=\"https:\/\/www.topohvar.at\/hv-tg-63-1\/\"><img loading=\"lazy\" decoding=\"async\" class=\"alignnone wp-image-12300 size-full\" src=\"https:\/\/www.topohvar.at\/wp-content\/uploads\/2018\/09\/push-vor-30.jpg\" alt=\"\" width=\"61\" height=\"30\" \/><\/a>\u00a0<strong><a href=\"https:\/\/www.topohvar.at\/orte\/hv\/hv-tg-77-1\/\"><img loading=\"lazy\" decoding=\"async\" class=\"alignnone wp-image-533 size-full\" src=\"https:\/\/www.topohvar.at\/wp-content\/uploads\/2018\/07\/push-l-30.jpg\" alt=\"\" width=\"61\" height=\"30\" \/><\/a> <a href=\"https:\/\/www.topohvar.at\/orte\/hv\/\"><img loading=\"lazy\" decoding=\"async\" class=\"alignnone wp-image-535 size-full\" src=\"https:\/\/www.topohvar.at\/wp-content\/uploads\/2018\/07\/push-o-30.jpg\" alt=\"\" width=\"61\" height=\"30\" \/><\/a> <a href=\"https:\/\/www.topohvar.at\/orte\/hv\/hv-tg-42-1\/\"><img loading=\"lazy\" decoding=\"async\" class=\"alignnone wp-image-536 size-full\" src=\"https:\/\/www.topohvar.at\/wp-content\/uploads\/2018\/07\/push-r-30.jpg\" alt=\"\" width=\"61\" height=\"30\" \/><\/a>\u00a0<a href=\"https:\/\/www.topohvar.at\/hv-tg-80-1\/\"><img loading=\"lazy\" decoding=\"async\" class=\"alignnone wp-image-12299 size-full\" src=\"https:\/\/www.topohvar.at\/wp-content\/uploads\/2018\/09\/push-next-30.jpg\" alt=\"\" width=\"61\" height=\"30\" \/><\/a><\/strong><\/p>\n<hr \/>\n<p><strong>Adresa \/ Adresse<br \/>\n<\/strong>Grad Hvar,\u00a0Obala Riva<\/p>\n<p><strong>Lokacija \/ Position<a href=\"https:\/\/goo.gl\/maps\/kYHqEkvsszevGkDX8\"><img loading=\"lazy\" decoding=\"async\" class=\"alignright wp-image-17623\" src=\"https:\/\/www.topohvar.at\/wp-content\/uploads\/2019\/01\/1638.jpg\" alt=\"\" width=\"134\" height=\"100\" \/><\/a><br \/>\n<\/strong><span style=\"color: #3366ff;\"><a style=\"color: #3366ff;\" href=\"https:\/\/goo.gl\/maps\/kYHqEkvsszevGkDX8\">Latitude: N 43,17146\u00b0\u00a0 \u00a0Longitude: E 16,44143\u00b0<\/a> <\/span><strong><br \/>\n<\/strong>Visina \/ H\u00f6he: 1 m<\/p>\n<p><strong>Katastarska \u010destica <\/strong><strong>\/ Grundst\u00fccke<br \/>\n<\/strong>*232, *233\/2<div class='content-column one_half'><div style=\"padding-right:6px;\"><p><strong>Datum snimanja \/ Erfassungsdatum<br \/>\n<\/strong>14.02.2015 11:23:19<\/p>\n<hr \/>\n<p><strong>Informacije<\/strong><\/p>\n<p>Barokna trokatnica sagra\u0111ena na hvarskoj rivi u 17. stolje\u0107u na mjestu ranijih ku\u0107a o \u010demu svjedo\u010de goti\u010dki otvori u punoj visini isto\u010dnog i u prizemlju zapadnog pro\u010delja.\u00a0Glavno se pro\u010delje otvara prema zapadu i stilski pripada renesansi. U ku\u0107i se \u010duva arhiv i inventar obitelji Machiedo.<\/p><\/div><\/div><div class='content-column one_half last_column'><div style=\"padding-right:0px;padding-left:6px;\"><p><strong>Stupanj za\u0161tite<\/strong><strong> \/ Schutzstellung<br \/>\n<\/strong>Z-5109, RST 286<strong><br \/>\n<\/strong><\/p>\n<hr \/>\n<p><strong>Info<\/strong><\/p>\n<p>Das barocke dreist\u00f6ckiges Geb\u00e4ude wurde im 17. Jahrhundert an der Stelle fr\u00fcherer H\u00e4user am Riva erbaut wurde.\u00a0 Dies wird durch die gotischen \u00d6ffnungen in voller H\u00f6he in der Ost- sowie im Erdgeschoss der Westfassade belegt.\u00a0Die Hauptfassade ist nach Westen ausgerichtet und geh\u00f6rt stilistisch zur Renaissance. Das Archiv und das Inventar der Familie Machiedo werden im Haus aufbewahrt.<\/p><\/div><\/div><div class='clear_column'><\/div><div class='content-column one_half'><div style=\"padding-right:6px;\"><p>Ku\u0107a se isti\u010de terasom u visini drugog kata \u0161to je jedinstveni primjer u stambenoj arhitekturi Hvara. Otvori glavnog pro\u010delja ukra\u0161eni su bogatom kasnorenesansnom dekoracijom.<\/p><\/div><\/div><div class='content-column one_half last_column'><div style=\"padding-right:0px;padding-left:6px;\"><p>Das Haus zeichnet sich durch eine Terrasse in der H\u00f6he des zweiten Stocks aus, was ein einzigartiges Beispiel in der Wohnarchitektur von Hvar ist. Die \u00d6ffnungen der Hauptfassade sind mit reichem Dekor der Sp\u00e4trenaissance verziert.<\/p><\/div><\/div><div class='clear_column'><\/div><div class='content-column one_half'><div style=\"padding-right:6px;\"><p>Pilo se nalazi u salonu, na tre\u0107em katu ku\u0107e. Sa\u010duvano je cjelovito, samo \u0161to je sabirnik za vodu premje\u0161ten u prostor kuhinje i ugra\u0111en pod prozorom.<\/p><\/div><\/div><div class='content-column one_half last_column'><div style=\"padding-right:0px;padding-left:6px;\"><p>Im dritten Stock des Hauses befindet sich ein sch\u00f6nes Wandwasserbecken. Es ist ganz erhalten, mit der Ausnahme, dass das Wasserbecken in den K\u00fcchenbereich transferiert wurde und unter dem Fenster eingebaut wurde.<\/p><\/div><\/div><div class='clear_column'><\/div><div class='content-column one_half'><div style=\"padding-right:6px;\"><p>Za\u0161ti\u0107ena kulturna dobra. Registar kulturnih dobara Republike Hrvatske br. 03\/2011 Datum tiskanog izdanja 26. 04. 2011. Broj registra Z-5109<\/p><\/div><\/div><div class='content-column one_half last_column'><div style=\"padding-right:0px;padding-left:6px;\"><p>Gesch\u00fctztes Kulturgut. Register der Kulturg\u00fcter der Republik Kroatien Nr. 03\/2011. Ver\u00f6ffentlichungsdatum: 26. 04. 2011. Registriernummer Z-5109<\/p><\/div><\/div><div class='clear_column'><\/div><\/p>\n<p style=\"text-align: right;\"><span style=\"color: #3366ff;\"><a style=\"color: #3366ff;\" href=\"#seite_oben\">natrag na vrh \/ Seitenanfang<\/a><\/span><\/p>\n<hr \/>\n<p><strong>Linkovi \/ Links<\/strong><\/p>\n<p><span style=\"color: #3366ff;\">&#8211;<\/span><\/p>\n","protected":false},"excerpt":{"rendered":"<p>Ime \/ Name Ku\u0107a \/ Haus \u00bbMachiedo\u00ab Code: HV-TG-83\u00a0 \u00a0 \u00a0 \u00a0 \u00a0 \u00a0 \u00a0 \u00a0 \u00a0 \u00a0 \u00a0 \u00a0 \u00a0 \u00a0 \u00a0 \u00a0 \u00a0 \u00a0\u00a0\u00a0 \u00a0 Adresa \/ Adresse Grad Hvar,\u00a0Obala Riva Lokacija \/ Position Latitude: N 43,17146\u00b0\u00a0 \u00a0Longitude: &hellip; <a href=\"https:\/\/www.topohvar.at\/topo\/orte\/hv\/hv-tg-83-1\/\">Weiterlesen <span class=\"meta-nav\">&rarr;<\/span><\/a><\/p>\n","protected":false},"author":1,"featured_media":0,"parent":80,"menu_order":0,"comment_status":"closed","ping_status":"closed","template":"","meta":{"footnotes":""},"class_list":["post-15278","page","type-page","status-publish","hentry"],"_links":{"self":[{"href":"https:\/\/www.topohvar.at\/topo\/wp-json\/wp\/v2\/pages\/15278","targetHints":{"allow":["GET"]}}],"collection":[{"href":"https:\/\/www.topohvar.at\/topo\/wp-json\/wp\/v2\/pages"}],"about":[{"href":"https:\/\/www.topohvar.at\/topo\/wp-json\/wp\/v2\/types\/page"}],"author":[{"embeddable":true,"href":"https:\/\/www.topohvar.at\/topo\/wp-json\/wp\/v2\/users\/1"}],"replies":[{"embeddable":true,"href":"https:\/\/www.topohvar.at\/topo\/wp-json\/wp\/v2\/comments?post=15278"}],"version-history":[{"count":13,"href":"https:\/\/www.topohvar.at\/topo\/wp-json\/wp\/v2\/pages\/15278\/revisions"}],"predecessor-version":[{"id":53758,"href":"https:\/\/www.topohvar.at\/topo\/wp-json\/wp\/v2\/pages\/15278\/revisions\/53758"}],"up":[{"embeddable":true,"href":"https:\/\/www.topohvar.at\/topo\/wp-json\/wp\/v2\/pages\/80"}],"wp:attachment":[{"href":"https:\/\/www.topohvar.at\/topo\/wp-json\/wp\/v2\/media?parent=15278"}],"curies":[{"name":"wp","href":"https:\/\/api.w.org\/{rel}","templated":true}]}}

HVAR &#8211; Kuća »Machiedo«

<p><a name="seite_oben"></a><br />
<img loading="lazy" decoding="async" class="alignnone wp-image-15191 size-large" src="https://www.topohvar.at/wp-content/uploads/2019/01/HV-TG-83-1-1024x503.jpg" alt="" width="640" height="314" srcset="https://www.topohvar.at/wp-content/uploads/2019/01/HV-TG-83-1-1024x503.jpg 1024w, https://www.topohvar.at/wp-content/uploads/2019/01/HV-TG-83-1-300x147.jpg 300w, https://www.topohvar.at/wp-content/uploads/2019/01/HV-TG-83-1-768x377.jpg 768w, https://www.topohvar.at/wp-content/uploads/2019/01/HV-TG-83-1.jpg 1080w" sizes="auto, (max-width: 640px) 100vw, 640px" /></p>
<p><strong>Ime / Name<br />
</strong>Kuća / Haus »Machiedo«</p>
<p><strong>Code: </strong>HV-TG-83                                    <a href="https://www.topohvar.at/hv-tg-63-1/"><img loading="lazy" decoding="async" class="alignnone wp-image-12300 size-full" src="https://www.topohvar.at/wp-content/uploads/2018/09/push-vor-30.jpg" alt="" width="61" height="30" /></a> <strong><a href="https://www.topohvar.at/orte/hv/hv-tg-77-1/"><img loading="lazy" decoding="async" class="alignnone wp-image-533 size-full" src="https://www.topohvar.at/wp-content/uploads/2018/07/push-l-30.jpg" alt="" width="61" height="30" /></a> <a href="https://www.topohvar.at/orte/hv/"><img loading="lazy" decoding="async" class="alignnone wp-image-535 size-full" src="https://www.topohvar.at/wp-content/uploads/2018/07/push-o-30.jpg" alt="" width="61" height="30" /></a> <a href="https://www.topohvar.at/orte/hv/hv-tg-42-1/"><img loading="lazy" decoding="async" class="alignnone wp-image-536 size-full" src="https://www.topohvar.at/wp-content/uploads/2018/07/push-r-30.jpg" alt="" width="61" height="30" /></a> <a href="https://www.topohvar.at/hv-tg-80-1/"><img loading="lazy" decoding="async" class="alignnone wp-image-12299 size-full" src="https://www.topohvar.at/wp-content/uploads/2018/09/push-next-30.jpg" alt="" width="61" height="30" /></a></strong></p>
<hr />
<p><strong>Adresa / Adresse<br />
</strong>Grad Hvar, Obala Riva</p>
<p><strong>Lokacija / Position<a href="https://goo.gl/maps/kYHqEkvsszevGkDX8"><img loading="lazy" decoding="async" class="alignright wp-image-17623" src="https://www.topohvar.at/wp-content/uploads/2019/01/1638.jpg" alt="" width="134" height="100" /></a><br />
</strong><span style="color: #3366ff;"><a style="color: #3366ff;" href="https://goo.gl/maps/kYHqEkvsszevGkDX8">Latitude: N 43,17146°   Longitude: E 16,44143°</a> </span><strong><br />
</strong>Visina / Höhe: 1 m</p>
<p><strong>Katastarska čestica </strong><strong>/ Grundstücke<br />
</strong>*232, *233/2<div class='content-column one_half'><div style="padding-right:6px;"><p><strong>Datum snimanja / Erfassungsdatum<br />
</strong>14.02.2015 11:23:19</p>
<hr />
<p><strong>Informacije</strong></p>
<p>Barokna trokatnica sagrađena na hvarskoj rivi u 17. stoljeću na mjestu ranijih kuća o čemu svjedoče gotički otvori u punoj visini istočnog i u prizemlju zapadnog pročelja. Glavno se pročelje otvara prema zapadu i stilski pripada renesansi. U kući se čuva arhiv i inventar obitelji Machiedo.</p></div></div><div class='content-column one_half last_column'><div style="padding-right:0px;padding-left:6px;"><p><strong>Stupanj zaštite</strong><strong> / Schutzstellung<br />
</strong>Z-5109, RST 286<strong><br />
</strong></p>
<hr />
<p><strong>Info</strong></p>
<p>Das barocke dreistöckiges Gebäude wurde im 17. Jahrhundert an der Stelle früherer Häuser am Riva erbaut wurde.  Dies wird durch die gotischen Öffnungen in voller Höhe in der Ost- sowie im Erdgeschoss der Westfassade belegt. Die Hauptfassade ist nach Westen ausgerichtet und gehört stilistisch zur Renaissance. Das Archiv und das Inventar der Familie Machiedo werden im Haus aufbewahrt.</p></div></div><div class='clear_column'></div><div class='content-column one_half'><div style="padding-right:6px;"><p>Kuća se ističe terasom u visini drugog kata što je jedinstveni primjer u stambenoj arhitekturi Hvara. Otvori glavnog pročelja ukrašeni su bogatom kasnorenesansnom dekoracijom.</p></div></div><div class='content-column one_half last_column'><div style="padding-right:0px;padding-left:6px;"><p>Das Haus zeichnet sich durch eine Terrasse in der Höhe des zweiten Stocks aus, was ein einzigartiges Beispiel in der Wohnarchitektur von Hvar ist. Die Öffnungen der Hauptfassade sind mit reichem Dekor der Spätrenaissance verziert.</p></div></div><div class='clear_column'></div><div class='content-column one_half'><div style="padding-right:6px;"><p>Pilo se nalazi u salonu, na trećem katu kuće. Sačuvano je cjelovito, samo što je sabirnik za vodu premješten u prostor kuhinje i ugrađen pod prozorom.</p></div></div><div class='content-column one_half last_column'><div style="padding-right:0px;padding-left:6px;"><p>Im dritten Stock des Hauses befindet sich ein schönes Wandwasserbecken. Es ist ganz erhalten, mit der Ausnahme, dass das Wasserbecken in den Küchenbereich transferiert wurde und unter dem Fenster eingebaut wurde.</p></div></div><div class='clear_column'></div><div class='content-column one_half'><div style="padding-right:6px;"><p>Zaštićena kulturna dobra. Registar kulturnih dobara Republike Hrvatske br. 03/2011 Datum tiskanog izdanja 26. 04. 2011. Broj registra Z-5109</p></div></div><div class='content-column one_half last_column'><div style="padding-right:0px;padding-left:6px;"><p>Geschütztes Kulturgut. Register der Kulturgüter der Republik Kroatien Nr. 03/2011. Veröffentlichungsdatum: 26. 04. 2011. Registriernummer Z-5109</p></div></div><div class='clear_column'></div></p>
<p style="text-align: right;"><span style="color: #3366ff;"><a style="color: #3366ff;" href="#seite_oben">natrag na vrh / Seitenanfang</a></span></p>
<hr />
<p><strong>Linkovi / Links</strong></p>
<p><span style="color: #3366ff;">&#8211;</span></p>

<p>Ime / Name Kuća / Haus »Machiedo« Code: HV-TG-83                                        Adresa / Adresse Grad Hvar, Obala Riva Lokacija / Position Latitude: N 43,17146°   Longitude: &hellip; <a href="https://www.topohvar.at/topo/orte/hv/hv-tg-83-1/">Weiterlesen <span class="meta-nav">&rarr;</span></a></p>
