{"id":15292,"date":"2019-01-05T10:52:56","date_gmt":"2019-01-05T09:52:56","guid":{"rendered":"https:\/\/www.topohvar.at\/?page_id=15292"},"modified":"2021-11-30T15:22:32","modified_gmt":"2021-11-30T14:22:32","slug":"hv-tg-06-1","status":"publish","type":"page","link":"https:\/\/www.topohvar.at\/topo\/orte\/hv\/hv-tg-06-1\/","title":{"rendered":"HVAR &#8211; Pala\u010da \u00bbPaladini ljetna (donja)\u00ab"},"content":{"rendered":"<p><a name=\"seite_oben\"><\/a><br \/>\n<img loading=\"lazy\" decoding=\"async\" class=\"alignnone wp-image-15120 size-large\" src=\"https:\/\/www.topohvar.at\/wp-content\/uploads\/2019\/01\/hv-tg-06-1-1024x503.jpg\" alt=\"\" width=\"640\" height=\"314\" srcset=\"https:\/\/www.topohvar.at\/wp-content\/uploads\/2019\/01\/hv-tg-06-1-1024x503.jpg 1024w, https:\/\/www.topohvar.at\/wp-content\/uploads\/2019\/01\/hv-tg-06-1-300x147.jpg 300w, https:\/\/www.topohvar.at\/wp-content\/uploads\/2019\/01\/hv-tg-06-1-768x377.jpg 768w, https:\/\/www.topohvar.at\/wp-content\/uploads\/2019\/01\/hv-tg-06-1.jpg 1080w\" sizes=\"auto, (max-width: 640px) 100vw, 640px\" \/><\/p>\n<p><strong>Ime \/ Name<br \/>\n<\/strong>Pala\u010da \u00bbPaladini ljetna (donja)\u00ab \/ Sommerpalast (Unterer Palast) der Paladini<\/p>\n<p><strong>Code: <\/strong>HV-TG-06\u00a0 \u00a0 \u00a0 \u00a0 \u00a0 \u00a0 \u00a0 \u00a0 \u00a0 \u00a0 \u00a0 \u00a0 \u00a0 \u00a0 \u00a0 \u00a0 \u00a0 \u00a0\u00a0<a href=\"https:\/\/www.topohvar.at\/hv-tg-63-1\/\"><img loading=\"lazy\" decoding=\"async\" class=\"alignnone wp-image-12300 size-full\" src=\"https:\/\/www.topohvar.at\/wp-content\/uploads\/2018\/09\/push-vor-30.jpg\" alt=\"\" width=\"61\" height=\"30\" \/><\/a>\u00a0<strong><a href=\"https:\/\/www.topohvar.at\/orte\/hv\/hv-tg-48-1\/\"><img loading=\"lazy\" decoding=\"async\" class=\"alignnone wp-image-533 size-full\" src=\"https:\/\/www.topohvar.at\/wp-content\/uploads\/2018\/07\/push-l-30.jpg\" alt=\"\" width=\"61\" height=\"30\" \/><\/a> <a href=\"https:\/\/www.topohvar.at\/orte\/hv\/\"><img loading=\"lazy\" decoding=\"async\" class=\"alignnone wp-image-535 size-full\" src=\"https:\/\/www.topohvar.at\/wp-content\/uploads\/2018\/07\/push-o-30.jpg\" alt=\"\" width=\"61\" height=\"30\" \/><\/a> <a href=\"https:\/\/www.topohvar.at\/orte\/hv\/hv-tg-40-1\/\"><img loading=\"lazy\" decoding=\"async\" class=\"alignnone wp-image-536 size-full\" src=\"https:\/\/www.topohvar.at\/wp-content\/uploads\/2018\/07\/push-r-30.jpg\" alt=\"\" width=\"61\" height=\"30\" \/><\/a>\u00a0<a href=\"https:\/\/www.topohvar.at\/hv-tg-80-1\/\"><img loading=\"lazy\" decoding=\"async\" class=\"alignnone wp-image-12299 size-full\" src=\"https:\/\/www.topohvar.at\/wp-content\/uploads\/2018\/09\/push-next-30.jpg\" alt=\"\" width=\"61\" height=\"30\" \/><\/a><\/strong><\/p>\n<hr \/>\n<p><strong>Adresa \/ Adresse<br \/>\n<\/strong>Grad Hvar,\u00a0Trg sv. Stjepana 15-17<\/p>\n<p><strong>Lokacija \/ Position<a href=\"https:\/\/goo.gl\/maps\/koi98eTaQtxsCcJA8\"><img loading=\"lazy\" decoding=\"async\" class=\"alignright wp-image-17663\" src=\"https:\/\/www.topohvar.at\/wp-content\/uploads\/2019\/01\/0318.jpg\" alt=\"\" width=\"134\" height=\"100\" \/><\/a><br \/>\n<\/strong><span style=\"color: #3366ff;\"><a style=\"color: #3366ff;\" href=\"https:\/\/goo.gl\/maps\/koi98eTaQtxsCcJA8\">Latitude: N 43,17248\u00b0\u00a0 \u00a0Longitude: E 16,44228\u00b0<\/a> <\/span><strong><br \/>\n<\/strong>Visina \/ H\u00f6he: 2 m<\/p>\n<p><strong>Katastarska \u010destica <\/strong><strong>\/ Grundst\u00fccke<br \/>\n<\/strong>*116<div class='content-column one_half'><div style=\"padding-right:6px;\"><p><strong>Datum snimanja \/ Erfassungsdatum<br \/>\n<\/strong>27.05.2013 18:00:20<\/p>\n<hr \/>\n<p><strong>Informacije<\/strong><\/p>\n<p>Goti\u010dka dvokatna pala\u010da na glavnom trgu sagradio je krajem 15.st. suprakomit i vitez Nikola Paladini u cvjetnogoti\u010dkom stilu kao ljetna rezidancija obitelji Paladini\u0107. Sagra\u0111ena je nasuprot gornjoj pala\u010di Paladini\u0107 s kojom je bila povezana vratima u gradskim zidinama. Nazivala se &#8222;ljetna ku\u0107a&#8220; jer je prije pregradnje imala vi\u0161e sobana sjevernoj strani koje su bile zaklonjene od ljetnih vru\u0107ina.<\/p><\/div><\/div><div class='content-column one_half last_column'><div style=\"padding-right:0px;padding-left:6px;\"><p><strong>Stupanj za\u0161tite <\/strong><strong>\/ Schutzstellung<br \/>\n<\/strong>Z-6361, RST 479-1970<strong><br \/>\n<\/strong><\/p>\n<hr \/>\n<p><strong>Info<\/strong><\/p>\n<p>Der gotischer zweist\u00f6ckige Palast am Hauptplatz wurde im sp\u00e4ten 15. Jahrhundert durch den Suprakomit Nicholas Ritter Paladini im Stil der Blumengotik erbaut. Er diente als Sommerresidenz der Familie Paladini. Es wurde gegen\u00fcber dem Obereren Palast Paladini erbaut, mit dem er durch eine T\u00fcr in der Stadtmauer verbunden war. Er wird auch &#8222;Sommerhaus&#8220; genannt, weil er vor dem Umbau mehrere Zimmer an der Nordseite hatte, die besser vor der Sommerhitze gesch\u00fctzt waren.<\/p><\/div><\/div><div class='clear_column'><\/div><div class='content-column one_half'><div style=\"padding-right:6px;\"><p>Dana\u0161nji izgled pala\u010da je dobila u 19. st., izmjenom glavnog pro\u010delja, koje je prema nacrtu Vi\u010denca Kova\u010devi\u0107a 1870. godine izveo vlasnik Dr. Dominik Gazzari. Izmijenjeno je prizemlje i raspored prozora na katovima. Isti\u010de se izvanrednom kamenom plastikom.<\/p><\/div><\/div><div class='content-column one_half last_column'><div style=\"padding-right:0px;padding-left:6px;\"><p>Das heutige Aussehen wurde dem Haus im Jahr 1870 durch den damaligen Besitzer Dr. Dominik Gazzara gegeben, wobei die Hauptfassade nach einen Entwurf des Vi\u010denco Kova\u010devi\u0107 umgestaltet wurde. Ver\u00e4ndert wurden dabei auch das Erdgeschoss und die Anordnung der Fenster der oberen Etagen. Es zeichnet sich durch die au\u00dfergew\u00f6hnliche Steinplastizit\u00e4t aus.<\/p><\/div><\/div><div class='clear_column'><\/div><\/p>\n<p style=\"text-align: right;\"><span style=\"color: #3366ff;\"><a style=\"color: #3366ff;\" href=\"#seite_oben\">natrag na vrh \/ Seitenanfang<\/a><\/span><\/p>\n<hr \/>\n<p><strong>Linkovi \/ Links<\/strong><\/p>\n<p><span style=\"color: #3366ff;\"><a style=\"color: #3366ff;\" href=\"https:\/\/www.topohvar.at\/orte\/hv\/hv-tg-07-1\/\">Pala\u010da \u00bbPaladini zimska (gornja)\u00ab \/ Winterpalast (Oberer Palast) der Paladini<\/a><br \/>\n<\/span><\/p>\n","protected":false},"excerpt":{"rendered":"<p>Ime \/ Name Pala\u010da \u00bbPaladini ljetna (donja)\u00ab \/ Sommerpalast (Unterer Palast) der Paladini Code: HV-TG-06\u00a0 \u00a0 \u00a0 \u00a0 \u00a0 \u00a0 \u00a0 \u00a0 \u00a0 \u00a0 \u00a0 \u00a0 \u00a0 \u00a0 \u00a0 \u00a0 \u00a0 \u00a0\u00a0\u00a0 \u00a0 Adresa \/ Adresse Grad Hvar,\u00a0Trg sv. Stjepana &hellip; <a href=\"https:\/\/www.topohvar.at\/topo\/orte\/hv\/hv-tg-06-1\/\">Weiterlesen <span class=\"meta-nav\">&rarr;<\/span><\/a><\/p>\n","protected":false},"author":1,"featured_media":0,"parent":80,"menu_order":0,"comment_status":"closed","ping_status":"closed","template":"","meta":{"footnotes":""},"class_list":["post-15292","page","type-page","status-publish","hentry"],"_links":{"self":[{"href":"https:\/\/www.topohvar.at\/topo\/wp-json\/wp\/v2\/pages\/15292","targetHints":{"allow":["GET"]}}],"collection":[{"href":"https:\/\/www.topohvar.at\/topo\/wp-json\/wp\/v2\/pages"}],"about":[{"href":"https:\/\/www.topohvar.at\/topo\/wp-json\/wp\/v2\/types\/page"}],"author":[{"embeddable":true,"href":"https:\/\/www.topohvar.at\/topo\/wp-json\/wp\/v2\/users\/1"}],"replies":[{"embeddable":true,"href":"https:\/\/www.topohvar.at\/topo\/wp-json\/wp\/v2\/comments?post=15292"}],"version-history":[{"count":13,"href":"https:\/\/www.topohvar.at\/topo\/wp-json\/wp\/v2\/pages\/15292\/revisions"}],"predecessor-version":[{"id":53765,"href":"https:\/\/www.topohvar.at\/topo\/wp-json\/wp\/v2\/pages\/15292\/revisions\/53765"}],"up":[{"embeddable":true,"href":"https:\/\/www.topohvar.at\/topo\/wp-json\/wp\/v2\/pages\/80"}],"wp:attachment":[{"href":"https:\/\/www.topohvar.at\/topo\/wp-json\/wp\/v2\/media?parent=15292"}],"curies":[{"name":"wp","href":"https:\/\/api.w.org\/{rel}","templated":true}]}}

HVAR &#8211; Palača »Paladini ljetna (donja)«

<p><a name="seite_oben"></a><br />
<img loading="lazy" decoding="async" class="alignnone wp-image-15120 size-large" src="https://www.topohvar.at/wp-content/uploads/2019/01/hv-tg-06-1-1024x503.jpg" alt="" width="640" height="314" srcset="https://www.topohvar.at/wp-content/uploads/2019/01/hv-tg-06-1-1024x503.jpg 1024w, https://www.topohvar.at/wp-content/uploads/2019/01/hv-tg-06-1-300x147.jpg 300w, https://www.topohvar.at/wp-content/uploads/2019/01/hv-tg-06-1-768x377.jpg 768w, https://www.topohvar.at/wp-content/uploads/2019/01/hv-tg-06-1.jpg 1080w" sizes="auto, (max-width: 640px) 100vw, 640px" /></p>
<p><strong>Ime / Name<br />
</strong>Palača »Paladini ljetna (donja)« / Sommerpalast (Unterer Palast) der Paladini</p>
<p><strong>Code: </strong>HV-TG-06                                    <a href="https://www.topohvar.at/hv-tg-63-1/"><img loading="lazy" decoding="async" class="alignnone wp-image-12300 size-full" src="https://www.topohvar.at/wp-content/uploads/2018/09/push-vor-30.jpg" alt="" width="61" height="30" /></a> <strong><a href="https://www.topohvar.at/orte/hv/hv-tg-48-1/"><img loading="lazy" decoding="async" class="alignnone wp-image-533 size-full" src="https://www.topohvar.at/wp-content/uploads/2018/07/push-l-30.jpg" alt="" width="61" height="30" /></a> <a href="https://www.topohvar.at/orte/hv/"><img loading="lazy" decoding="async" class="alignnone wp-image-535 size-full" src="https://www.topohvar.at/wp-content/uploads/2018/07/push-o-30.jpg" alt="" width="61" height="30" /></a> <a href="https://www.topohvar.at/orte/hv/hv-tg-40-1/"><img loading="lazy" decoding="async" class="alignnone wp-image-536 size-full" src="https://www.topohvar.at/wp-content/uploads/2018/07/push-r-30.jpg" alt="" width="61" height="30" /></a> <a href="https://www.topohvar.at/hv-tg-80-1/"><img loading="lazy" decoding="async" class="alignnone wp-image-12299 size-full" src="https://www.topohvar.at/wp-content/uploads/2018/09/push-next-30.jpg" alt="" width="61" height="30" /></a></strong></p>
<hr />
<p><strong>Adresa / Adresse<br />
</strong>Grad Hvar, Trg sv. Stjepana 15-17</p>
<p><strong>Lokacija / Position<a href="https://goo.gl/maps/koi98eTaQtxsCcJA8"><img loading="lazy" decoding="async" class="alignright wp-image-17663" src="https://www.topohvar.at/wp-content/uploads/2019/01/0318.jpg" alt="" width="134" height="100" /></a><br />
</strong><span style="color: #3366ff;"><a style="color: #3366ff;" href="https://goo.gl/maps/koi98eTaQtxsCcJA8">Latitude: N 43,17248°   Longitude: E 16,44228°</a> </span><strong><br />
</strong>Visina / Höhe: 2 m</p>
<p><strong>Katastarska čestica </strong><strong>/ Grundstücke<br />
</strong>*116<div class='content-column one_half'><div style="padding-right:6px;"><p><strong>Datum snimanja / Erfassungsdatum<br />
</strong>27.05.2013 18:00:20</p>
<hr />
<p><strong>Informacije</strong></p>
<p>Gotička dvokatna palača na glavnom trgu sagradio je krajem 15.st. suprakomit i vitez Nikola Paladini u cvjetnogotičkom stilu kao ljetna rezidancija obitelji Paladinić. Sagrađena je nasuprot gornjoj palači Paladinić s kojom je bila povezana vratima u gradskim zidinama. Nazivala se &#8222;ljetna kuća&#8220; jer je prije pregradnje imala više sobana sjevernoj strani koje su bile zaklonjene od ljetnih vrućina.</p></div></div><div class='content-column one_half last_column'><div style="padding-right:0px;padding-left:6px;"><p><strong>Stupanj zaštite </strong><strong>/ Schutzstellung<br />
</strong>Z-6361, RST 479-1970<strong><br />
</strong></p>
<hr />
<p><strong>Info</strong></p>
<p>Der gotischer zweistöckige Palast am Hauptplatz wurde im späten 15. Jahrhundert durch den Suprakomit Nicholas Ritter Paladini im Stil der Blumengotik erbaut. Er diente als Sommerresidenz der Familie Paladini. Es wurde gegenüber dem Obereren Palast Paladini erbaut, mit dem er durch eine Tür in der Stadtmauer verbunden war. Er wird auch &#8222;Sommerhaus&#8220; genannt, weil er vor dem Umbau mehrere Zimmer an der Nordseite hatte, die besser vor der Sommerhitze geschützt waren.</p></div></div><div class='clear_column'></div><div class='content-column one_half'><div style="padding-right:6px;"><p>Današnji izgled palača je dobila u 19. st., izmjenom glavnog pročelja, koje je prema nacrtu Vičenca Kovačevića 1870. godine izveo vlasnik Dr. Dominik Gazzari. Izmijenjeno je prizemlje i raspored prozora na katovima. Ističe se izvanrednom kamenom plastikom.</p></div></div><div class='content-column one_half last_column'><div style="padding-right:0px;padding-left:6px;"><p>Das heutige Aussehen wurde dem Haus im Jahr 1870 durch den damaligen Besitzer Dr. Dominik Gazzara gegeben, wobei die Hauptfassade nach einen Entwurf des Vičenco Kovačević umgestaltet wurde. Verändert wurden dabei auch das Erdgeschoss und die Anordnung der Fenster der oberen Etagen. Es zeichnet sich durch die außergewöhnliche Steinplastizität aus.</p></div></div><div class='clear_column'></div></p>
<p style="text-align: right;"><span style="color: #3366ff;"><a style="color: #3366ff;" href="#seite_oben">natrag na vrh / Seitenanfang</a></span></p>
<hr />
<p><strong>Linkovi / Links</strong></p>
<p><span style="color: #3366ff;"><a style="color: #3366ff;" href="https://www.topohvar.at/orte/hv/hv-tg-07-1/">Palača »Paladini zimska (gornja)« / Winterpalast (Oberer Palast) der Paladini</a><br />
</span></p>

<p>Ime / Name Palača »Paladini ljetna (donja)« / Sommerpalast (Unterer Palast) der Paladini Code: HV-TG-06                                        Adresa / Adresse Grad Hvar, Trg sv. Stjepana &hellip; <a href="https://www.topohvar.at/topo/orte/hv/hv-tg-06-1/">Weiterlesen <span class="meta-nav">&rarr;</span></a></p>
