{"id":15298,"date":"2019-01-05T11:00:25","date_gmt":"2019-01-05T10:00:25","guid":{"rendered":"https:\/\/www.topohvar.at\/?page_id=15298"},"modified":"2024-04-22T17:42:55","modified_gmt":"2024-04-22T15:42:55","slug":"hv-tg-67-1","status":"publish","type":"page","link":"https:\/\/www.topohvar.at\/topo\/orte\/hv\/hv-tg-67-1\/","title":{"rendered":"HVAR &#8211; Ku\u0107a \u00bbBiv\u0161i prvi hotel u Hvaru\u00ab"},"content":{"rendered":"<p><a name=\"seite_oben\"><\/a><br \/>\n<img loading=\"lazy\" decoding=\"async\" class=\"alignnone wp-image-15179 size-large\" src=\"https:\/\/www.topohvar.at\/wp-content\/uploads\/2019\/01\/hv-tg-65-1-1024x503.jpg\" alt=\"\" width=\"640\" height=\"314\" srcset=\"https:\/\/www.topohvar.at\/wp-content\/uploads\/2019\/01\/hv-tg-65-1-1024x503.jpg 1024w, https:\/\/www.topohvar.at\/wp-content\/uploads\/2019\/01\/hv-tg-65-1-300x147.jpg 300w, https:\/\/www.topohvar.at\/wp-content\/uploads\/2019\/01\/hv-tg-65-1-768x377.jpg 768w, https:\/\/www.topohvar.at\/wp-content\/uploads\/2019\/01\/hv-tg-65-1.jpg 1080w\" sizes=\"auto, (max-width: 640px) 100vw, 640px\" \/><\/p>\n<p><strong>Ime \/ Name<br \/>\n<\/strong>Ku\u0107a \u00bbBiv\u0161i prvi hotel u Hvaru\u00ab \/ ehemals erstes Hotel in Hvar<\/p>\n<p><strong>Code: <\/strong>HV-TG-67\u00a0 \u00a0 \u00a0 \u00a0 \u00a0 \u00a0 \u00a0 \u00a0 \u00a0 \u00a0 \u00a0 \u00a0 \u00a0 \u00a0 \u00a0 \u00a0 \u00a0 \u00a0 <a href=\"https:\/\/www.topohvar.at\/hv-tg-63-1\/\"><img loading=\"lazy\" decoding=\"async\" class=\"alignnone wp-image-12300 size-full\" src=\"https:\/\/www.topohvar.at\/wp-content\/uploads\/2018\/09\/push-vor-30.jpg\" alt=\"\" width=\"61\" height=\"30\" \/><\/a>\u00a0<strong><a href=\"https:\/\/www.topohvar.at\/orte\/hv\/hv-tg-44-1\/\"><img loading=\"lazy\" decoding=\"async\" class=\"alignnone wp-image-533 size-full\" src=\"https:\/\/www.topohvar.at\/wp-content\/uploads\/2018\/07\/push-l-30.jpg\" alt=\"\" width=\"61\" height=\"30\" \/><\/a> <a href=\"https:\/\/www.topohvar.at\/orte\/hv\/\"><img loading=\"lazy\" decoding=\"async\" class=\"alignnone wp-image-535 size-full\" src=\"https:\/\/www.topohvar.at\/wp-content\/uploads\/2018\/07\/push-o-30.jpg\" alt=\"\" width=\"61\" height=\"30\" \/><\/a> <a href=\"https:\/\/www.topohvar.at\/orte\/hv\/hv-tg-29-1\/\"><img loading=\"lazy\" decoding=\"async\" class=\"alignnone wp-image-536 size-full\" src=\"https:\/\/www.topohvar.at\/wp-content\/uploads\/2018\/07\/push-r-30.jpg\" alt=\"\" width=\"61\" height=\"30\" \/><\/a>\u00a0<a href=\"https:\/\/www.topohvar.at\/hv-tg-80-1\/\"><img loading=\"lazy\" decoding=\"async\" class=\"alignnone wp-image-12299 size-full\" src=\"https:\/\/www.topohvar.at\/wp-content\/uploads\/2018\/09\/push-next-30.jpg\" alt=\"\" width=\"61\" height=\"30\" \/><\/a><\/strong><\/p>\n<hr \/>\n<p><strong>Adresa \/ Adresse<br \/>\n<\/strong>Grad Hvar,\u00a0Trg sv. Stjepana 35<\/p>\n<p><strong>Lokacija \/ Position<a href=\"https:\/\/goo.gl\/maps\/TKQP9yeaGoFiv5yj8\"><img loading=\"lazy\" decoding=\"async\" class=\"alignright wp-image-16251\" src=\"https:\/\/www.topohvar.at\/wp-content\/uploads\/2019\/01\/0376.jpg\" alt=\"\" width=\"134\" height=\"100\" \/><\/a><br \/>\n<\/strong><span style=\"color: #3366ff;\"><a style=\"color: #3366ff;\" href=\"https:\/\/goo.gl\/maps\/TKQP9yeaGoFiv5yj8\">Latitude: N 43,17221\u00b0\u00a0 \u00a0Longitude: E 16,44222\u00b0<\/a> <\/span><strong><br \/>\n<\/strong>Visina \/ H\u00f6he: 3 m<\/p>\n<p><strong>Katastarska \u010destica <\/strong><strong>\/ Grundst\u00fccke<br \/>\n<\/strong>*198<div class='content-column one_half'><div style=\"padding-right:6px;\"><p><strong>Datum snimanja \/ Erfassungsdatum<br \/>\n<\/strong>23.05.2013 12:00:00<\/p>\n<hr \/>\n<p><strong>Informacije<\/strong><\/p>\n<p>Zapadni dio ku\u0107e dao sagraditi 1843. g Juraj Dubokovi\u0107 kasniji hvarski biskup. Isto\u010dni dio ku\u0107e bio je vlasni\u0161tvo obitelji Samohod, pa Mili\u010di\u0107, a od 1938.<\/p><\/div><\/div><div class='content-column one_half last_column'><div style=\"padding-right:0px;padding-left:6px;\"><p><strong>Stupanj za\u0161tite<\/strong><strong> \/ Schutzstellung<br \/>\n<\/strong>&#8211;<\/p>\n<hr \/>\n<p><strong>Info<\/strong><\/p>\n<p>Der westliche Teil des Hauses wurde im Jahr 1843 von Juraj Dubokovi\u0107, einem sp\u00e4teren Bischof von Hvar, erbaut. Der \u00f6stliche Teil des Hauses geh\u00f6rte der Familie Samohod und Mili\u010di\u0107 und seit 1938.<\/p><\/div><\/div><div class='clear_column'><\/div><div class='content-column one_half'><div style=\"padding-right:6px;\"><p>Prvi hotel Higijeni\u010dkog dru\u0161tva (najstarije turisti\u010dko udru\u017eenje u Europi) bio je u ku\u0107i Samohod-Dubokovi\u0107 na hvarskom trgu, otvoren 15. listopada 1868. g. nakon temeljite adaptacije zgrade (spomen plo\u010da).<\/p><\/div><\/div><div class='content-column one_half last_column'><div style=\"padding-right:0px;padding-left:6px;\"><p>Das erste Hotel der Hygienischen Gesellschaft (des \u00e4ltesten Touristenverbandes in Europa), wurde im Hause Samohod-Dubokovi\u0107 auf der Piazza, am 15. Oktober 1868 nach einer gr\u00fcndlichen Renovierung des Geb\u00e4udes er\u00f6ffnet (Gedenktafel).<\/p><\/div><\/div><div class='clear_column'><\/div><div class='content-column one_half'><div style=\"padding-right:6px;\"><p>Pored hotela Higijeni\u010dkog dru\u0161tva (najprije onog adaptiranog u ku\u0107i Dubokovi\u0107-Samohod, a potom u tzv. Crvenoj ku\u0107i) tijekom 19. st. spom\u00acinju se u Hvaru jo\u0161 tri manja pansiona: 1808-1809. g. pansion odnosno svrati\u0161te Giuseppea Guadagnija u ku\u0107i ex-Lupi u Grodi (u kojoj su biii smje\u0161teni i francuski vojnici), zatim pansion Hvaranina Antuna Tocilja s dvije dvokrevetne i jednom jednokrevetnom sobom u njegovoj ku\u0107i u Grodi (danas Novak-\u0160oleti) za koji je 1848. g. od hvarske op\u0107ine dobio dozvolu za otvaranje, te krajem istog stolje\u0107a, hotel-restoran Bo\u0161kovi\u0107 na trgu.<\/p><\/div><\/div><div class='content-column one_half last_column'><div style=\"padding-right:0px;padding-left:6px;\"><p>Neben dem Hotel Hygienischen Gesellschaft (das zuerst im Haus Dubokovi\u0107-Samohod und dann im \u201eRoten Haus\u201c etabliert war) gab es im 19. Jahrhundert noch drei kleinere Pensionen in Hvar: 1808-1809 die Pension oder Herberge von Giuseppe Guadagnija im Haus der ehemaligen Lupi in Groda (wo sich auch franz\u00f6sische Soldaten befanden), dann das G\u00e4stehaus Hvaranina des Antun Tocil mit zwei Doppel- und einem Einzelzimmer in seinem Haus in Groda (heute Novak-\u0160oleti) f\u00fcr das er im Jahr 1848 von der Gemeinde Hvar die Erlaubnis zur Er\u00f6ffnung erhielt, sowie das Hotel-Restaurant Bo\u0161kovi\u0107 auf der Piazza.<\/p><\/div><\/div><div class='clear_column'><\/div><\/p>\n<p style=\"text-align: right;\"><span style=\"color: #3366ff;\"><a style=\"color: #3366ff;\" href=\"#seite_oben\">natrag na vrh \/ Seitenanfang<\/a><\/span><\/p>\n<hr \/>\n<p><strong>Linkovi \/ Links<\/strong><\/p>\n<p><span style=\"color: #3366ff;\"><a style=\"color: #3366ff;\" href=\"https:\/\/www.topohvar.at\/orte\/hv\/hv-is-09-1\/\">Spomen plo\u010da \u00bbHigijeni\u010dko dru\u0161tvo Hvar\u00ab \/ Gedenktafel &#8211; Hygienischer Verein Hvar<\/a><\/span><\/p>\n","protected":false},"excerpt":{"rendered":"<p>Ime \/ Name Ku\u0107a \u00bbBiv\u0161i prvi hotel u Hvaru\u00ab \/ ehemals erstes Hotel in Hvar Code: HV-TG-67\u00a0 \u00a0 \u00a0 \u00a0 \u00a0 \u00a0 \u00a0 \u00a0 \u00a0 \u00a0 \u00a0 \u00a0 \u00a0 \u00a0 \u00a0 \u00a0 \u00a0 \u00a0 \u00a0 \u00a0 Adresa \/ Adresse Grad &hellip; <a href=\"https:\/\/www.topohvar.at\/topo\/orte\/hv\/hv-tg-67-1\/\">Weiterlesen <span class=\"meta-nav\">&rarr;<\/span><\/a><\/p>\n","protected":false},"author":1,"featured_media":0,"parent":80,"menu_order":0,"comment_status":"closed","ping_status":"closed","template":"","meta":{"footnotes":""},"class_list":["post-15298","page","type-page","status-publish","hentry"],"_links":{"self":[{"href":"https:\/\/www.topohvar.at\/topo\/wp-json\/wp\/v2\/pages\/15298","targetHints":{"allow":["GET"]}}],"collection":[{"href":"https:\/\/www.topohvar.at\/topo\/wp-json\/wp\/v2\/pages"}],"about":[{"href":"https:\/\/www.topohvar.at\/topo\/wp-json\/wp\/v2\/types\/page"}],"author":[{"embeddable":true,"href":"https:\/\/www.topohvar.at\/topo\/wp-json\/wp\/v2\/users\/1"}],"replies":[{"embeddable":true,"href":"https:\/\/www.topohvar.at\/topo\/wp-json\/wp\/v2\/comments?post=15298"}],"version-history":[{"count":12,"href":"https:\/\/www.topohvar.at\/topo\/wp-json\/wp\/v2\/pages\/15298\/revisions"}],"predecessor-version":[{"id":66677,"href":"https:\/\/www.topohvar.at\/topo\/wp-json\/wp\/v2\/pages\/15298\/revisions\/66677"}],"up":[{"embeddable":true,"href":"https:\/\/www.topohvar.at\/topo\/wp-json\/wp\/v2\/pages\/80"}],"wp:attachment":[{"href":"https:\/\/www.topohvar.at\/topo\/wp-json\/wp\/v2\/media?parent=15298"}],"curies":[{"name":"wp","href":"https:\/\/api.w.org\/{rel}","templated":true}]}}

HVAR &#8211; Kuća »Bivši prvi hotel u Hvaru«

<p><a name="seite_oben"></a><br />
<img loading="lazy" decoding="async" class="alignnone wp-image-15179 size-large" src="https://www.topohvar.at/wp-content/uploads/2019/01/hv-tg-65-1-1024x503.jpg" alt="" width="640" height="314" srcset="https://www.topohvar.at/wp-content/uploads/2019/01/hv-tg-65-1-1024x503.jpg 1024w, https://www.topohvar.at/wp-content/uploads/2019/01/hv-tg-65-1-300x147.jpg 300w, https://www.topohvar.at/wp-content/uploads/2019/01/hv-tg-65-1-768x377.jpg 768w, https://www.topohvar.at/wp-content/uploads/2019/01/hv-tg-65-1.jpg 1080w" sizes="auto, (max-width: 640px) 100vw, 640px" /></p>
<p><strong>Ime / Name<br />
</strong>Kuća »Bivši prvi hotel u Hvaru« / ehemals erstes Hotel in Hvar</p>
<p><strong>Code: </strong>HV-TG-67                                    <a href="https://www.topohvar.at/hv-tg-63-1/"><img loading="lazy" decoding="async" class="alignnone wp-image-12300 size-full" src="https://www.topohvar.at/wp-content/uploads/2018/09/push-vor-30.jpg" alt="" width="61" height="30" /></a> <strong><a href="https://www.topohvar.at/orte/hv/hv-tg-44-1/"><img loading="lazy" decoding="async" class="alignnone wp-image-533 size-full" src="https://www.topohvar.at/wp-content/uploads/2018/07/push-l-30.jpg" alt="" width="61" height="30" /></a> <a href="https://www.topohvar.at/orte/hv/"><img loading="lazy" decoding="async" class="alignnone wp-image-535 size-full" src="https://www.topohvar.at/wp-content/uploads/2018/07/push-o-30.jpg" alt="" width="61" height="30" /></a> <a href="https://www.topohvar.at/orte/hv/hv-tg-29-1/"><img loading="lazy" decoding="async" class="alignnone wp-image-536 size-full" src="https://www.topohvar.at/wp-content/uploads/2018/07/push-r-30.jpg" alt="" width="61" height="30" /></a> <a href="https://www.topohvar.at/hv-tg-80-1/"><img loading="lazy" decoding="async" class="alignnone wp-image-12299 size-full" src="https://www.topohvar.at/wp-content/uploads/2018/09/push-next-30.jpg" alt="" width="61" height="30" /></a></strong></p>
<hr />
<p><strong>Adresa / Adresse<br />
</strong>Grad Hvar, Trg sv. Stjepana 35</p>
<p><strong>Lokacija / Position<a href="https://goo.gl/maps/TKQP9yeaGoFiv5yj8"><img loading="lazy" decoding="async" class="alignright wp-image-16251" src="https://www.topohvar.at/wp-content/uploads/2019/01/0376.jpg" alt="" width="134" height="100" /></a><br />
</strong><span style="color: #3366ff;"><a style="color: #3366ff;" href="https://goo.gl/maps/TKQP9yeaGoFiv5yj8">Latitude: N 43,17221°   Longitude: E 16,44222°</a> </span><strong><br />
</strong>Visina / Höhe: 3 m</p>
<p><strong>Katastarska čestica </strong><strong>/ Grundstücke<br />
</strong>*198<div class='content-column one_half'><div style="padding-right:6px;"><p><strong>Datum snimanja / Erfassungsdatum<br />
</strong>23.05.2013 12:00:00</p>
<hr />
<p><strong>Informacije</strong></p>
<p>Zapadni dio kuće dao sagraditi 1843. g Juraj Duboković kasniji hvarski biskup. Istočni dio kuće bio je vlasništvo obitelji Samohod, pa Miličić, a od 1938.</p></div></div><div class='content-column one_half last_column'><div style="padding-right:0px;padding-left:6px;"><p><strong>Stupanj zaštite</strong><strong> / Schutzstellung<br />
</strong>&#8211;</p>
<hr />
<p><strong>Info</strong></p>
<p>Der westliche Teil des Hauses wurde im Jahr 1843 von Juraj Duboković, einem späteren Bischof von Hvar, erbaut. Der östliche Teil des Hauses gehörte der Familie Samohod und Miličić und seit 1938.</p></div></div><div class='clear_column'></div><div class='content-column one_half'><div style="padding-right:6px;"><p>Prvi hotel Higijeničkog društva (najstarije turističko udruženje u Europi) bio je u kući Samohod-Duboković na hvarskom trgu, otvoren 15. listopada 1868. g. nakon temeljite adaptacije zgrade (spomen ploča).</p></div></div><div class='content-column one_half last_column'><div style="padding-right:0px;padding-left:6px;"><p>Das erste Hotel der Hygienischen Gesellschaft (des ältesten Touristenverbandes in Europa), wurde im Hause Samohod-Duboković auf der Piazza, am 15. Oktober 1868 nach einer gründlichen Renovierung des Gebäudes eröffnet (Gedenktafel).</p></div></div><div class='clear_column'></div><div class='content-column one_half'><div style="padding-right:6px;"><p>Pored hotela Higijeničkog društva (najprije onog adaptiranog u kući Duboković-Samohod, a potom u tzv. Crvenoj kući) tijekom 19. st. spom¬inju se u Hvaru još tri manja pansiona: 1808-1809. g. pansion odnosno svratište Giuseppea Guadagnija u kući ex-Lupi u Grodi (u kojoj su biii smješteni i francuski vojnici), zatim pansion Hvaranina Antuna Tocilja s dvije dvokrevetne i jednom jednokrevetnom sobom u njegovoj kući u Grodi (danas Novak-Šoleti) za koji je 1848. g. od hvarske općine dobio dozvolu za otvaranje, te krajem istog stoljeća, hotel-restoran Bošković na trgu.</p></div></div><div class='content-column one_half last_column'><div style="padding-right:0px;padding-left:6px;"><p>Neben dem Hotel Hygienischen Gesellschaft (das zuerst im Haus Duboković-Samohod und dann im „Roten Haus“ etabliert war) gab es im 19. Jahrhundert noch drei kleinere Pensionen in Hvar: 1808-1809 die Pension oder Herberge von Giuseppe Guadagnija im Haus der ehemaligen Lupi in Groda (wo sich auch französische Soldaten befanden), dann das Gästehaus Hvaranina des Antun Tocil mit zwei Doppel- und einem Einzelzimmer in seinem Haus in Groda (heute Novak-Šoleti) für das er im Jahr 1848 von der Gemeinde Hvar die Erlaubnis zur Eröffnung erhielt, sowie das Hotel-Restaurant Bošković auf der Piazza.</p></div></div><div class='clear_column'></div></p>
<p style="text-align: right;"><span style="color: #3366ff;"><a style="color: #3366ff;" href="#seite_oben">natrag na vrh / Seitenanfang</a></span></p>
<hr />
<p><strong>Linkovi / Links</strong></p>
<p><span style="color: #3366ff;"><a style="color: #3366ff;" href="https://www.topohvar.at/orte/hv/hv-is-09-1/">Spomen ploča »Higijeničko društvo Hvar« / Gedenktafel &#8211; Hygienischer Verein Hvar</a></span></p>

<p>Ime / Name Kuća »Bivši prvi hotel u Hvaru« / ehemals erstes Hotel in Hvar Code: HV-TG-67                                        Adresa / Adresse Grad &hellip; <a href="https://www.topohvar.at/topo/orte/hv/hv-tg-67-1/">Weiterlesen <span class="meta-nav">&rarr;</span></a></p>
