{"id":15338,"date":"2019-01-05T11:32:39","date_gmt":"2019-01-05T10:32:39","guid":{"rendered":"https:\/\/www.topohvar.at\/?page_id=15338"},"modified":"2024-06-10T17:44:49","modified_gmt":"2024-06-10T15:44:49","slug":"hv-tg-46-1","status":"publish","type":"page","link":"https:\/\/www.topohvar.at\/topo\/orte\/hv\/hv-tg-46-1\/","title":{"rendered":"HVAR &#8211; Ku\u0107a \u00bbBu\u010di\u0107\u00ab"},"content":{"rendered":"<p><a name=\"seite_oben\"><\/a><br \/>\n<img loading=\"lazy\" decoding=\"async\" class=\"alignnone wp-image-15160 size-large\" src=\"https:\/\/www.topohvar.at\/wp-content\/uploads\/2019\/01\/HV-TG-46-1-1024x503.jpg\" alt=\"\" width=\"640\" height=\"314\" srcset=\"https:\/\/www.topohvar.at\/wp-content\/uploads\/2019\/01\/HV-TG-46-1-1024x503.jpg 1024w, https:\/\/www.topohvar.at\/wp-content\/uploads\/2019\/01\/HV-TG-46-1-300x147.jpg 300w, https:\/\/www.topohvar.at\/wp-content\/uploads\/2019\/01\/HV-TG-46-1-768x377.jpg 768w, https:\/\/www.topohvar.at\/wp-content\/uploads\/2019\/01\/HV-TG-46-1.jpg 1080w\" sizes=\"auto, (max-width: 640px) 100vw, 640px\" \/><\/p>\n<p><strong>Ime \/ Name<br \/>\n<\/strong>Ku\u0107a \/ Haus \u00bbBu\u010di\u0107\u00ab<\/p>\n<p><strong>Code: <\/strong>HV-TG-46\u00a0 \u00a0 \u00a0 \u00a0 \u00a0 \u00a0 \u00a0 \u00a0 \u00a0 \u00a0 \u00a0 \u00a0 \u00a0 \u00a0 \u00a0 \u00a0 \u00a0 \u00a0\u00a0<a href=\"https:\/\/www.topohvar.at\/hv-tg-63-1\/\"><img loading=\"lazy\" decoding=\"async\" class=\"alignnone wp-image-12300 size-full\" src=\"https:\/\/www.topohvar.at\/wp-content\/uploads\/2018\/09\/push-vor-30.jpg\" alt=\"\" width=\"61\" height=\"30\" \/><\/a>\u00a0<strong><a href=\"https:\/\/www.topohvar.at\/orte\/hv\/hv-tg-68-1\/\"><img loading=\"lazy\" decoding=\"async\" class=\"alignnone wp-image-533 size-full\" src=\"https:\/\/www.topohvar.at\/wp-content\/uploads\/2018\/07\/push-l-30.jpg\" alt=\"\" width=\"61\" height=\"30\" \/><\/a> <a href=\"https:\/\/www.topohvar.at\/orte\/hv\/\"><img loading=\"lazy\" decoding=\"async\" class=\"alignnone wp-image-535 size-full\" src=\"https:\/\/www.topohvar.at\/wp-content\/uploads\/2018\/07\/push-o-30.jpg\" alt=\"\" width=\"61\" height=\"30\" \/><\/a> <a href=\"https:\/\/www.topohvar.at\/orte\/hv\/hv-tg-43-1\/\"><img loading=\"lazy\" decoding=\"async\" class=\"alignnone wp-image-536 size-full\" src=\"https:\/\/www.topohvar.at\/wp-content\/uploads\/2018\/07\/push-r-30.jpg\" alt=\"\" width=\"61\" height=\"30\" \/><\/a>\u00a0<a href=\"https:\/\/www.topohvar.at\/hv-tg-80-1\/\"><img loading=\"lazy\" decoding=\"async\" class=\"alignnone wp-image-12299 size-full\" src=\"https:\/\/www.topohvar.at\/wp-content\/uploads\/2018\/09\/push-next-30.jpg\" alt=\"\" width=\"61\" height=\"30\" \/><\/a><\/strong><\/p>\n<hr \/>\n<p><strong>Adresa \/ Adresse<br \/>\n<\/strong>Grad Hvar, Kroz Burak<\/p>\n<p><strong>Lokacija<\/strong><strong> \/ Position<a href=\"https:\/\/goo.gl\/maps\/reHo2DfM1nZs9amx6\"><img loading=\"lazy\" decoding=\"async\" class=\"alignright wp-image-17757\" src=\"https:\/\/www.topohvar.at\/wp-content\/uploads\/2019\/01\/0357.jpg\" alt=\"\" width=\"134\" height=\"100\" \/><\/a><br \/>\n<\/strong><span style=\"color: #3366ff;\"><a style=\"color: #3366ff;\" href=\"https:\/\/goo.gl\/maps\/reHo2DfM1nZs9amx6\">Latitude: N 43,17090\u00b0\u00a0 \u00a0Longitude: E 16,44190\u00b0<\/a> <\/span><strong><br \/>\n<\/strong>Visina \/ H\u00f6he: 8 m<\/p>\n<p><strong>Katastarska \u010destica <\/strong><strong>\/ Grundst\u00fccke<br \/>\n<\/strong>*442<div class='content-column one_half'><div style=\"padding-right:6px;\"><p><strong>Datum snimanja \/ Erfassungsdatum<br \/>\n<\/strong>13.02.2015 12:45:44<\/p>\n<hr \/>\n<p><strong>Informacije<\/strong><\/p>\n<p>Barokna dvokatnica iz XVII. stolje\u0107a, sagra\u0111ena u Burgu. U XIX. stolje\u0107u povi\u0161ena za kat. Nalazi se na sjeverozapadnom uglu bloka. Kvadrati\u010dnog je tlocrta, zaklju\u010dena \u010detverovodnim krovom. Glavno, zapadno pro\u010delje simetri\u010dno je ra\u0161\u010dlanjeno, a pro\u010delni otvori su ukra\u0161eni profiliranom kamenom plastikom.<\/p><\/div><\/div><div class='content-column one_half last_column'><div style=\"padding-right:0px;padding-left:6px;\"><p><strong>Stupanj za\u0161tite<\/strong><strong> \/ Schutzstellung<br \/>\n<\/strong>Z-5149, RST 610<strong><br \/>\n<\/strong><\/p>\n<hr \/>\n<p><strong>Info<\/strong><\/p>\n<p>Das barocke, urspr\u00fcnglich zweist\u00f6ckige Geb\u00e4ude aus dem 17. Jh. wurde im 19. Jh. aufgestockt. Es befindet sich im Ortsteil Burak an der nordwestlichen Ecke des H\u00e4userblocks. Das Geb\u00e4ude hat einen quadratischen Grundriss und ein Walmdach. Die westliche Hauptfassade ist symmetrisch geteilt, die vorderen \u00d6ffnungen sind mit profilierter Steinplastik verziert.<\/p><\/div><\/div><div class='clear_column'><\/div><div class='content-column one_half'><div style=\"padding-right:6px;\"><p>Ku\u0107a je ranije pripadala u\u010denjaku Grguru Bu\u010di\u0107u. Pokojni Marinko Tudor-Tonin ku\u0107u je prodao talijanskom dr\u017eavljaninu Emanaulu Marangioneu.<\/p><\/div><\/div><div class='content-column one_half last_column'><div style=\"padding-right:0px;padding-left:6px;\"><p>Das Haus geh\u00f6rte fr\u00fcher dem Gelehrten Grgur (Gregor) Bu\u010di\u0107. Nach dem Tod des Marinko Tudor-Tonin wurde es an Emmanuel Marangione, einen italienischen B\u00fcrger verkauft.<\/p><\/div><\/div><div class='clear_column'><\/div><div class='content-column one_half'><div style=\"padding-right:6px;\"><p>Registar kulturnih dobara Republike Hrvatske br. 01\/2011. Datum tiskanog izdanja: 04. 08. 2011. Broj registra Z-5149<\/p><\/div><\/div><div class='content-column one_half last_column'><div style=\"padding-right:0px;padding-left:6px;\"><p>Register der Kulturg\u00fcter der Republik Kroatien Nr. 01\/2011. Ver\u00f6ffentlichungsdatum: 04. 08. 2011. Registriernummer Z-5149<\/p><\/div><\/div><div class='clear_column'><\/div><\/p>\n<p style=\"text-align: right;\"><span style=\"color: #3366ff;\"><a style=\"color: #3366ff;\" href=\"#seite_oben\">natrag na vrh \/ Seitenanfang<\/a><\/span><\/p>\n<hr \/>\n<div class='content-column one_half'><div style=\"padding-right:6px;\"><p>Godine 1858., u okviru ru\u0161evina nekada\u0161njeg samostana sv. Venerande u Hvaru osnovana je meteorolo\u0161ka postaja (me\u0111u prvima na podru\u010dju Austrije). Za to je bio zaslu\u017ean Hvaranin dr. Grgur Bu\u010di\u0107 (1829-1911) koji je od utemeljenja pa do svoje smrti predano vodio postaju i bilje\u017eio podatke. Kao rijetko koje mjesto, Hvar ima u potpunosti sa\u010duvane meteorolo\u0161ke podatke od 1858. g. do danas.<\/p><\/div><\/div><div class='content-column one_half last_column'><div style=\"padding-right:0px;padding-left:6px;\"><p>Im Jahr 1858 wurde in den Ruinen des ehemaligen Klosters St. Venerande in Hvar eine meteorologische Station gegr\u00fcndet (eine der ersten in \u00d6sterreich). Dies wurde Dr. Grgur Bu\u010di\u0107 (1829-1911) aus Hvar zugeschrieben, der ab deren Gr\u00fcndung bis zu seinem Tod die Station leitete und Daten aufzeichnete. In Hvar sind die meteorologischen Daten von 1858 bis heute vollst\u00e4ndig erhalten.<\/p><\/div><\/div><div class='clear_column'><\/div><div class='content-column one_half'><div style=\"padding-right:6px;\"><p>Bu\u010di\u0107 se i znanstveno bavio prou\u010davanjem hvarske klime i o tome izvijestio u vi\u0161e radova, koji su bitno doprinijeli prepoznavanju klimatskih vrijednosti Hvara. Nadalje, vrlo se intenzivno bavio biologijom, arheologijom, geologijom i drugim znanstvenim disciplinama, i o tome tako\u0111er napisao velik broj radova.<\/p><\/div><\/div><div class='content-column one_half last_column'><div style=\"padding-right:0px;padding-left:6px;\"><p>Bu\u010di\u0107 war auch wissenschaftlich t\u00e4tig bei der Untersuchung des Klimas von Hvar und berichtete dar\u00fcber in mehreren Artikel, die wesentlich zur Kenntnis der Klimavariationen von Hvar beigetragen haben. Er arbeitete auch intensiv an Biologie, Arch\u00e4ologie, Geologie und anderen wissenschaftlichen Disziplinen, und schrieb eine gro\u00dfe Anzahl von Abhandlungen.<\/p><\/div><\/div><div class='clear_column'><\/div><div class='content-column one_half'><div style=\"padding-right:6px;\"><p>Bu\u010di\u0107 je bio sredi\u0161nja li\u010dnost hvarskog znanstvenog \u017eivota (u to doba neobi\u010dno razvijenog), suradnik Jadranske akademije u Be\u010du, suradnik i prijatelj gotovo svih znanstvenika koji su dolazili na Hvar. Za njegov rad Filozofski fakultet u Grazu dodijelio mu je 1886. g. po\u010dasni doktorat.<\/p><\/div><\/div><div class='content-column one_half last_column'><div style=\"padding-right:0px;padding-left:6px;\"><p>Bu\u010di\u0107 war die zentrale Figur des wissenschaftlichen Lebens von Hvar (das sich zu dieser Zeit au\u00dferordentlich entwickelte), ein Mitarbeiter der Adriatischen Akademie in Wien, ein Mitarbeiter und Freund fast aller Wissenschaftler, die nach Hvar kamen. F\u00fcr seine Arbeit verlieh ihm die Philosophische Fakult\u00e4t in Graz 1886 die Ehrendoktorw\u00fcrde.<\/p><\/div><\/div><div class='clear_column'><\/div><\/p>\n<p style=\"text-align: right;\"><span style=\"color: #3366ff;\"><a style=\"color: #3366ff;\" href=\"#seite_oben\">natrag na vrh \/ Seitenanfang<\/a><\/span><\/p>\n<hr \/>\n<p><strong>Linkovi \/ Links<\/strong><\/p>\n<p><span style=\"color: #3366ff;\"><a style=\"color: #3366ff;\" href=\"https:\/\/www.topohvar.at\/topo\/orte\/hv\/hv-op-00-0\/#op-20\">Objekt \u00bbGustirna u ku\u0107i Bu\u010di\u0107\u00ab \/\u00a0Zisterne im Haus Bu\u010di\u0107<\/a><br \/>\n<a style=\"color: #3366ff;\" href=\"https:\/\/www.topohvar.at\/orte\/hv\/hv-is-36-1\/\">Spomen plo\u010da <\/a><a style=\"color: #3366ff;\" href=\"https:\/\/www.topohvar.at\/orte\/hv\/hv-is-36-1\/\">\u00bbGrgur Bu\u010di\u0107 (1)\u00ab<\/a><a style=\"color: #3366ff;\" href=\"https:\/\/www.topohvar.at\/orte\/hv\/hv-is-36-1\/\">\u00a0na Venerande \/ Gedenktafel \u00bbGrgur Bu\u010di\u0107 (1)\u00ab auf Venerande<\/a><\/span><br \/>\n<span style=\"color: #3366ff;\"><a style=\"color: #3366ff;\" href=\"https:\/\/www.topohvar.at\/orte\/hv\/hv-is-19-1\/\">Spomen plo\u010da (2) u ku<\/a><a style=\"color: #3366ff;\" href=\"https:\/\/www.topohvar.at\/orte\/hv\/hv-is-19-1\/\">\u0107<\/a><a style=\"color: #3366ff;\" href=\"https:\/\/www.topohvar.at\/orte\/hv\/hv-is-19-1\/\">i\u00a0Bu<\/a><a style=\"color: #3366ff;\" href=\"https:\/\/www.topohvar.at\/orte\/hv\/hv-is-19-1\/\">\u010di\u0107<\/a><a style=\"color: #3366ff;\" href=\"https:\/\/www.topohvar.at\/orte\/hv\/hv-is-19-1\/\">a \/ Gedenktafel (2) am Haus Bu\u010di\u0107\u00a0<\/a><\/span><\/p>\n<p>Muzej hvarske bastine, zbirke \/ Hvar Heritage Museum, Sammlungen:<\/p>\n<p>&#8211; <a href=\"http:\/\/mhb.mdc.hr\/zbirke.aspx?kid=2\"><span style=\"color: #3366ff;\">Arheolo\u0161ka zbirka i lapidarij &#8222;Dr. Grga Novak&#8220; \/ Arch\u00e4ologische Sammlung und Lapidarium &#8222;Dr. Grga Novak&#8220;<\/span><\/a><br \/>\n&#8211; <span style=\"color: #3366ff;\"><a style=\"color: #3366ff;\" href=\"http:\/\/mhb.mdc.hr\/zbirke.aspx?kid=1\">Galerija Aresenal \/ Galerie Arsenal<\/a><\/span><br \/>\n&#8211; <span style=\"color: #3366ff;\"><a style=\"color: #3366ff;\" href=\"http:\/\/mhb.mdc.hr\/zbirke.aspx?kid=3\">Hvarsko povijesno Kazali\u0161te \/ huistorisches Theater Hvar<\/a><\/span><br \/>\n&#8211; <span style=\"color: #3366ff;\"><a style=\"color: #3366ff;\" href=\"http:\/\/mhb.mdc.hr\/zbirke.aspx?kid=4\">Ljetnikovac Hanibala Luci\u0107a \/ Sommerhaus des Hannibal Luci\u0107<\/a><br \/>\n&#8211; <a style=\"color: #3366ff;\" href=\"http:\/\/mhb.mdc.hr\/zbirke.aspx?kid=5\">Prirodoslovni kabinet &#8222;Dr. Grgur Bu\u010di\u0107&#8220; \/ Naturwissenschaftliches Kabinett &#8222;Dr. Grgur Bu\u010di\u0107&#8220;<\/a><\/span><\/p>\n","protected":false},"excerpt":{"rendered":"<p>Ime \/ Name Ku\u0107a \/ Haus \u00bbBu\u010di\u0107\u00ab Code: HV-TG-46\u00a0 \u00a0 \u00a0 \u00a0 \u00a0 \u00a0 \u00a0 \u00a0 \u00a0 \u00a0 \u00a0 \u00a0 \u00a0 \u00a0 \u00a0 \u00a0 \u00a0 \u00a0\u00a0\u00a0 \u00a0 Adresa \/ Adresse Grad Hvar, Kroz Burak Lokacija \/ Position Latitude: N 43,17090\u00b0\u00a0 &hellip; <a href=\"https:\/\/www.topohvar.at\/topo\/orte\/hv\/hv-tg-46-1\/\">Weiterlesen <span class=\"meta-nav\">&rarr;<\/span><\/a><\/p>\n","protected":false},"author":1,"featured_media":0,"parent":80,"menu_order":0,"comment_status":"closed","ping_status":"closed","template":"","meta":{"footnotes":""},"class_list":["post-15338","page","type-page","status-publish","hentry"],"_links":{"self":[{"href":"https:\/\/www.topohvar.at\/topo\/wp-json\/wp\/v2\/pages\/15338","targetHints":{"allow":["GET"]}}],"collection":[{"href":"https:\/\/www.topohvar.at\/topo\/wp-json\/wp\/v2\/pages"}],"about":[{"href":"https:\/\/www.topohvar.at\/topo\/wp-json\/wp\/v2\/types\/page"}],"author":[{"embeddable":true,"href":"https:\/\/www.topohvar.at\/topo\/wp-json\/wp\/v2\/users\/1"}],"replies":[{"embeddable":true,"href":"https:\/\/www.topohvar.at\/topo\/wp-json\/wp\/v2\/comments?post=15338"}],"version-history":[{"count":19,"href":"https:\/\/www.topohvar.at\/topo\/wp-json\/wp\/v2\/pages\/15338\/revisions"}],"predecessor-version":[{"id":68501,"href":"https:\/\/www.topohvar.at\/topo\/wp-json\/wp\/v2\/pages\/15338\/revisions\/68501"}],"up":[{"embeddable":true,"href":"https:\/\/www.topohvar.at\/topo\/wp-json\/wp\/v2\/pages\/80"}],"wp:attachment":[{"href":"https:\/\/www.topohvar.at\/topo\/wp-json\/wp\/v2\/media?parent=15338"}],"curies":[{"name":"wp","href":"https:\/\/api.w.org\/{rel}","templated":true}]}}