{"id":15356,"date":"2019-01-05T11:45:50","date_gmt":"2019-01-05T10:45:50","guid":{"rendered":"https:\/\/www.topohvar.at\/?page_id=15356"},"modified":"2021-11-30T15:57:12","modified_gmt":"2021-11-30T14:57:12","slug":"hv-tg-31-1","status":"publish","type":"page","link":"https:\/\/www.topohvar.at\/topo\/orte\/hv\/hv-tg-31-1\/","title":{"rendered":"HVAR &#8211; Ku\u0107a \u00bbBiskupa Tome Tomassinija (ku\u0107a Strossmayer)\u00ab"},"content":{"rendered":"<p><a name=\"seite_oben\"><\/a><br \/>\n<img loading=\"lazy\" decoding=\"async\" class=\"alignnone wp-image-15145 size-large\" src=\"https:\/\/www.topohvar.at\/wp-content\/uploads\/2019\/01\/HV-TG-31-1-1024x503.jpg\" alt=\"\" width=\"640\" height=\"314\" srcset=\"https:\/\/www.topohvar.at\/wp-content\/uploads\/2019\/01\/HV-TG-31-1-1024x503.jpg 1024w, https:\/\/www.topohvar.at\/wp-content\/uploads\/2019\/01\/HV-TG-31-1-300x147.jpg 300w, https:\/\/www.topohvar.at\/wp-content\/uploads\/2019\/01\/HV-TG-31-1-768x377.jpg 768w, https:\/\/www.topohvar.at\/wp-content\/uploads\/2019\/01\/HV-TG-31-1.jpg 1080w\" sizes=\"auto, (max-width: 640px) 100vw, 640px\" \/><\/p>\n<p><strong>Ime \/ Name<br \/>\n<\/strong>Ku\u0107a \u00bbBiskupa Tome Tomassinija (ku\u0107a Strossmayer)\u00ab\u00a0\/ Haus des Bischofs Toma Tomassini (Haus Strossmayer)\u00ab<\/p>\n<p><strong>Code: <\/strong>HV-TG-31\u00a0 \u00a0 \u00a0 \u00a0 \u00a0 \u00a0 \u00a0 \u00a0 \u00a0 \u00a0 \u00a0 \u00a0 \u00a0 \u00a0 \u00a0 \u00a0 \u00a0 \u00a0\u00a0<a href=\"https:\/\/www.topohvar.at\/hv-tg-63-1\/\"><img loading=\"lazy\" decoding=\"async\" class=\"alignnone wp-image-12300 size-full\" src=\"https:\/\/www.topohvar.at\/wp-content\/uploads\/2018\/09\/push-vor-30.jpg\" alt=\"\" width=\"61\" height=\"30\" \/><\/a>\u00a0<strong><a href=\"https:\/\/www.topohvar.at\/orte\/hv\/hv-tg-69-1\/\"><img loading=\"lazy\" decoding=\"async\" class=\"alignnone wp-image-533 size-full\" src=\"https:\/\/www.topohvar.at\/wp-content\/uploads\/2018\/07\/push-l-30.jpg\" alt=\"\" width=\"61\" height=\"30\" \/><\/a> <a href=\"https:\/\/www.topohvar.at\/orte\/hv\/\"><img loading=\"lazy\" decoding=\"async\" class=\"alignnone wp-image-535 size-full\" src=\"https:\/\/www.topohvar.at\/wp-content\/uploads\/2018\/07\/push-o-30.jpg\" alt=\"\" width=\"61\" height=\"30\" \/><\/a> <a href=\"https:\/\/www.topohvar.at\/orte\/hv\/hv-tg-32-1\/\"><img loading=\"lazy\" decoding=\"async\" class=\"alignnone wp-image-536 size-full\" src=\"https:\/\/www.topohvar.at\/wp-content\/uploads\/2018\/07\/push-r-30.jpg\" alt=\"\" width=\"61\" height=\"30\" \/><\/a>\u00a0<a href=\"https:\/\/www.topohvar.at\/hv-tg-80-1\/\"><img loading=\"lazy\" decoding=\"async\" class=\"alignnone wp-image-12299 size-full\" src=\"https:\/\/www.topohvar.at\/wp-content\/uploads\/2018\/09\/push-next-30.jpg\" alt=\"\" width=\"61\" height=\"30\" \/><\/a><\/strong><\/p>\n<hr \/>\n<p><strong>Adresa \/ Adresse<br \/>\n<\/strong>Grad Hvar,\u00a0Ulica Marije Mari\u010di\u0107 1<\/p>\n<p><strong>Lokacija<\/strong><strong> \/ Position<a href=\"https:\/\/goo.gl\/maps\/yCaEssE4byujmfJY6\"><img loading=\"lazy\" decoding=\"async\" class=\"alignright wp-image-16633\" src=\"https:\/\/www.topohvar.at\/wp-content\/uploads\/2019\/01\/0341.jpg\" alt=\"\" width=\"134\" height=\"100\" \/><\/a><br \/>\n<\/strong><span style=\"color: #3366ff;\"><a style=\"color: #3366ff;\" href=\"https:\/\/goo.gl\/maps\/yCaEssE4byujmfJY6\">Latitude: N 43,17295\u00b0\u00a0 \u00a0Longitude: E 16,44226\u00b0<\/a> <\/span><strong><br \/>\n<\/strong>Visina \/ H\u00f6he: 13 m<\/p>\n<p><strong>Katastarska \u010destica <\/strong><strong>\/ Grundst\u00fccke<br \/>\n<\/strong>*93<div class='content-column one_half'><div style=\"padding-right:6px;\"><p><strong>Datum snimanja \/ Erfassungsdatum<br \/>\n<\/strong>16.02.2015 10:54:02<\/p>\n<hr \/>\n<p><strong>Informacije<\/strong><\/p>\n<p>Tlocrt ku\u0107e je u obliku izdu\u017eenog pravokutnika. Gradnju ku\u0107e je potakao biskup T. Tomasini u drugoj polovini 15. stolje\u0107a kako bi imao ku\u0107u pod za\u0161titom gradskih zidina.<\/p><\/div><\/div><div class='content-column one_half last_column'><div style=\"padding-right:0px;padding-left:6px;\"><p><strong>Stupanj za\u0161tite <\/strong><strong>\/ Schutzstellung<br \/>\n<\/strong>Z-6586, RST 297-1965<\/p>\n<hr \/>\n<p><strong>Info<\/strong><\/p>\n<p>Der Grundriss des Hauses hat die Form eines l\u00e4nglichen Rechtecks. Der Bau des Hauses wurde in der zweiten H\u00e4lfte des 15. Jahrhunderts von Bischof T. Tomasini initiiert, um das Haus durch die Stadtmauer sch\u00fctzen zu lassen.<\/p><\/div><\/div><div class='clear_column'><\/div><div class='content-column one_half'><div style=\"padding-right:6px;\"><p>Toma Tomasini vjerojatno je ro\u0111en krajem 14. stolje\u0107a u Veneciji. Bio je plemi\u0107, Dominikanac, teolog i diplomat i jedan od najuglednijih biskupa Hvara. Tomasini vjerojatno je umro u studenom 1462. godine i pokopan je u katedrali u Hvaru.<\/p><\/div><\/div><div class='content-column one_half last_column'><div style=\"padding-right:0px;padding-left:6px;\"><p>Toma Tomasini wurde wahrscheinlich Ende des 14. Jahrhunderts in Venedig geboren. Er war Adeliger, Dominikaner, Theologe und Diplomat und einer der angesehensten Bisch\u00f6fe von Hvar. Tomasini starb vermutlich im November 1462 und wurde in der Kathedrale von Hvar bestattet.<\/p><\/div><\/div><div class='clear_column'><\/div><div class='content-column one_half'><div style=\"padding-right:6px;\"><p>Na nadvratniku vrata u prizemlju istaknut je njegov grb. Na katu ju\u017enog pro\u010delja istaknuta je goti\u010dka bifora sa sredi\u0161njim tordiranim konopom koja se mo\u017ee povezati s radionicom J. Dalmatinca.<\/p><\/div><\/div><div class='content-column one_half last_column'><div style=\"padding-right:0px;padding-left:6px;\"><p>Der T\u00fcrsturz im Erdgeschoss ist mit seinem Wappen gekennzeichnet. Oben an der S\u00fcdfassade befindet sich eine gotische Bifore mit zentraler S\u00e4ule in Form einer verdrehten Schnur, die mit der Werkstatt von J. Dalmatinac in Verbindung gebracht werden kann.<\/p><\/div><\/div><div class='clear_column'><\/div><div class='content-column one_half'><div style=\"padding-right:6px;\"><p>Registar kulturnih dobara Republike Hrvatske br. 03\/2015. Datum tiskanog izdanja: 21.8.2015. Broj registra: Z-6586<\/p><\/div><\/div><div class='content-column one_half last_column'><div style=\"padding-right:0px;padding-left:6px;\"><p>Register der Kulturg\u00fcter der Republik Kroatien Nr. 03\/2015, Ver\u00f6ffentlichungsdatum: 21.8.2015. Registriernummer: Z-6586<\/p><\/div><\/div><div class='clear_column'><\/div><\/p>\n<p style=\"text-align: right;\"><span style=\"color: #3366ff;\"><a style=\"color: #3366ff;\" href=\"#seite_oben\">natrag na vrh \/ Seitenanfang<\/a><\/span><\/p>\n<hr \/>\n<p><strong>Linkovi \/ Links<\/strong><\/p>\n<p><span style=\"color: #3366ff;\"><a style=\"color: #3366ff;\" href=\"https:\/\/www.topohvar.at\/orte\/hv\/hv-ig-07-1\/\">Grb\u00a0 \/ Wappen \u00bbBiskupa Tome Tomasinija\u00ab<\/a><\/span><\/p>\n","protected":false},"excerpt":{"rendered":"<p>Ime \/ Name Ku\u0107a \u00bbBiskupa Tome Tomassinija (ku\u0107a Strossmayer)\u00ab\u00a0\/ Haus des Bischofs Toma Tomassini (Haus Strossmayer)\u00ab Code: HV-TG-31\u00a0 \u00a0 \u00a0 \u00a0 \u00a0 \u00a0 \u00a0 \u00a0 \u00a0 \u00a0 \u00a0 \u00a0 \u00a0 \u00a0 \u00a0 \u00a0 \u00a0 \u00a0\u00a0\u00a0 \u00a0 Adresa \/ Adresse Grad &hellip; <a href=\"https:\/\/www.topohvar.at\/topo\/orte\/hv\/hv-tg-31-1\/\">Weiterlesen <span class=\"meta-nav\">&rarr;<\/span><\/a><\/p>\n","protected":false},"author":1,"featured_media":0,"parent":80,"menu_order":0,"comment_status":"closed","ping_status":"closed","template":"","meta":{"footnotes":""},"class_list":["post-15356","page","type-page","status-publish","hentry"],"_links":{"self":[{"href":"https:\/\/www.topohvar.at\/topo\/wp-json\/wp\/v2\/pages\/15356","targetHints":{"allow":["GET"]}}],"collection":[{"href":"https:\/\/www.topohvar.at\/topo\/wp-json\/wp\/v2\/pages"}],"about":[{"href":"https:\/\/www.topohvar.at\/topo\/wp-json\/wp\/v2\/types\/page"}],"author":[{"embeddable":true,"href":"https:\/\/www.topohvar.at\/topo\/wp-json\/wp\/v2\/users\/1"}],"replies":[{"embeddable":true,"href":"https:\/\/www.topohvar.at\/topo\/wp-json\/wp\/v2\/comments?post=15356"}],"version-history":[{"count":12,"href":"https:\/\/www.topohvar.at\/topo\/wp-json\/wp\/v2\/pages\/15356\/revisions"}],"predecessor-version":[{"id":53803,"href":"https:\/\/www.topohvar.at\/topo\/wp-json\/wp\/v2\/pages\/15356\/revisions\/53803"}],"up":[{"embeddable":true,"href":"https:\/\/www.topohvar.at\/topo\/wp-json\/wp\/v2\/pages\/80"}],"wp:attachment":[{"href":"https:\/\/www.topohvar.at\/topo\/wp-json\/wp\/v2\/media?parent=15356"}],"curies":[{"name":"wp","href":"https:\/\/api.w.org\/{rel}","templated":true}]}}

HVAR &#8211; Kuća »Biskupa Tome Tomassinija (kuća Strossmayer)«

<p><a name="seite_oben"></a><br />
<img loading="lazy" decoding="async" class="alignnone wp-image-15145 size-large" src="https://www.topohvar.at/wp-content/uploads/2019/01/HV-TG-31-1-1024x503.jpg" alt="" width="640" height="314" srcset="https://www.topohvar.at/wp-content/uploads/2019/01/HV-TG-31-1-1024x503.jpg 1024w, https://www.topohvar.at/wp-content/uploads/2019/01/HV-TG-31-1-300x147.jpg 300w, https://www.topohvar.at/wp-content/uploads/2019/01/HV-TG-31-1-768x377.jpg 768w, https://www.topohvar.at/wp-content/uploads/2019/01/HV-TG-31-1.jpg 1080w" sizes="auto, (max-width: 640px) 100vw, 640px" /></p>
<p><strong>Ime / Name<br />
</strong>Kuća »Biskupa Tome Tomassinija (kuća Strossmayer)« / Haus des Bischofs Toma Tomassini (Haus Strossmayer)«</p>
<p><strong>Code: </strong>HV-TG-31                                    <a href="https://www.topohvar.at/hv-tg-63-1/"><img loading="lazy" decoding="async" class="alignnone wp-image-12300 size-full" src="https://www.topohvar.at/wp-content/uploads/2018/09/push-vor-30.jpg" alt="" width="61" height="30" /></a> <strong><a href="https://www.topohvar.at/orte/hv/hv-tg-69-1/"><img loading="lazy" decoding="async" class="alignnone wp-image-533 size-full" src="https://www.topohvar.at/wp-content/uploads/2018/07/push-l-30.jpg" alt="" width="61" height="30" /></a> <a href="https://www.topohvar.at/orte/hv/"><img loading="lazy" decoding="async" class="alignnone wp-image-535 size-full" src="https://www.topohvar.at/wp-content/uploads/2018/07/push-o-30.jpg" alt="" width="61" height="30" /></a> <a href="https://www.topohvar.at/orte/hv/hv-tg-32-1/"><img loading="lazy" decoding="async" class="alignnone wp-image-536 size-full" src="https://www.topohvar.at/wp-content/uploads/2018/07/push-r-30.jpg" alt="" width="61" height="30" /></a> <a href="https://www.topohvar.at/hv-tg-80-1/"><img loading="lazy" decoding="async" class="alignnone wp-image-12299 size-full" src="https://www.topohvar.at/wp-content/uploads/2018/09/push-next-30.jpg" alt="" width="61" height="30" /></a></strong></p>
<hr />
<p><strong>Adresa / Adresse<br />
</strong>Grad Hvar, Ulica Marije Maričić 1</p>
<p><strong>Lokacija</strong><strong> / Position<a href="https://goo.gl/maps/yCaEssE4byujmfJY6"><img loading="lazy" decoding="async" class="alignright wp-image-16633" src="https://www.topohvar.at/wp-content/uploads/2019/01/0341.jpg" alt="" width="134" height="100" /></a><br />
</strong><span style="color: #3366ff;"><a style="color: #3366ff;" href="https://goo.gl/maps/yCaEssE4byujmfJY6">Latitude: N 43,17295°   Longitude: E 16,44226°</a> </span><strong><br />
</strong>Visina / Höhe: 13 m</p>
<p><strong>Katastarska čestica </strong><strong>/ Grundstücke<br />
</strong>*93<div class='content-column one_half'><div style="padding-right:6px;"><p><strong>Datum snimanja / Erfassungsdatum<br />
</strong>16.02.2015 10:54:02</p>
<hr />
<p><strong>Informacije</strong></p>
<p>Tlocrt kuće je u obliku izduženog pravokutnika. Gradnju kuće je potakao biskup T. Tomasini u drugoj polovini 15. stoljeća kako bi imao kuću pod zaštitom gradskih zidina.</p></div></div><div class='content-column one_half last_column'><div style="padding-right:0px;padding-left:6px;"><p><strong>Stupanj zaštite </strong><strong>/ Schutzstellung<br />
</strong>Z-6586, RST 297-1965</p>
<hr />
<p><strong>Info</strong></p>
<p>Der Grundriss des Hauses hat die Form eines länglichen Rechtecks. Der Bau des Hauses wurde in der zweiten Hälfte des 15. Jahrhunderts von Bischof T. Tomasini initiiert, um das Haus durch die Stadtmauer schützen zu lassen.</p></div></div><div class='clear_column'></div><div class='content-column one_half'><div style="padding-right:6px;"><p>Toma Tomasini vjerojatno je rođen krajem 14. stoljeća u Veneciji. Bio je plemić, Dominikanac, teolog i diplomat i jedan od najuglednijih biskupa Hvara. Tomasini vjerojatno je umro u studenom 1462. godine i pokopan je u katedrali u Hvaru.</p></div></div><div class='content-column one_half last_column'><div style="padding-right:0px;padding-left:6px;"><p>Toma Tomasini wurde wahrscheinlich Ende des 14. Jahrhunderts in Venedig geboren. Er war Adeliger, Dominikaner, Theologe und Diplomat und einer der angesehensten Bischöfe von Hvar. Tomasini starb vermutlich im November 1462 und wurde in der Kathedrale von Hvar bestattet.</p></div></div><div class='clear_column'></div><div class='content-column one_half'><div style="padding-right:6px;"><p>Na nadvratniku vrata u prizemlju istaknut je njegov grb. Na katu južnog pročelja istaknuta je gotička bifora sa središnjim tordiranim konopom koja se može povezati s radionicom J. Dalmatinca.</p></div></div><div class='content-column one_half last_column'><div style="padding-right:0px;padding-left:6px;"><p>Der Türsturz im Erdgeschoss ist mit seinem Wappen gekennzeichnet. Oben an der Südfassade befindet sich eine gotische Bifore mit zentraler Säule in Form einer verdrehten Schnur, die mit der Werkstatt von J. Dalmatinac in Verbindung gebracht werden kann.</p></div></div><div class='clear_column'></div><div class='content-column one_half'><div style="padding-right:6px;"><p>Registar kulturnih dobara Republike Hrvatske br. 03/2015. Datum tiskanog izdanja: 21.8.2015. Broj registra: Z-6586</p></div></div><div class='content-column one_half last_column'><div style="padding-right:0px;padding-left:6px;"><p>Register der Kulturgüter der Republik Kroatien Nr. 03/2015, Veröffentlichungsdatum: 21.8.2015. Registriernummer: Z-6586</p></div></div><div class='clear_column'></div></p>
<p style="text-align: right;"><span style="color: #3366ff;"><a style="color: #3366ff;" href="#seite_oben">natrag na vrh / Seitenanfang</a></span></p>
<hr />
<p><strong>Linkovi / Links</strong></p>
<p><span style="color: #3366ff;"><a style="color: #3366ff;" href="https://www.topohvar.at/orte/hv/hv-ig-07-1/">Grb  / Wappen »Biskupa Tome Tomasinija«</a></span></p>

<p>Ime / Name Kuća »Biskupa Tome Tomassinija (kuća Strossmayer)« / Haus des Bischofs Toma Tomassini (Haus Strossmayer)« Code: HV-TG-31                                        Adresa / Adresse Grad &hellip; <a href="https://www.topohvar.at/topo/orte/hv/hv-tg-31-1/">Weiterlesen <span class="meta-nav">&rarr;</span></a></p>
