{"id":15364,"date":"2019-01-05T11:51:34","date_gmt":"2019-01-05T10:51:34","guid":{"rendered":"https:\/\/www.topohvar.at\/?page_id=15364"},"modified":"2024-04-22T16:37:20","modified_gmt":"2024-04-22T14:37:20","slug":"hv-tg-35-1","status":"publish","type":"page","link":"https:\/\/www.topohvar.at\/topo\/orte\/hv\/hv-tg-35-1\/","title":{"rendered":"HVAR &#8211; Ku\u0107a \u00bbMari\u010di\u0107\u00ab"},"content":{"rendered":"<p><a name=\"seite_oben\"><\/a><br \/>\n<img loading=\"lazy\" decoding=\"async\" class=\"alignnone wp-image-15149 size-large\" src=\"https:\/\/www.topohvar.at\/wp-content\/uploads\/2019\/01\/HV-TG-35-1-1024x503.jpg\" alt=\"\" width=\"640\" height=\"314\" srcset=\"https:\/\/www.topohvar.at\/wp-content\/uploads\/2019\/01\/HV-TG-35-1-1024x503.jpg 1024w, https:\/\/www.topohvar.at\/wp-content\/uploads\/2019\/01\/HV-TG-35-1-300x147.jpg 300w, https:\/\/www.topohvar.at\/wp-content\/uploads\/2019\/01\/HV-TG-35-1-768x377.jpg 768w, https:\/\/www.topohvar.at\/wp-content\/uploads\/2019\/01\/HV-TG-35-1.jpg 1080w\" sizes=\"auto, (max-width: 640px) 100vw, 640px\" \/><\/p>\n<p><strong>Ime \/ Name<br \/>\n<\/strong>Ku\u0107a \/ Haus \u00bbMari\u010di\u0107\u00ab<\/p>\n<p><strong>Code: <\/strong>HV-TG-35\u00a0 \u00a0 \u00a0 \u00a0 \u00a0 \u00a0 \u00a0 \u00a0 \u00a0 \u00a0 \u00a0 \u00a0 \u00a0 \u00a0 \u00a0 \u00a0 \u00a0 \u00a0\u00a0<a href=\"https:\/\/www.topohvar.at\/hv-tg-63-1\/\"><img loading=\"lazy\" decoding=\"async\" class=\"alignnone wp-image-12300 size-full\" src=\"https:\/\/www.topohvar.at\/wp-content\/uploads\/2018\/09\/push-vor-30.jpg\" alt=\"\" width=\"61\" height=\"30\" \/><\/a>\u00a0<strong><a href=\"https:\/\/www.topohvar.at\/orte\/hv\/hv-tg-34-1\/\"><img loading=\"lazy\" decoding=\"async\" class=\"alignnone wp-image-533 size-full\" src=\"https:\/\/www.topohvar.at\/wp-content\/uploads\/2018\/07\/push-l-30.jpg\" alt=\"\" width=\"61\" height=\"30\" \/><\/a> <a href=\"https:\/\/www.topohvar.at\/orte\/hv\/\"><img loading=\"lazy\" decoding=\"async\" class=\"alignnone wp-image-535 size-full\" src=\"https:\/\/www.topohvar.at\/wp-content\/uploads\/2018\/07\/push-o-30.jpg\" alt=\"\" width=\"61\" height=\"30\" \/><\/a> <a href=\"https:\/\/www.topohvar.at\/orte\/hv\/hv-tg-36-1\/\"><img loading=\"lazy\" decoding=\"async\" class=\"alignnone wp-image-536 size-full\" src=\"https:\/\/www.topohvar.at\/wp-content\/uploads\/2018\/07\/push-r-30.jpg\" alt=\"\" width=\"61\" height=\"30\" \/><\/a>\u00a0<a href=\"https:\/\/www.topohvar.at\/hv-tg-80-1\/\"><img loading=\"lazy\" decoding=\"async\" class=\"alignnone wp-image-12299 size-full\" src=\"https:\/\/www.topohvar.at\/wp-content\/uploads\/2018\/09\/push-next-30.jpg\" alt=\"\" width=\"61\" height=\"30\" \/><\/a><\/strong><\/p>\n<hr \/>\n<p><strong>Adresa \/ Adresse<br \/>\n<\/strong>Grad Hvar,\u00a0Ulica Marije Mari\u010di\u0107 11 \/ Frane Primira 4<\/p>\n<p><strong>Lokacija \/ Position<a href=\"https:\/\/goo.gl\/maps\/jxXZCVNig89wCM6SA\"><img loading=\"lazy\" decoding=\"async\" class=\"alignright wp-image-17835\" src=\"https:\/\/www.topohvar.at\/wp-content\/uploads\/2019\/01\/0345.jpg\" alt=\"\" width=\"134\" height=\"100\" \/><\/a><br \/>\n<\/strong><span style=\"color: #3366ff;\"><a style=\"color: #3366ff;\" href=\"https:\/\/goo.gl\/maps\/jxXZCVNig89wCM6SA\">Latitude: N 43,17290\u00b0\u00a0 \u00a0Longitude: E 16,44254\u00b0<\/a> <\/span><strong><br \/>\n<\/strong>Visina \/ H\u00f6he: 15 m<\/p>\n<p><strong>Katastarska \u010destica<\/strong><strong> \/ Grundst\u00fccke<br \/>\n<\/strong>*102<div class='content-column one_half'><div style=\"padding-right:6px;\"><p><strong>Datum snimanja \/ Erfassungsdatum<br \/>\n<\/strong>16.02.2015 10:45:05<\/p>\n<hr \/>\n<p><strong>Informacije<\/strong><\/p>\n<p>Stambena uglovnica izgra\u0111ena je u Grodi. Izvorno goti\u010dka dvokatnica izgra\u0111ena u 15. stolje\u0107u, u renesansi je znatno preoblikovana, \u0161to se napose odrazilo na glavno, ju\u017eno pro\u010delje ku\u0107e, dok je zapadno pro\u010delje, uz koje je dogra\u0111en sular, ve\u0107im dijelom zadr\u017ealo goti\u010dko oblikovanje. Kvadrati\u010dnog je tlocrta, zaklju\u010dena dvovodnim krovom. Dvokatnica s visokim potkrovljem u kojem je organizirana kuhinja.<\/p><\/div><\/div><div class='content-column one_half last_column'><div style=\"padding-right:0px;padding-left:6px;\"><p><strong>Stupanj za\u0161tite<\/strong><strong> \/ Schutzstellung<br \/>\n<\/strong>Z-6704, RST 914-1976<strong><br \/>\n<\/strong><\/p>\n<hr \/>\n<p><strong>Info\u00a0<\/strong><\/p>\n<p>Das urspr\u00fcnglich gotische, zweist\u00f6ckige Geb\u00e4ude wurde im 15. Jahrhundert erbaut und in der Renaissance erheblich umgestaltet. Das spiegelt sich teilweise in der s\u00fcdlichen Hauptfassade des Hauses wider, w\u00e4hrend die Westfassade, entlang der ein Sular hinzugef\u00fcgt wurde, weitgehend gotisches Design beibehielt.\u00a0Es hat einen quadratischen Grundriss mit ein Satteldach. Das zweist\u00f6ckige Haus hat einen hohen Dachboden, in dem sich mit K\u00fcche befindet.<\/p><\/div><\/div><div class='clear_column'><\/div><div class='content-column one_half'><div style=\"padding-right:6px;\"><p>U potkrovlju ku\u0107e pod zapadnim je prozorom ugra\u0111en kameni slivnik, dio goti\u010dkoga pila. Na navedeni je polo\u017eaj vjerojatno prenesen tijekom obnove ku\u0107e u 16. stolje\u0107u, kada je na drugom katu ugra\u0111eno reprezentativno renesansno pilo. Kameni slivnik goti\u010dke profilacije ukra\u0161en je nizom dijamantnih vr\u0161aka. U prostoru potkrovlja uz kameni je slivnik ugra\u0111en i komin, a imali su gospodarsku namjenu, vjerojatno u sklopu kuhinje.<\/p><\/div><\/div><div class='content-column one_half last_column'><div style=\"padding-right:0px;padding-left:6px;\"><p>Auf dem Dachboden wurde unter dem Westfenster ein Steinwaschbecken installiert, das Teil eines gotischen Wandwasserbeckens war. Es wurde wahrscheinlich w\u00e4hrend der Renovierung des Hauses im 16. Jahrhundert hierher verlegt, als im zweiten Stock eine repr\u00e4sentative Renaissance-S\u00e4ge installiert wurde. Die gotische Profilierung des\u00a0 Sp\u00fclbeckens ist mit einer Reihe von Diamantspitzen verziert. Auf dem Dachboden wurde neben dem Steinbecken ein Steinkamin gebaut, der f\u00fcr wirtschaftliche Zwecke verwendet wurde, wahrscheinlich f\u00fcr die K\u00fcche.<\/p><\/div><\/div><div class='clear_column'><\/div><div class='content-column one_half'><div style=\"padding-right:6px;\"><p>U renesansi je dobila nove ukra\u0161ene otvore.\u00a0Na drugome katu ku\u0107e sa\u010duvan je kameni umivaonik renesansnoga sloga. Kameni je slivnik ukra\u0161en profilacijom, a pod njim je trokutasta dekoracija i konzole u obliku profiliranih voluta.\u00a0Uz zapadno pro\u010delje je prigra\u0111en luminar. Jedna je od najboljih primjera srednjovjekovne, jednostani\u010dne ku\u0107e.<\/p><\/div><\/div><div class='content-column one_half last_column'><div style=\"padding-right:0px;padding-left:6px;\"><p>In der Renaissance erhielt es neue verzierte \u00d6ffnungen. Im zweiten Stock des Hauses ist ein Steinbecken im Renaissancestil erhalten. Das Steinbecken ist mit Profilen verziert, und darunter befindet sich eine dreieckige Dekoration und Ausleger, die in profilierten Voluten geformt sind.\u00a0An der Westfassade ist ein Dachaufbau\/Gaupe angebracht. Es ist eines der besten Beispiele f\u00fcr ein mittelalterliches Einfamilienhaus.<\/p><\/div><\/div><div class='clear_column'><\/div><div class='content-column one_half'><div style=\"padding-right:6px;\"><p>Registar kulturnih dobara Republike Hrvatske br. 01\/2016. Datum tiskanog izdanja: 1.4.2016. Broj registra Z-6704<\/p><\/div><\/div><div class='content-column one_half last_column'><div style=\"padding-right:0px;padding-left:6px;\"><p>Register der Kulturg\u00fcter der Republik Kroatien Nr. 01\/2016, Ver\u00f6ffentlichungsdatum: 1.4.2016. Registriernummer Z-6704<\/p><\/div><\/div><div class='clear_column'><\/div><\/p>\n<p style=\"text-align: right;\"><span style=\"color: #3366ff;\"><a style=\"color: #3366ff;\" href=\"#seite_oben\">natrag na vrh \/ Seitenanfang<\/a><\/span><\/p>\n<hr \/>\n<p><strong>Linkovi \/ Links<\/strong><\/p>\n<p><span style=\"color: #3366ff;\">&#8211;<\/span><\/p>\n","protected":false},"excerpt":{"rendered":"<p>Ime \/ Name Ku\u0107a \/ Haus \u00bbMari\u010di\u0107\u00ab Code: HV-TG-35\u00a0 \u00a0 \u00a0 \u00a0 \u00a0 \u00a0 \u00a0 \u00a0 \u00a0 \u00a0 \u00a0 \u00a0 \u00a0 \u00a0 \u00a0 \u00a0 \u00a0 \u00a0\u00a0\u00a0 \u00a0 Adresa \/ Adresse Grad Hvar,\u00a0Ulica Marije Mari\u010di\u0107 11 \/ Frane Primira 4 Lokacija &hellip; <a href=\"https:\/\/www.topohvar.at\/topo\/orte\/hv\/hv-tg-35-1\/\">Weiterlesen <span class=\"meta-nav\">&rarr;<\/span><\/a><\/p>\n","protected":false},"author":1,"featured_media":0,"parent":80,"menu_order":0,"comment_status":"closed","ping_status":"closed","template":"","meta":{"footnotes":""},"class_list":["post-15364","page","type-page","status-publish","hentry"],"_links":{"self":[{"href":"https:\/\/www.topohvar.at\/topo\/wp-json\/wp\/v2\/pages\/15364","targetHints":{"allow":["GET"]}}],"collection":[{"href":"https:\/\/www.topohvar.at\/topo\/wp-json\/wp\/v2\/pages"}],"about":[{"href":"https:\/\/www.topohvar.at\/topo\/wp-json\/wp\/v2\/types\/page"}],"author":[{"embeddable":true,"href":"https:\/\/www.topohvar.at\/topo\/wp-json\/wp\/v2\/users\/1"}],"replies":[{"embeddable":true,"href":"https:\/\/www.topohvar.at\/topo\/wp-json\/wp\/v2\/comments?post=15364"}],"version-history":[{"count":13,"href":"https:\/\/www.topohvar.at\/topo\/wp-json\/wp\/v2\/pages\/15364\/revisions"}],"predecessor-version":[{"id":66657,"href":"https:\/\/www.topohvar.at\/topo\/wp-json\/wp\/v2\/pages\/15364\/revisions\/66657"}],"up":[{"embeddable":true,"href":"https:\/\/www.topohvar.at\/topo\/wp-json\/wp\/v2\/pages\/80"}],"wp:attachment":[{"href":"https:\/\/www.topohvar.at\/topo\/wp-json\/wp\/v2\/media?parent=15364"}],"curies":[{"name":"wp","href":"https:\/\/api.w.org\/{rel}","templated":true}]}}

HVAR &#8211; Kuća »Maričić«

<p><a name="seite_oben"></a><br />
<img loading="lazy" decoding="async" class="alignnone wp-image-15149 size-large" src="https://www.topohvar.at/wp-content/uploads/2019/01/HV-TG-35-1-1024x503.jpg" alt="" width="640" height="314" srcset="https://www.topohvar.at/wp-content/uploads/2019/01/HV-TG-35-1-1024x503.jpg 1024w, https://www.topohvar.at/wp-content/uploads/2019/01/HV-TG-35-1-300x147.jpg 300w, https://www.topohvar.at/wp-content/uploads/2019/01/HV-TG-35-1-768x377.jpg 768w, https://www.topohvar.at/wp-content/uploads/2019/01/HV-TG-35-1.jpg 1080w" sizes="auto, (max-width: 640px) 100vw, 640px" /></p>
<p><strong>Ime / Name<br />
</strong>Kuća / Haus »Maričić«</p>
<p><strong>Code: </strong>HV-TG-35                                    <a href="https://www.topohvar.at/hv-tg-63-1/"><img loading="lazy" decoding="async" class="alignnone wp-image-12300 size-full" src="https://www.topohvar.at/wp-content/uploads/2018/09/push-vor-30.jpg" alt="" width="61" height="30" /></a> <strong><a href="https://www.topohvar.at/orte/hv/hv-tg-34-1/"><img loading="lazy" decoding="async" class="alignnone wp-image-533 size-full" src="https://www.topohvar.at/wp-content/uploads/2018/07/push-l-30.jpg" alt="" width="61" height="30" /></a> <a href="https://www.topohvar.at/orte/hv/"><img loading="lazy" decoding="async" class="alignnone wp-image-535 size-full" src="https://www.topohvar.at/wp-content/uploads/2018/07/push-o-30.jpg" alt="" width="61" height="30" /></a> <a href="https://www.topohvar.at/orte/hv/hv-tg-36-1/"><img loading="lazy" decoding="async" class="alignnone wp-image-536 size-full" src="https://www.topohvar.at/wp-content/uploads/2018/07/push-r-30.jpg" alt="" width="61" height="30" /></a> <a href="https://www.topohvar.at/hv-tg-80-1/"><img loading="lazy" decoding="async" class="alignnone wp-image-12299 size-full" src="https://www.topohvar.at/wp-content/uploads/2018/09/push-next-30.jpg" alt="" width="61" height="30" /></a></strong></p>
<hr />
<p><strong>Adresa / Adresse<br />
</strong>Grad Hvar, Ulica Marije Maričić 11 / Frane Primira 4</p>
<p><strong>Lokacija / Position<a href="https://goo.gl/maps/jxXZCVNig89wCM6SA"><img loading="lazy" decoding="async" class="alignright wp-image-17835" src="https://www.topohvar.at/wp-content/uploads/2019/01/0345.jpg" alt="" width="134" height="100" /></a><br />
</strong><span style="color: #3366ff;"><a style="color: #3366ff;" href="https://goo.gl/maps/jxXZCVNig89wCM6SA">Latitude: N 43,17290°   Longitude: E 16,44254°</a> </span><strong><br />
</strong>Visina / Höhe: 15 m</p>
<p><strong>Katastarska čestica</strong><strong> / Grundstücke<br />
</strong>*102<div class='content-column one_half'><div style="padding-right:6px;"><p><strong>Datum snimanja / Erfassungsdatum<br />
</strong>16.02.2015 10:45:05</p>
<hr />
<p><strong>Informacije</strong></p>
<p>Stambena uglovnica izgrađena je u Grodi. Izvorno gotička dvokatnica izgrađena u 15. stoljeću, u renesansi je znatno preoblikovana, što se napose odrazilo na glavno, južno pročelje kuće, dok je zapadno pročelje, uz koje je dograđen sular, većim dijelom zadržalo gotičko oblikovanje. Kvadratičnog je tlocrta, zaključena dvovodnim krovom. Dvokatnica s visokim potkrovljem u kojem je organizirana kuhinja.</p></div></div><div class='content-column one_half last_column'><div style="padding-right:0px;padding-left:6px;"><p><strong>Stupanj zaštite</strong><strong> / Schutzstellung<br />
</strong>Z-6704, RST 914-1976<strong><br />
</strong></p>
<hr />
<p><strong>Info </strong></p>
<p>Das ursprünglich gotische, zweistöckige Gebäude wurde im 15. Jahrhundert erbaut und in der Renaissance erheblich umgestaltet. Das spiegelt sich teilweise in der südlichen Hauptfassade des Hauses wider, während die Westfassade, entlang der ein Sular hinzugefügt wurde, weitgehend gotisches Design beibehielt. Es hat einen quadratischen Grundriss mit ein Satteldach. Das zweistöckige Haus hat einen hohen Dachboden, in dem sich mit Küche befindet.</p></div></div><div class='clear_column'></div><div class='content-column one_half'><div style="padding-right:6px;"><p>U potkrovlju kuće pod zapadnim je prozorom ugrađen kameni slivnik, dio gotičkoga pila. Na navedeni je položaj vjerojatno prenesen tijekom obnove kuće u 16. stoljeću, kada je na drugom katu ugrađeno reprezentativno renesansno pilo. Kameni slivnik gotičke profilacije ukrašen je nizom dijamantnih vršaka. U prostoru potkrovlja uz kameni je slivnik ugrađen i komin, a imali su gospodarsku namjenu, vjerojatno u sklopu kuhinje.</p></div></div><div class='content-column one_half last_column'><div style="padding-right:0px;padding-left:6px;"><p>Auf dem Dachboden wurde unter dem Westfenster ein Steinwaschbecken installiert, das Teil eines gotischen Wandwasserbeckens war. Es wurde wahrscheinlich während der Renovierung des Hauses im 16. Jahrhundert hierher verlegt, als im zweiten Stock eine repräsentative Renaissance-Säge installiert wurde. Die gotische Profilierung des  Spülbeckens ist mit einer Reihe von Diamantspitzen verziert. Auf dem Dachboden wurde neben dem Steinbecken ein Steinkamin gebaut, der für wirtschaftliche Zwecke verwendet wurde, wahrscheinlich für die Küche.</p></div></div><div class='clear_column'></div><div class='content-column one_half'><div style="padding-right:6px;"><p>U renesansi je dobila nove ukrašene otvore. Na drugome katu kuće sačuvan je kameni umivaonik renesansnoga sloga. Kameni je slivnik ukrašen profilacijom, a pod njim je trokutasta dekoracija i konzole u obliku profiliranih voluta. Uz zapadno pročelje je prigrađen luminar. Jedna je od najboljih primjera srednjovjekovne, jednostanične kuće.</p></div></div><div class='content-column one_half last_column'><div style="padding-right:0px;padding-left:6px;"><p>In der Renaissance erhielt es neue verzierte Öffnungen. Im zweiten Stock des Hauses ist ein Steinbecken im Renaissancestil erhalten. Das Steinbecken ist mit Profilen verziert, und darunter befindet sich eine dreieckige Dekoration und Ausleger, die in profilierten Voluten geformt sind. An der Westfassade ist ein Dachaufbau/Gaupe angebracht. Es ist eines der besten Beispiele für ein mittelalterliches Einfamilienhaus.</p></div></div><div class='clear_column'></div><div class='content-column one_half'><div style="padding-right:6px;"><p>Registar kulturnih dobara Republike Hrvatske br. 01/2016. Datum tiskanog izdanja: 1.4.2016. Broj registra Z-6704</p></div></div><div class='content-column one_half last_column'><div style="padding-right:0px;padding-left:6px;"><p>Register der Kulturgüter der Republik Kroatien Nr. 01/2016, Veröffentlichungsdatum: 1.4.2016. Registriernummer Z-6704</p></div></div><div class='clear_column'></div></p>
<p style="text-align: right;"><span style="color: #3366ff;"><a style="color: #3366ff;" href="#seite_oben">natrag na vrh / Seitenanfang</a></span></p>
<hr />
<p><strong>Linkovi / Links</strong></p>
<p><span style="color: #3366ff;">&#8211;</span></p>

<p>Ime / Name Kuća / Haus »Maričić« Code: HV-TG-35                                        Adresa / Adresse Grad Hvar, Ulica Marije Maričić 11 / Frane Primira 4 Lokacija &hellip; <a href="https://www.topohvar.at/topo/orte/hv/hv-tg-35-1/">Weiterlesen <span class="meta-nav">&rarr;</span></a></p>
