{"id":15387,"date":"2019-01-05T12:09:39","date_gmt":"2019-01-05T11:09:39","guid":{"rendered":"https:\/\/www.topohvar.at\/?page_id=15387"},"modified":"2024-06-10T17:47:26","modified_gmt":"2024-06-10T15:47:26","slug":"hv-tg-23-1","status":"publish","type":"page","link":"https:\/\/www.topohvar.at\/topo\/orte\/hv\/hv-tg-23-1\/","title":{"rendered":"HVAR &#8211; Ku\u0107a \u00bbRuskovi\u0107 (danas Sinik\u0161e i Marine Pavlovi\u0107)\u00ab"},"content":{"rendered":"<p><a name=\"seite_oben\"><\/a><br \/>\n<img loading=\"lazy\" decoding=\"async\" class=\"alignnone wp-image-15137 size-large\" src=\"https:\/\/www.topohvar.at\/wp-content\/uploads\/2019\/01\/HV-TG-23-1-1024x503.jpg\" alt=\"\" width=\"640\" height=\"314\" srcset=\"https:\/\/www.topohvar.at\/wp-content\/uploads\/2019\/01\/HV-TG-23-1-1024x503.jpg 1024w, https:\/\/www.topohvar.at\/wp-content\/uploads\/2019\/01\/HV-TG-23-1-300x147.jpg 300w, https:\/\/www.topohvar.at\/wp-content\/uploads\/2019\/01\/HV-TG-23-1-768x377.jpg 768w, https:\/\/www.topohvar.at\/wp-content\/uploads\/2019\/01\/HV-TG-23-1.jpg 1080w\" sizes=\"auto, (max-width: 640px) 100vw, 640px\" \/><\/p>\n<p><strong>Ime \/ Name<br \/>\n<\/strong>Ku\u0107a \u00bbRuskovi\u0107 (danas Sinik\u0161e i Marine Pavlovi\u0107)\u00ab \/\u00a0Haus Ruskovi\u0107 (heute Sinik\u0161a i Marina Pavlovi\u0107)\u00ab<\/p>\n<p><strong>Code: <\/strong>HV-TG-23\u00a0 \u00a0 \u00a0 \u00a0 \u00a0 \u00a0 \u00a0 \u00a0 \u00a0 \u00a0 \u00a0 \u00a0 \u00a0 \u00a0 \u00a0 \u00a0 \u00a0 \u00a0\u00a0<a href=\"https:\/\/www.topohvar.at\/hv-tg-63-1\/\"><img loading=\"lazy\" decoding=\"async\" class=\"alignnone wp-image-12300 size-full\" src=\"https:\/\/www.topohvar.at\/wp-content\/uploads\/2018\/09\/push-vor-30.jpg\" alt=\"\" width=\"61\" height=\"30\" \/><\/a>\u00a0<strong><a href=\"https:\/\/www.topohvar.at\/orte\/hv\/hv-tg-93-1\/\"><img loading=\"lazy\" decoding=\"async\" class=\"alignnone wp-image-533 size-full\" src=\"https:\/\/www.topohvar.at\/wp-content\/uploads\/2018\/07\/push-l-30.jpg\" alt=\"\" width=\"61\" height=\"30\" \/><\/a> <a href=\"https:\/\/www.topohvar.at\/orte\/hv\/\"><img loading=\"lazy\" decoding=\"async\" class=\"alignnone wp-image-535 size-full\" src=\"https:\/\/www.topohvar.at\/wp-content\/uploads\/2018\/07\/push-o-30.jpg\" alt=\"\" width=\"61\" height=\"30\" \/><\/a> <a href=\"https:\/\/www.topohvar.at\/orte\/hv\/hv-tg-15-1\/\"><img loading=\"lazy\" decoding=\"async\" class=\"alignnone wp-image-536 size-full\" src=\"https:\/\/www.topohvar.at\/wp-content\/uploads\/2018\/07\/push-r-30.jpg\" alt=\"\" width=\"61\" height=\"30\" \/><\/a>\u00a0<a href=\"https:\/\/www.topohvar.at\/hv-tg-80-1\/\"><img loading=\"lazy\" decoding=\"async\" class=\"alignnone wp-image-12299 size-full\" src=\"https:\/\/www.topohvar.at\/wp-content\/uploads\/2018\/09\/push-next-30.jpg\" alt=\"\" width=\"61\" height=\"30\" \/><\/a><\/strong><\/p>\n<hr \/>\n<p><strong>Adresa \/ Adresse<br \/>\n<\/strong>Grad Hvar,\u00a0Ulica Matija Ivani\u0107a 38<\/p>\n<p><strong>Lokacija<\/strong><strong> \/ Position<a href=\"https:\/\/goo.gl\/maps\/JvC4KucRR3ap91bF6\"><img loading=\"lazy\" decoding=\"async\" class=\"alignright wp-image-16689\" src=\"https:\/\/www.topohvar.at\/wp-content\/uploads\/2019\/01\/0333.jpg\" alt=\"\" width=\"134\" height=\"100\" \/><\/a><br \/>\n<\/strong><span style=\"color: #3366ff;\"><a style=\"color: #3366ff;\" href=\"https:\/\/goo.gl\/maps\/JvC4KucRR3ap91bF6\">Latitude: N 43,17338\u00b0\u00a0 \u00a0Longitude: E 16,44072\u00b0<\/a> <\/span><strong><br \/>\n<\/strong>Visina \/ H\u00f6he: 20 m<\/p>\n<p><strong>Katastarska <\/strong><strong>\u010d<\/strong><strong>estica <\/strong><strong>\/ Grundst\u00fccke<br \/>\n<\/strong>*41\/2<div class='content-column one_half'><div style=\"padding-right:6px;\"><p><strong>Datum snimanja \/ Erfassungsdatum<br \/>\n<\/strong>15.02.2015 10:25:01<\/p>\n<hr \/>\n<p><strong>Informacije<\/strong><\/p>\n<p>Ku\u0107a Ruskovi\u0107, sada obiteljsku ku\u0107u Sinik\u0161e i Marine Pavlovi\u0107. Mo\u017ee se okvirna datirati u prijelaz zme\u0111u 15 i 16 stolje\u0107a. Izgubila je izvorni lik nadogradnjom za jedan kat, ali u prizemlju jo\u0161 ima sa\u010duvane otvore goti\u010dko-renesansnih okvira.<\/p><\/div><\/div><div class='content-column one_half last_column'><div style=\"padding-right:0px;padding-left:6px;\"><p><strong>Stupanj za\u0161tite <\/strong><strong>\/ Schutzstellung<br \/>\n<\/strong>&#8211;<\/p>\n<hr \/>\n<p><strong>Info<\/strong><\/p>\n<p>Haus Ruskovi\u0107, heute das Haus der Familien Sinik\u0161a und Marine Pavlovi\u0107. Das Haus kann auf den \u00dcbergang des 15. zum 16. Jahrhundert datiert werden. Durch Aufstockung hat es seinen urspr\u00fcnglichen Charakter verloren,\u00a0aber im Erdgescho\u00df gibt sind noch Fenster mit Gotisch-Renaissance-Rahmen.<\/p><\/div><\/div><div class='clear_column'><\/div><div class='content-column one_half'><div style=\"padding-right:6px;\"><p>Na vratima s juga stoji na nadvratniku grb obitelji Ruskovi\u0107 s golubom u gornjem i sidrom u donjem polju te natpis \u2022RUSCHUS\u2022JOHANJS\u2022 (=Rusko Ivanov). Isti j grb i na kruni zdenca. Podizatelj j bio ser Rusko \u017divtovi\u0107 iz roda Ruskovi\u0107a kojij umro 1526 godine. U 19. st. bila je vlasni\u0161tvo Marinkovi\u0107a, potom Avelinija, a udajom je pre\u0161la u vlasni\u0161tvo obitelji Suli\u0107.<\/p><\/div><\/div><div class='content-column one_half last_column'><div style=\"padding-right:0px;padding-left:6px;\"><p>An der T\u00fcr nach S\u00fcden findet sich am \u00dcberlager das Familienwappens der Ruskovi\u0107 mit einer Taube im oberen und Anker im unteren Bereich und der Inschrift \u2022 RUSCHUS \u2022 JOHANJS \u2022 (= Russisch Ivanov). Das gleiche Wappen findet sich auf der Krone der Zisterne. Der Urheber war Ser Rusko \u017divtovi\u0107 aus dem im Jahr 1526 ausgestorbenen Geschlecht Ruskovi\u0107. Im 19. Jahrhundert war es Eigentum der Marinkovi\u0107, danach der Avelinija. Durch Heirat kam es in den Besitz der Familie Sulic.<\/p><\/div><\/div><div class='clear_column'><\/div><\/p>\n<p style=\"text-align: right;\"><span style=\"color: #3366ff;\"><a style=\"color: #3366ff;\" href=\"#seite_oben\">natrag na vrh \/ Seitenanfang<\/a><\/span><\/p>\n<hr \/>\n<p><strong>Linkovi \/ Links<\/strong><\/p>\n<p><span style=\"color: #3366ff;\"><a style=\"color: #3366ff;\" href=\"https:\/\/www.topohvar.at\/orte\/hv\/hv-ig-39-1\/\">Grb \/ Wappen \u00bbObitelj Ruskovi\u0107\u00ab<\/a><br \/>\n<a style=\"color: #3366ff;\" href=\"https:\/\/www.topohvar.at\/topo\/orte\/hv\/hv-op-00-0\/#op-22\">Gustirna u ku\u0107i \u00bbRuskovi\u0107 (danas Sinik\u0161e i Marine Pavlovi\u0107)\u00ab \/ Zisterne im Haus Ruskovi\u0107 (heute Sinik\u0161a i Marina Pavlovi\u0107<\/a>)<br \/>\n<\/span><\/p>\n","protected":false},"excerpt":{"rendered":"<p>Ime \/ Name Ku\u0107a \u00bbRuskovi\u0107 (danas Sinik\u0161e i Marine Pavlovi\u0107)\u00ab \/\u00a0Haus Ruskovi\u0107 (heute Sinik\u0161a i Marina Pavlovi\u0107)\u00ab Code: HV-TG-23\u00a0 \u00a0 \u00a0 \u00a0 \u00a0 \u00a0 \u00a0 \u00a0 \u00a0 \u00a0 \u00a0 \u00a0 \u00a0 \u00a0 \u00a0 \u00a0 \u00a0 \u00a0\u00a0\u00a0 \u00a0 Adresa \/ Adresse &hellip; <a href=\"https:\/\/www.topohvar.at\/topo\/orte\/hv\/hv-tg-23-1\/\">Weiterlesen <span class=\"meta-nav\">&rarr;<\/span><\/a><\/p>\n","protected":false},"author":1,"featured_media":0,"parent":80,"menu_order":0,"comment_status":"closed","ping_status":"closed","template":"","meta":{"footnotes":""},"class_list":["post-15387","page","type-page","status-publish","hentry"],"_links":{"self":[{"href":"https:\/\/www.topohvar.at\/topo\/wp-json\/wp\/v2\/pages\/15387","targetHints":{"allow":["GET"]}}],"collection":[{"href":"https:\/\/www.topohvar.at\/topo\/wp-json\/wp\/v2\/pages"}],"about":[{"href":"https:\/\/www.topohvar.at\/topo\/wp-json\/wp\/v2\/types\/page"}],"author":[{"embeddable":true,"href":"https:\/\/www.topohvar.at\/topo\/wp-json\/wp\/v2\/users\/1"}],"replies":[{"embeddable":true,"href":"https:\/\/www.topohvar.at\/topo\/wp-json\/wp\/v2\/comments?post=15387"}],"version-history":[{"count":13,"href":"https:\/\/www.topohvar.at\/topo\/wp-json\/wp\/v2\/pages\/15387\/revisions"}],"predecessor-version":[{"id":68503,"href":"https:\/\/www.topohvar.at\/topo\/wp-json\/wp\/v2\/pages\/15387\/revisions\/68503"}],"up":[{"embeddable":true,"href":"https:\/\/www.topohvar.at\/topo\/wp-json\/wp\/v2\/pages\/80"}],"wp:attachment":[{"href":"https:\/\/www.topohvar.at\/topo\/wp-json\/wp\/v2\/media?parent=15387"}],"curies":[{"name":"wp","href":"https:\/\/api.w.org\/{rel}","templated":true}]}}