{"id":15451,"date":"2019-01-05T18:50:03","date_gmt":"2019-01-05T17:50:03","guid":{"rendered":"https:\/\/www.topohvar.at\/?page_id=15451"},"modified":"2021-04-13T09:32:07","modified_gmt":"2021-04-13T07:32:07","slug":"hv-tr-08-1-2","status":"publish","type":"page","link":"https:\/\/www.topohvar.at\/topo\/orte\/hv\/hv-tr-08-1-2\/","title":{"rendered":"HVAR &#8211; Trim\u00a0\u00bbHV-TR-08\u00ab"},"content":{"rendered":"<p><a name=\"seite_oben\"><\/a><br \/>\n<img loading=\"lazy\" decoding=\"async\" class=\"alignnone wp-image-15430 size-large\" src=\"https:\/\/www.topohvar.at\/wp-content\/uploads\/2019\/01\/hv-tr-08-1-1024x503.jpg\" alt=\"\" width=\"640\" height=\"314\" \/><\/p>\n<p><strong>Ime \/ Name<br \/>\n<\/strong>Trim\u00a0\u00bbHV-TR-08\u00ab<\/p>\n<p><strong>Code: <\/strong>HV-TR-08\u00a0 \u00a0 \u00a0 \u00a0 \u00a0 \u00a0 \u00a0 \u00a0 \u00a0 \u00a0 \u00a0 \u00a0 \u00a0 \u00a0 \u00a0 \u00a0 \u00a0 \u00a0 \u00a0<strong><a href=\"https:\/\/www.topohvar.at\/orte\/hv\/hv-tr-00-1\/\"><img loading=\"lazy\" decoding=\"async\" class=\"alignnone wp-image-12300 size-full\" src=\"https:\/\/www.topohvar.at\/wp-content\/uploads\/2018\/09\/push-vor-30.jpg\" alt=\"\" width=\"61\" height=\"30\" \/><\/a> <a href=\"https:\/\/www.topohvar.at\/orte\/hv\/hv-tr-04-1\/\"><img loading=\"lazy\" decoding=\"async\" class=\"alignnone wp-image-533 size-full\" src=\"https:\/\/www.topohvar.at\/wp-content\/uploads\/2018\/07\/push-l-30.jpg\" alt=\"\" width=\"61\" height=\"30\" \/><\/a> <a href=\"https:\/\/www.topohvar.at\/orte\/hv\/\"><img loading=\"lazy\" decoding=\"async\" class=\"alignnone wp-image-535 size-full\" src=\"https:\/\/www.topohvar.at\/wp-content\/uploads\/2018\/07\/push-o-30.jpg\" alt=\"\" width=\"61\" height=\"30\" \/><\/a> <a href=\"https:\/\/www.topohvar.at\/orte\/hv\/hv-tr-09-1\/\"><img loading=\"lazy\" decoding=\"async\" class=\"alignnone wp-image-536 size-full\" src=\"https:\/\/www.topohvar.at\/wp-content\/uploads\/2018\/07\/push-r-30.jpg\" alt=\"\" width=\"61\" height=\"30\" \/><\/a>\u00a0<\/strong><\/p>\n<hr \/>\n<p><strong>Adresa \/ Adresse<br \/>\n<\/strong>Hvar, u blizini crkvice sv. Magdalene<\/p>\n<p><strong>Lokacija \/ Position<a href=\"https:\/\/goo.gl\/maps\/ZWW3FJoeUCA61zEJ6\"><img loading=\"lazy\" decoding=\"async\" class=\"alignright wp-image-18045\" src=\"https:\/\/www.topohvar.at\/wp-content\/uploads\/2019\/01\/1709.jpg\" alt=\"\" width=\"134\" height=\"100\" \/><\/a><br \/>\n<\/strong><span style=\"color: #3366ff;\"><a style=\"color: #3366ff;\" href=\"https:\/\/goo.gl\/maps\/ZWW3FJoeUCA61zEJ6\">Latitude: N 43,16447\u00b0\u00a0 \u00a0Longitude: E 16,47313\u00b0<\/a> <\/span><strong><br \/>\n<\/strong>Visina \/ H\u00f6he: 115 m<\/p>\n<p><strong>Katastarska \u010destica \/ Grundst\u00fccke<br \/>\n<\/strong>3591<div class='content-column one_half'><div style=\"padding-right:6px;\"><p><strong>Datum snimanja \/ Erfassungsdatum<br \/>\n<\/strong>23.02.2018 15:11:00<\/p>\n<hr \/>\n<p><strong>Informacije<\/strong><\/p>\n<p>Veliki trim nalazi se u maslinicima jugozapadno od crkvice sv. Magdalene. Povezan je s malom poljoprivrednom zgradom i okru\u017een je niskom kamenim prstenom koji se \u0161iri u ulaznom podru\u010dju. Stepenasti trim s tri stepenice izra\u0111en je od netretiranih, o\u0161trih kamenova u tradicionalnom sloju. Ulaz je zatvoren u o\u017eujku 2019. s valovitom limnom plo\u010dom. Unutra\u0161njost se ne mo\u017ee posjetiti. Njezin opseg je izveden iz sli\u010dnih oblika trima.<\/p><\/div><\/div><div class='content-column one_half last_column'><div style=\"padding-right:0px;padding-left:6px;\"><p><strong>Stupanj za\u0161tite \/ Schutzstellung<br \/>\n<\/strong>&#8211;<\/p>\n<hr \/>\n<p><strong>Info<\/strong><\/p>\n<p>Der gro\u00dfe Trim befindet sich in den Oliveng\u00e4rten s\u00fcdwestlich der kleinen Kirche zur hl. Magdalena. Er ist mit einem kleinen landwirtschaftlichen Geb\u00e4ude verbunden und von einem niedrigen, im Eingangsbereich sich ausweitenden Streinring umgeben. Der dreistufige Trim wurde aus unbearbeiteten, kantigen Steinen in traditioneller Schichtung errichtet. Der Eingang war im M\u00e4rz 2019 durch eine Wellblechplatte verschlossen. Der Innenraum konnte nicht besichtigt werden. Sein Ausma\u00df ist aus \u00e4hnlich gestaltenten Trims abgeleitet.<\/p><\/div><\/div><div class='clear_column'><\/div><div class='content-column one_half'><div style=\"padding-right:6px;\"><div id=\"attachment_21505\" style=\"width: 310px\" class=\"wp-caption aligncenter\"><img loading=\"lazy\" decoding=\"async\" aria-describedby=\"caption-attachment-21505\" class=\"wp-image-21505 size-full\" src=\"https:\/\/www.topohvar.at\/wp-content\/uploads\/2019\/04\/hv-tr-08-22.jpg\" alt=\"\" width=\"300\" height=\"300\" srcset=\"https:\/\/www.topohvar.at\/wp-content\/uploads\/2019\/04\/hv-tr-08-22.jpg 300w, https:\/\/www.topohvar.at\/wp-content\/uploads\/2019\/04\/hv-tr-08-22-150x150.jpg 150w\" sizes=\"auto, (max-width: 300px) 100vw, 300px\" \/><p id=\"caption-attachment-21505\" class=\"wp-caption-text\">Dvori\u0161te ispred trimu \/ Vorplatz<\/p><\/div>\n<p>Dana 01.03.2019 trim je posje\u0107en i ustanovljeno je sljede\u0107e:<\/p>\n<p>Lokacija: maslinik<br \/>\nPodloga: ravna<br \/>\nPovezan s: zgradom<br \/>\nUpotreba: u upotrebi s mogu\u0107no\u0161\u0107u zaklju\u010davanja<br \/>\nStanje: vrlo dobro uzdr\u017eati<br \/>\nBroj stepenica trima: 3<br \/>\nDodatni kameni prsten: ure\u0111eni kameni prsten<br \/>\nStepeni\u0161te: nema<br \/>\nOblik kamena: uglast<br \/>\nPodru\u010dje ispred ulaza: lako dostupno<br \/>\nOrijentacija ulaza: Z (280\u00b0)<br \/>\nPromjer trima (cm): 550<br \/>\nVisina trima (cm): 300<br \/>\nVisina stepenica (cm):<br \/>\n&#8211; stepenica 1: 180, stepenica 2: 225, stepenica 3: 260<br \/>\nDebljina zida (cm): 100<br \/>\n\u0160irina vrata (cm): 70<br \/>\nVisina vrata (cm): 115<br \/>\n\u0160irina unutra (cm): 350<br \/>\nVisina unutra (cm): 280 (?)<br \/>\nVolumen iznutra (m3): 15,62 (?)<br \/>\nNema ni\u0161e (?)<\/p><\/div><\/div><div class='content-column one_half last_column'><div style=\"padding-right:0px;padding-left:6px;\"><div id=\"attachment_21506\" style=\"width: 310px\" class=\"wp-caption aligncenter\"><img loading=\"lazy\" decoding=\"async\" aria-describedby=\"caption-attachment-21506\" class=\"wp-image-21506 size-full\" src=\"https:\/\/www.topohvar.at\/wp-content\/uploads\/2019\/04\/hv-tr-08-26.jpg\" alt=\"\" width=\"300\" height=\"300\" srcset=\"https:\/\/www.topohvar.at\/wp-content\/uploads\/2019\/04\/hv-tr-08-26.jpg 300w, https:\/\/www.topohvar.at\/wp-content\/uploads\/2019\/04\/hv-tr-08-26-150x150.jpg 150w\" sizes=\"auto, (max-width: 300px) 100vw, 300px\" \/><p id=\"caption-attachment-21506\" class=\"wp-caption-text\">Stra\u017enji dio trima \/ R\u00fcckseite<\/p><\/div>\n<p>Am 01.03.2019 wurde der Trim besucht und n\u00e4her untersucht:<\/p>\n<p>Standort: Olivenhain<br \/>\nUntergrund: eben<br \/>\nVerbunden mit: Geb\u00e4ude<br \/>\nNutzung: genutzt, verschlie\u00dfbar<br \/>\nZustand: sehr gut erhalten<br \/>\nAnzahl der Trimstufen: 3<br \/>\nZus\u00e4tzlicher Steinring: Steinring geordnet<br \/>\nStiege: keine<br \/>\nSteinform: kantig<br \/>\nEingangsbereich: frei<br \/>\nEingangsseite: W (280\u00b0)<br \/>\nTrimdurchmesser (cm): 550<br \/>\nTrimh\u00f6he (cm): 300<br \/>\nH\u00f6he der Trimstufen (cm):<br \/>\n&#8211; Stufe 1: 180, Stufe 2: 225, Stufe 3: 260<br \/>\nWandst\u00e4rke (cm): 100<br \/>\nT\u00fcrbreite (cm): 70<br \/>\nT\u00fcrh\u00f6he (cm): 115<br \/>\nInnenraumbreite (cm): 350<br \/>\nInnenraumh\u00f6he (cm): 280 (?)<br \/>\nRaumvolumen (m3): 15,62 (?)<br \/>\nKeine Nische (?)<\/p><\/div><\/div><div class='clear_column'><\/div><\/p>\n<p><img loading=\"lazy\" decoding=\"async\" class=\"alignnone wp-image-20798\" src=\"https:\/\/www.topohvar.at\/wp-content\/uploads\/2019\/03\/hv-tr-08-sca-507x1024.jpg\" alt=\"\" width=\"600\" height=\"1211\" srcset=\"https:\/\/www.topohvar.at\/wp-content\/uploads\/2019\/03\/hv-tr-08-sca-507x1024.jpg 507w, https:\/\/www.topohvar.at\/wp-content\/uploads\/2019\/03\/hv-tr-08-sca-149x300.jpg 149w, https:\/\/www.topohvar.at\/wp-content\/uploads\/2019\/03\/hv-tr-08-sca.jpg 600w\" sizes=\"auto, (max-width: 600px) 100vw, 600px\" \/><\/p>\n<p style=\"text-align: right;\"><a href=\"#seite_oben\">natrag na vrh \/ Seitenanfang<\/a><\/p>\n<hr \/>\n<p><strong>Linkovi \/ Links<\/strong><\/p>\n<p><span style=\"color: #3366ff;\">&#8211;<\/span><\/p>\n","protected":false},"excerpt":{"rendered":"<p>Ime \/ Name Trim\u00a0\u00bbHV-TR-08\u00ab Code: HV-TR-08\u00a0 \u00a0 \u00a0 \u00a0 \u00a0 \u00a0 \u00a0 \u00a0 \u00a0 \u00a0 \u00a0 \u00a0 \u00a0 \u00a0 \u00a0 \u00a0 \u00a0 \u00a0 \u00a0 \u00a0 Adresa \/ Adresse Hvar, u blizini crkvice sv. Magdalene Lokacija \/ Position Latitude: N 43,16447\u00b0\u00a0 &hellip; <a href=\"https:\/\/www.topohvar.at\/topo\/orte\/hv\/hv-tr-08-1-2\/\">Weiterlesen <span class=\"meta-nav\">&rarr;<\/span><\/a><\/p>\n","protected":false},"author":1,"featured_media":0,"parent":80,"menu_order":0,"comment_status":"closed","ping_status":"closed","template":"","meta":{"footnotes":""},"class_list":["post-15451","page","type-page","status-publish","hentry"],"_links":{"self":[{"href":"https:\/\/www.topohvar.at\/topo\/wp-json\/wp\/v2\/pages\/15451","targetHints":{"allow":["GET"]}}],"collection":[{"href":"https:\/\/www.topohvar.at\/topo\/wp-json\/wp\/v2\/pages"}],"about":[{"href":"https:\/\/www.topohvar.at\/topo\/wp-json\/wp\/v2\/types\/page"}],"author":[{"embeddable":true,"href":"https:\/\/www.topohvar.at\/topo\/wp-json\/wp\/v2\/users\/1"}],"replies":[{"embeddable":true,"href":"https:\/\/www.topohvar.at\/topo\/wp-json\/wp\/v2\/comments?post=15451"}],"version-history":[{"count":19,"href":"https:\/\/www.topohvar.at\/topo\/wp-json\/wp\/v2\/pages\/15451\/revisions"}],"predecessor-version":[{"id":47791,"href":"https:\/\/www.topohvar.at\/topo\/wp-json\/wp\/v2\/pages\/15451\/revisions\/47791"}],"up":[{"embeddable":true,"href":"https:\/\/www.topohvar.at\/topo\/wp-json\/wp\/v2\/pages\/80"}],"wp:attachment":[{"href":"https:\/\/www.topohvar.at\/topo\/wp-json\/wp\/v2\/media?parent=15451"}],"curies":[{"name":"wp","href":"https:\/\/api.w.org\/{rel}","templated":true}]}}