{"id":1730,"date":"2018-07-31T06:22:16","date_gmt":"2018-07-31T04:22:16","guid":{"rendered":"https:\/\/www.topohvar.at\/?page_id=1730"},"modified":"2021-12-07T15:11:20","modified_gmt":"2021-12-07T14:11:20","slug":"do-in-01-2","status":"publish","type":"page","link":"https:\/\/www.topohvar.at\/topo\/orte\/do\/do-in-01-2\/","title":{"rendered":"DOL &#8211; Natpis \u00bbna nadvratniku\u00ab"},"content":{"rendered":"<p><img loading=\"lazy\" decoding=\"async\" class=\"alignnone wp-image-1733 size-large\" src=\"https:\/\/www.topohvar.at\/wp-content\/uploads\/2018\/07\/do-in-01-1-1024x503.jpg\" alt=\"\" width=\"640\" height=\"314\" srcset=\"https:\/\/www.topohvar.at\/wp-content\/uploads\/2018\/07\/do-in-01-1-1024x503.jpg 1024w, https:\/\/www.topohvar.at\/wp-content\/uploads\/2018\/07\/do-in-01-1-300x147.jpg 300w, https:\/\/www.topohvar.at\/wp-content\/uploads\/2018\/07\/do-in-01-1-768x377.jpg 768w\" sizes=\"auto, (max-width: 640px) 100vw, 640px\" \/><\/p>\n<p><strong>Ime \/ Name<br \/>\n<\/strong>Natpis \u00bbna nadvratniku\u00ab \/ Inschrift am T\u00fcrsturz<\/p>\n<p><strong>Code: <\/strong>DO-IN-01\u00a0 \u00a0 \u00a0 \u00a0 \u00a0 \u00a0 \u00a0 \u00a0 \u00a0 \u00a0 \u00a0 \u00a0 \u00a0 \u00a0 \u00a0 \u00a0 \u00a0 \u00a0 \u00a0 \u00a0 \u00a0 \u00a0 \u00a0\u00a0<strong>\u00a0<a href=\"https:\/\/www.topohvar.at\/orte\/do\/\"><img loading=\"lazy\" decoding=\"async\" class=\"alignnone wp-image-535 size-full\" src=\"https:\/\/www.topohvar.at\/wp-content\/uploads\/2018\/07\/push-o-30.jpg\" alt=\"\" width=\"61\" height=\"30\" \/><\/a> <a href=\"https:\/\/www.topohvar.at\/orte\/do\/do-in-02-2\/\"><img loading=\"lazy\" decoding=\"async\" class=\"alignnone wp-image-536 size-full\" src=\"https:\/\/www.topohvar.at\/wp-content\/uploads\/2018\/07\/push-r-30.jpg\" alt=\"\" width=\"61\" height=\"30\" \/><\/a><\/strong><\/p>\n<hr \/>\n<p><strong>Adresa \/ Adresse<br \/>\n<\/strong>Dol &#8211; Sv. Marije, crkva sv. Marija<\/p>\n<p><strong>Lokalna polo\u017eaj \/ Position<a href=\"https:\/\/goo.gl\/maps\/j9ieXZzrPyZK3ipQA\"><img loading=\"lazy\" decoding=\"async\" class=\"alignright wp-image-1734\" src=\"https:\/\/www.topohvar.at\/wp-content\/uploads\/2018\/07\/0067-1.jpg\" alt=\"\" width=\"134\" height=\"100\" \/><\/a><br \/>\n<\/strong><a href=\"https:\/\/goo.gl\/maps\/j9ieXZzrPyZK3ipQA\">Latitude: N 43,16827\u00b0\u00a0 \u00a0Longitude: E 16,61214\u00b0<\/a> <strong><br \/>\n<\/strong>Visina \/ H\u00f6he: 77 m<\/p>\n<p><strong>Zemlji\u0161te \/ Grundst\u00fccke<br \/>\n<\/strong>*13\/1, *13\/2, 569<div class='content-column one_half'><div style=\"padding-right:6px;\"><p><strong>Datum snimanja \/ Erfassungsdatum<br \/>\n<\/strong>12.05.2018 09:56:00<\/p>\n<hr \/>\n<p><strong>Informacije<\/strong><\/p>\n<p>Natpis:<\/p>\n<p style=\"text-align: center;\">1774<br \/>\n4. LVGO<\/p><\/div><\/div><div class='content-column one_half last_column'><div style=\"padding-right:0px;padding-left:6px;\"><p><strong>Za\u0161titni polo\u017eaj \/ Schutzstellung<br \/>\n<\/strong>&#8211;<\/p>\n<hr \/>\n<p><strong>Info<\/strong><\/p>\n<p>Inschrift:<\/p>\n<p style=\"text-align: center;\">1774<br \/>\n4. Juli<\/p><\/div><\/div><div class='clear_column'><\/div><div class='content-column one_half'><div style=\"padding-right:6px;\"><p>Nadvratnici su naj\u010de\u0161\u0107a mjesta na kojima su se nalazili natpisi u kamenu, bilo da se radi o sakralnim ili svjetovnim gra\u0111evinama, ponajprije zbog uo\u010dljivosti. Tako i natpis koji donosi podatak o godini kada je crkva pro\u0161irena i obnovljena, a radi se o vremenu baroka, na \u0161to uupu\u0107uju oblikovanje brojki i slova te rozeta.<\/p><\/div><\/div><div class='content-column one_half last_column'><div style=\"padding-right:0px;padding-left:6px;\"><p>T\u00fcrst\u00fcrze sind vor allem wegen ihrer Auff\u00e4lligkeit die h\u00e4ufigsten Orte f\u00fcr Steininschriften, seien es bei sakralen oder weltlichen Geb\u00e4uden. Ebenso wie diese Inschrift, die \u00fcber das Jahr der Erweiterung und Renovierung der Kirche informiert. Und es ist die Barockzeit, die durch die Gestaltung der Zahlen, Buchstaben und der Rosette hier gezeigt wird.<\/p><\/div><\/div><div class='clear_column'><\/div><div class='content-column one_half'><div style=\"padding-right:6px;\"><p><em>(Citat s izlo\u017ebe \u201cPisma i Pismenost otoka Hvara\u201d galerija (crkva) sv. Jerolima, lipanj 2021)<\/em><\/p><\/div><\/div><div class='content-column one_half last_column'><div style=\"padding-right:0px;padding-left:6px;\"><p><em>(Zitat aus der Ausstellung \u201cSchrift und Schreibkunst der Insel Hvar\u201d Galerie (Kirche) sv. Jerolim, Juni 2021)<\/em><\/p>\n<p><em>\u00a0<\/em><\/div><\/div><div class='clear_column'><\/div><\/p>\n<hr \/>\n<p><strong>Linkovi \/ Links<\/strong><\/p>\n<p><a href=\"https:\/\/www.topohvar.at\/topo\/orte\/do\/do-ci-02-2\/\"><span style=\"color: #3366ff;\">Crkva \u00bbSv. Marije \u00ab \/ Kirche der hl. Maria<\/span><\/a><\/p>\n","protected":false},"excerpt":{"rendered":"<p>Ime \/ Name Natpis \u00bbna nadvratniku\u00ab \/ Inschrift am T\u00fcrsturz Code: DO-IN-01\u00a0 \u00a0 \u00a0 \u00a0 \u00a0 \u00a0 \u00a0 \u00a0 \u00a0 \u00a0 \u00a0 \u00a0 \u00a0 \u00a0 \u00a0 \u00a0 \u00a0 \u00a0 \u00a0 \u00a0 \u00a0 \u00a0 \u00a0\u00a0\u00a0 Adresa \/ Adresse Dol &#8211; Sv. &hellip; <a href=\"https:\/\/www.topohvar.at\/topo\/orte\/do\/do-in-01-2\/\">Weiterlesen <span class=\"meta-nav\">&rarr;<\/span><\/a><\/p>\n","protected":false},"author":1,"featured_media":0,"parent":68,"menu_order":0,"comment_status":"closed","ping_status":"closed","template":"","meta":{"footnotes":""},"class_list":["post-1730","page","type-page","status-publish","hentry"],"_links":{"self":[{"href":"https:\/\/www.topohvar.at\/topo\/wp-json\/wp\/v2\/pages\/1730","targetHints":{"allow":["GET"]}}],"collection":[{"href":"https:\/\/www.topohvar.at\/topo\/wp-json\/wp\/v2\/pages"}],"about":[{"href":"https:\/\/www.topohvar.at\/topo\/wp-json\/wp\/v2\/types\/page"}],"author":[{"embeddable":true,"href":"https:\/\/www.topohvar.at\/topo\/wp-json\/wp\/v2\/users\/1"}],"replies":[{"embeddable":true,"href":"https:\/\/www.topohvar.at\/topo\/wp-json\/wp\/v2\/comments?post=1730"}],"version-history":[{"count":11,"href":"https:\/\/www.topohvar.at\/topo\/wp-json\/wp\/v2\/pages\/1730\/revisions"}],"predecessor-version":[{"id":54899,"href":"https:\/\/www.topohvar.at\/topo\/wp-json\/wp\/v2\/pages\/1730\/revisions\/54899"}],"up":[{"embeddable":true,"href":"https:\/\/www.topohvar.at\/topo\/wp-json\/wp\/v2\/pages\/68"}],"wp:attachment":[{"href":"https:\/\/www.topohvar.at\/topo\/wp-json\/wp\/v2\/media?parent=1730"}],"curies":[{"name":"wp","href":"https:\/\/api.w.org\/{rel}","templated":true}]}}