{"id":17480,"date":"2019-01-17T06:56:18","date_gmt":"2019-01-17T05:56:18","guid":{"rendered":"https:\/\/www.topohvar.at\/?page_id=17480"},"modified":"2021-11-12T16:20:49","modified_gmt":"2021-11-12T15:20:49","slug":"hv-is-18-1","status":"publish","type":"page","link":"https:\/\/www.topohvar.at\/topo\/orte\/hv\/hv-is-18-1\/","title":{"rendered":"HVAR &#8211; Spomen plo\u010da \u00bbNa zgradi hrvatsko-austrijskog 1 m teleskopa\u00ab"},"content":{"rendered":"<p><a name=\"seite_oben\"><\/a><br \/>\n<img loading=\"lazy\" decoding=\"async\" class=\"alignnone wp-image-15199 size-large\" src=\"https:\/\/www.topohvar.at\/wp-content\/uploads\/2019\/01\/HV-TG-98-1-1024x503.jpg\" alt=\"\" width=\"640\" height=\"314\" srcset=\"https:\/\/www.topohvar.at\/wp-content\/uploads\/2019\/01\/HV-TG-98-1-1024x503.jpg 1024w, https:\/\/www.topohvar.at\/wp-content\/uploads\/2019\/01\/HV-TG-98-1-300x147.jpg 300w, https:\/\/www.topohvar.at\/wp-content\/uploads\/2019\/01\/HV-TG-98-1-768x377.jpg 768w, https:\/\/www.topohvar.at\/wp-content\/uploads\/2019\/01\/HV-TG-98-1.jpg 1080w\" sizes=\"auto, (max-width: 640px) 100vw, 640px\" \/><\/p>\n<p><strong>Ime \/ Name<br \/>\n<\/strong>Spomen plo\u010da \u00bbNa zgradi hrvatsko-austrijskog 1 m teleskopa\u00ab \/ Gedenktafel am Geb\u00e4ude des Kroatisch-\u00d6sterreichischen 1 m Teleskops<\/p>\n<p><strong>Code: <\/strong>HV-IS-18\u00a0 \u00a0 \u00a0 \u00a0 \u00a0 \u00a0 \u00a0 \u00a0 \u00a0 \u00a0 \u00a0 \u00a0 \u00a0 \u00a0 \u00a0 \u00a0 \u00a0 \u00a0\u00a0<a href=\"https:\/\/www.topohvar.at\/hv-tg-90-1\/\"><img loading=\"lazy\" decoding=\"async\" class=\"alignnone wp-image-12300 size-full\" src=\"https:\/\/www.topohvar.at\/wp-content\/uploads\/2018\/09\/push-vor-30.jpg\" alt=\"\" width=\"61\" height=\"30\" \/><\/a>\u00a0<strong><a href=\"https:\/\/www.topohvar.at\/orte\/hv\/hv-is-37-1\/\"><img loading=\"lazy\" decoding=\"async\" class=\"alignnone wp-image-533 size-full\" src=\"https:\/\/www.topohvar.at\/wp-content\/uploads\/2018\/07\/push-l-30.jpg\" alt=\"\" width=\"61\" height=\"30\" \/><\/a> <a href=\"https:\/\/www.topohvar.at\/orte\/hv\/\"><img loading=\"lazy\" decoding=\"async\" class=\"alignnone wp-image-535 size-full\" src=\"https:\/\/www.topohvar.at\/wp-content\/uploads\/2018\/07\/push-o-30.jpg\" alt=\"\" width=\"61\" height=\"30\" \/><\/a> <a href=\"https:\/\/www.topohvar.at\/orte\/hv\/hv-is-48-1\/\"><img loading=\"lazy\" decoding=\"async\" class=\"alignnone wp-image-536 size-full\" src=\"https:\/\/www.topohvar.at\/wp-content\/uploads\/2018\/07\/push-r-30.jpg\" alt=\"\" width=\"61\" height=\"30\" \/><\/a>\u00a0<a href=\"https:\/\/www.topohvar.at\/hv-tg-63-1\/\"><img loading=\"lazy\" decoding=\"async\" class=\"alignnone wp-image-12299 size-full\" src=\"https:\/\/www.topohvar.at\/wp-content\/uploads\/2018\/09\/push-next-30.jpg\" alt=\"\" width=\"61\" height=\"30\" \/><\/a><\/strong><\/p>\n<hr \/>\n<p><strong>Adresa \/ Adresse<br \/>\n<\/strong>Grad Hvar,\u00a0Put Poljuna 2<\/p>\n<p><strong>Lokacija<\/strong><strong> \/ Position<a href=\"https:\/\/goo.gl\/maps\/F6ospv2CY2cMWLWH9\"><img loading=\"lazy\" decoding=\"async\" class=\"alignright wp-image-17476\" src=\"https:\/\/www.topohvar.at\/wp-content\/uploads\/2019\/01\/0382.jpg\" alt=\"\" width=\"134\" height=\"100\" \/><\/a><br \/>\n<\/strong><span style=\"color: #3366ff;\"><a style=\"color: #3366ff;\" href=\"https:\/\/goo.gl\/maps\/F6ospv2CY2cMWLWH9\">Latitude: N 43,17899\u00b0\u00a0 \u00a0Longitude: E 16,44784\u00b0<\/a> <\/span><strong><br \/>\n<\/strong>Visina \/ H\u00f6he: 196 m<\/p>\n<p><strong>Katastarska \u010destica<\/strong><strong> \/ Grundst\u00fccke<br \/>\n<\/strong>1582\/18<div class='content-column one_half'><div style=\"padding-right:6px;\"><p><strong>Datum snimanja \/ Erfassungsdatum<br \/>\n<\/strong>12.02.2015 13:49:12<\/p>\n<hr \/>\n<p><strong>Informacije<\/strong><\/p>\n<p>Na zgradi hrvatsko-austrijskog teleskopa veli\u010dine 1 m prilo\u017eena je jedna plo\u010da na hrvatskom i njema\u010dkom jeziku sa sljede\u0107im natpisom:<\/p><\/div><\/div><div class='content-column one_half last_column'><div style=\"padding-right:0px;padding-left:6px;\"><p><strong>Stupanj za\u0161tite<\/strong><strong> \/ Schutzstellung<br \/>\n<\/strong>&#8211;<\/p>\n<hr \/>\n<p><strong>Info<\/strong><\/p>\n<p>am Geb\u00e4ude des Kroatisch-\u00d6sterreichischen 1 m Teleskops ist je eine Tafel in kroatischer und deutscher Sprache befestigt mit folgender Inschrift:<\/p><\/div><\/div><div class='clear_column'><\/div><div class='content-column one_half'><div style=\"padding-right:6px;\"><p style=\"text-align: center;\">\u00d6STERREICHISCH &#8211; KROATISCHES<br \/>\n1m TELESKOP<br \/>\nER\u00d6FFNET AM 20. OKTOBER 1997.<\/p>\n<p style=\"text-align: center;\">ALS BEISPIEL DER ZUSAMMENARBEIT<br \/>\nBEIDER L\u00c4NDER UND ALS BEITRAG<br \/>\nZUR ERFORSCHUNG DES UNIVERSUMS<br \/>\nIM RAHMEN DER INTERNATIONALEN<br \/>\nASTRONOMISCHEN GEMEINSCHAFT.<\/p>\n<p style=\"text-align: right;\">UNIVERSIT\u00c4T ZAGREB<br \/>\nGEOD\u00c4TISCHE FAKULT\u00c4T<br \/>\nUNIVERSIT\u00c4TSZENTRUM<br \/>\nOBSERVATORIUM HVAR<\/p><\/div><\/div><div class='content-column one_half last_column'><div style=\"padding-right:0px;padding-left:6px;\"><p style=\"text-align: center;\">HVARSKO \u2013 AUSTRIJSKI<br \/>\n1m TELESKOP<br \/>\nOTVOREN 20. LISTOPADA 1997.<\/p>\n<p style=\"text-align: center;\">KAO PRIMJER SURADNJE<br \/>\nDVIJU ZEMALJA I DOPRINOS<br \/>\nISTRA\u017dIVANJU SVEMIRA U OKVIRU<br \/>\nSVEKOLIKE ME\u0110UNARODNE<br \/>\nASTRONOMSKE ZAJEDNICE.<\/p>\n<p style=\"text-align: right;\">SVEU\u010cILI\u0160TE U ZAGREBU<br \/>\nGEODETSKI FAKULTET<br \/>\nSVEU\u010cILI\u0160NI CENTAR<br \/>\nOPSERVATORIJ HVAR<\/p><\/div><\/div><div class='clear_column'><\/div><\/p>\n<p style=\"text-align: right;\"><span style=\"color: #3366ff;\"><a style=\"color: #3366ff;\" href=\"#seite_oben\">natrag na vrh \/ Seitenanfang<\/a><\/span><\/p>\n<hr \/>\n<p><strong>Linkovi \/ Links<\/strong><\/p>\n<p><span style=\"color: #3366ff;\"><a style=\"color: #3366ff;\" href=\"https:\/\/www.topohvar.at\/orte\/hv\/hv-tg-98-1\/\">Zgrada \u00bbOpservatori, Hvratsko &#8211; Austrijski 1 m Teleskop\u00ab \/ Geb\u00e4ude &#8211; Observatorium\u00a0<\/a><br \/>\n<a style=\"color: #3366ff;\" href=\"https:\/\/www.topohvar.at\/orte\/hv\/hv-tg-97-1\/\">Zgrada \u00bbOpservatori, isto\u010dna zgrada\u00ab \/ Geb\u00e4ude &#8211; Observatorium, \u00f6stliches Geb\u00e4ude<\/a><\/span><\/p>\n","protected":false},"excerpt":{"rendered":"<p>Ime \/ Name Spomen plo\u010da \u00bbNa zgradi hrvatsko-austrijskog 1 m teleskopa\u00ab \/ Gedenktafel am Geb\u00e4ude des Kroatisch-\u00d6sterreichischen 1 m Teleskops Code: HV-IS-18\u00a0 \u00a0 \u00a0 \u00a0 \u00a0 \u00a0 \u00a0 \u00a0 \u00a0 \u00a0 \u00a0 \u00a0 \u00a0 \u00a0 \u00a0 \u00a0 \u00a0 \u00a0\u00a0\u00a0 \u00a0 &hellip; <a href=\"https:\/\/www.topohvar.at\/topo\/orte\/hv\/hv-is-18-1\/\">Weiterlesen <span class=\"meta-nav\">&rarr;<\/span><\/a><\/p>\n","protected":false},"author":1,"featured_media":0,"parent":80,"menu_order":0,"comment_status":"closed","ping_status":"closed","template":"","meta":{"footnotes":""},"class_list":["post-17480","page","type-page","status-publish","hentry"],"_links":{"self":[{"href":"https:\/\/www.topohvar.at\/topo\/wp-json\/wp\/v2\/pages\/17480","targetHints":{"allow":["GET"]}}],"collection":[{"href":"https:\/\/www.topohvar.at\/topo\/wp-json\/wp\/v2\/pages"}],"about":[{"href":"https:\/\/www.topohvar.at\/topo\/wp-json\/wp\/v2\/types\/page"}],"author":[{"embeddable":true,"href":"https:\/\/www.topohvar.at\/topo\/wp-json\/wp\/v2\/users\/1"}],"replies":[{"embeddable":true,"href":"https:\/\/www.topohvar.at\/topo\/wp-json\/wp\/v2\/comments?post=17480"}],"version-history":[{"count":14,"href":"https:\/\/www.topohvar.at\/topo\/wp-json\/wp\/v2\/pages\/17480\/revisions"}],"predecessor-version":[{"id":53480,"href":"https:\/\/www.topohvar.at\/topo\/wp-json\/wp\/v2\/pages\/17480\/revisions\/53480"}],"up":[{"embeddable":true,"href":"https:\/\/www.topohvar.at\/topo\/wp-json\/wp\/v2\/pages\/80"}],"wp:attachment":[{"href":"https:\/\/www.topohvar.at\/topo\/wp-json\/wp\/v2\/media?parent=17480"}],"curies":[{"name":"wp","href":"https:\/\/api.w.org\/{rel}","templated":true}]}}