{"id":17542,"date":"2019-01-17T15:19:12","date_gmt":"2019-01-17T14:19:12","guid":{"rendered":"https:\/\/www.topohvar.at\/?page_id=17542"},"modified":"2022-11-16T09:30:51","modified_gmt":"2022-11-16T08:30:51","slug":"hv-is-44-1","status":"publish","type":"page","link":"https:\/\/www.topohvar.at\/topo\/orte\/hv\/hv-is-44-1\/","title":{"rendered":"HVAR &#8211; Spomen plo\u010da \u00bbna miru 1610\/1611\u00ab"},"content":{"rendered":"<p><a name=\"seite_oben\"><\/a><br \/>\n<img loading=\"lazy\" decoding=\"async\" class=\"alignnone wp-image-387 size-full\" src=\"https:\/\/www.topohvar.at\/wp-content\/uploads\/2018\/07\/00-00-00-1.jpg\" alt=\"\" width=\"114\" height=\"56\" \/><\/p>\n<p><strong>Ime \/ Name<br \/>\n<\/strong>Spomen plo\u010da \u00bbna miru 1610\/1611\u00ab \/ Gedenktafel an den Frieden 1610\/1611<\/p>\n<p><strong>Code: <\/strong>HV-IS-44\u00a0 \u00a0 \u00a0 \u00a0 \u00a0 \u00a0 \u00a0 \u00a0 \u00a0 \u00a0 \u00a0 \u00a0 \u00a0 \u00a0 \u00a0 \u00a0 \u00a0 \u00a0\u00a0<a href=\"https:\/\/www.topohvar.at\/hv-ip-08-1\/\"><img loading=\"lazy\" decoding=\"async\" class=\"alignnone wp-image-12300 size-full\" src=\"https:\/\/www.topohvar.at\/wp-content\/uploads\/2018\/09\/push-vor-30.jpg\" alt=\"\" width=\"61\" height=\"30\" \/><\/a>\u00a0<strong><a href=\"https:\/\/www.topohvar.at\/orte\/hv\/hv-is-16-1\/\"><img loading=\"lazy\" decoding=\"async\" class=\"alignnone wp-image-533 size-full\" src=\"https:\/\/www.topohvar.at\/wp-content\/uploads\/2018\/07\/push-l-30.jpg\" alt=\"\" width=\"61\" height=\"30\" \/><\/a> <a href=\"https:\/\/www.topohvar.at\/orte\/hv\/\"><img loading=\"lazy\" decoding=\"async\" class=\"alignnone wp-image-535 size-full\" src=\"https:\/\/www.topohvar.at\/wp-content\/uploads\/2018\/07\/push-o-30.jpg\" alt=\"\" width=\"61\" height=\"30\" \/><\/a> <a href=\"https:\/\/www.topohvar.at\/orte\/hv\/hv-is-23-1\/\"><img loading=\"lazy\" decoding=\"async\" class=\"alignnone wp-image-536 size-full\" src=\"https:\/\/www.topohvar.at\/wp-content\/uploads\/2018\/07\/push-r-30.jpg\" alt=\"\" width=\"61\" height=\"30\" \/><\/a>\u00a0<a href=\"https:\/\/www.topohvar.at\/hv-ip-08-1\/\"><img loading=\"lazy\" decoding=\"async\" class=\"alignnone wp-image-12299 size-full\" src=\"https:\/\/www.topohvar.at\/wp-content\/uploads\/2018\/09\/push-next-30.jpg\" alt=\"\" width=\"61\" height=\"30\" \/><\/a><\/strong><\/p>\n<hr \/>\n<p><strong>Adresa \/ Adresse<br \/>\n<\/strong>Grad Hvar,\u00a0Ulica Sveti Marak 16, crkva sv. Marka<\/p>\n<p><strong>Lokacija<\/strong><strong> \/ Position<a href=\"https:\/\/goo.gl\/maps\/nCT1ZmYpLmKBb5mu6\"><img loading=\"lazy\" decoding=\"async\" class=\"alignright wp-image-15701\" src=\"https:\/\/www.topohvar.at\/wp-content\/uploads\/2019\/01\/1456.jpg\" alt=\"\" width=\"134\" height=\"100\" \/><\/a><br \/>\n<\/strong><span style=\"color: #3366ff;\"><a style=\"color: #3366ff;\" href=\"https:\/\/goo.gl\/maps\/nCT1ZmYpLmKBb5mu6\">Latitude: N 43,17295\u00b0\u00a0 \u00a0Longitude: E 16,43960\u00b0<\/a> <\/span><strong><br \/>\n<\/strong>Visina \/ H\u00f6he: 14 m<\/p>\n<p><strong>Katastarska \u010destica<\/strong><strong> \/ Grundst\u00fccke<br \/>\n<\/strong>*15<div class='content-column one_half'><div style=\"padding-right:6px;\"><p><strong>Datum snimanja \/ Erfassungsdatum<br \/>\n<\/strong>20.02.2015 10:03:04<\/p>\n<hr \/>\n<p><strong>Informacije<\/strong><\/p>\n<p>U Kne\u017eevu dvoru bio je i kapela. Spomen plo\u010dica u ovoj kapeli podsjetila je na mir koji se dogodio nakon bitke gra\u0111ana Hvara s plemi\u0107em u godinama 1610\/1611. Plo\u010da je se danas \u010duva u lapidariju sv. Marka.<\/p><\/div><\/div><div class='content-column one_half last_column'><div style=\"padding-right:0px;padding-left:6px;\"><p><strong>Stupanj za\u0161tite<\/strong><strong> \/ Schutzstellung<br \/>\n<\/strong>&#8211;<\/p>\n<hr \/>\n<p><strong>Info<\/strong><\/p>\n<p>Im Rektorenpalast gab es eine Kapelle. Eine Gedenktafel in dieser Kapelle erinnerte an den Frieden, der nach der Schlacht der Hvarer mit den Adligen in den Jahren 1610\/1611 stattgefunden hatte Die Tafel ist heute im Lapidarium sv. Marka aufbewahrt.<\/p><\/div><\/div><div class='clear_column'><\/div><div class='content-column one_half'><div style=\"padding-right:6px;\"><p>Natpis:<\/p>\n<p style=\"text-align: center;\">KRISTU SINU I MARIJI MAJCI<br \/>\nZAKLJU\u010cKOM I TRO\u0160KOM KOMUNE<br \/>\nSVETI\u0160TE OVO UZNAK SAVEZA<br \/>\nVJE\u010cNOG MIRA PIETRO SEMITECOLO<br \/>\nKNEZ PODI\u017dE I POSVE\u0106UJE<br \/>\nGODINE GOSPODNJE 1611, 9. SRPNJA.<\/p><\/div><\/div><div class='content-column one_half last_column'><div style=\"padding-right:0px;padding-left:6px;\"><p>Inschrift:<\/p>\n<p style=\"text-align: center;\">Christus Sohn und Mutter Maria<br \/>\nmit Abschluss der Kosten heiligt die<br \/>\nKommune diesen Bund des ewigen<br \/>\nFriedens. Von F\u00fcrst Pietro Semitecolo<br \/>\nerstellt und geweiht<br \/>\nim Jahr des Herrn 1611, am 9. Juli.<\/p><\/div><\/div><div class='clear_column'><\/div><\/p>\n<hr \/>\n<div class='content-column one_half'><div style=\"padding-right:6px;\"><p>Pragovi kapelice sada su u prednjem vrtu hotela Pala\u010da.<\/p><\/div><\/div><div class='content-column one_half last_column'><div style=\"padding-right:0px;padding-left:6px;\"><p>Die Schwellen zur Kapelle befinden sich heute im Vorgarten zum Hotel Pala\u010da.<\/p><\/div><\/div><div class='clear_column'><\/div><\/p>\n<p style=\"text-align: right;\"><span style=\"color: #3366ff;\"><a style=\"color: #3366ff;\" href=\"#seite_oben\">natrag na vrh \/ Seitenanfang<\/a><\/span><\/p>\n<hr \/>\n<p><strong>Linkovi \/ Links<\/strong><\/p>\n<p><span style=\"color: #3366ff;\"><a style=\"color: #3366ff;\" href=\"https:\/\/www.topohvar.at\/topo\/orte\/hv\/hv-in-19-1\/\">Natpis \u00bbPrag ispred hotela Pala\u010de\u00ab \/ Schwelle vor dem Hotel Pala\u010da<\/a><br \/>\n<a style=\"color: #3366ff;\" href=\"https:\/\/www.topohvar.at\/topo\/orte\/hv\/hv-in-16-1\/\">Natpis \u00bbNa nadvratniku biv\u0161e kapele\u00ab\u00a0\/ Inschrift am T\u00fcrsturz der ehemaligen Kapelle<\/a><br \/>\n<a style=\"color: #3366ff;\" href=\"https:\/\/www.topohvar.at\/orte\/hv\/hv-ci-07-1\/\">Biv\u0161a crkva \u00bbSv. Marka\u00ab \/ ehemalige Markuskirche<\/a><br \/>\n<a style=\"color: #3366ff;\" href=\"https:\/\/www.topohvar.at\/orte\/hv\/hv-is-23-1\/\">Spomen plo\u010da \/ Gedenktafel \u00bbVicko Priboevi\u0107\u00ab<\/a><br \/>\n<\/span><span style=\"color: #3366ff;\"><a style=\"color: #3366ff;\" href=\"https:\/\/www.topohvar.at\/orte\/hv\/hv-ig-51-1\/\">Grb \u201eObitelj Bartu\u010devi\u0107a &#8211; loza Hortenzija Bartu\u010devi\u0107a\u201c \/ Wappen der Familie\u00a0Bartu\u010devi\u0107 &#8211; Geschlecht Hortenzija Bartu\u010devi\u0107a<\/a><\/span><br \/>\n<span style=\"color: #3366ff;\"><a style=\"color: #3366ff;\" href=\"https:\/\/www.topohvar.at\/orte\/hv\/hv-ir-16-1\/\">Reljef \u00bbLav na ju\u017enoj strani crkve sv. Marka\u00ab \/ Relief &#8211; L\u00f6we an der S\u00fcdseite der Markuskirche<\/a><br \/>\n<a style=\"color: #3366ff;\" href=\"https:\/\/www.topohvar.at\/orte\/hv\/hv-tg-10-1\/\">Zgrada \u00bbBiv\u0161i Kne\u017eev dvor (danas Hotel Pala\u010da)\u00ab \/ Geb\u00e4ude &#8211; ehemaliger Pr\u00e4torenpalast (Palasthotel)<\/a><br \/>\n<\/span><\/p>\n","protected":false},"excerpt":{"rendered":"<p>Ime \/ Name Spomen plo\u010da \u00bbna miru 1610\/1611\u00ab \/ Gedenktafel an den Frieden 1610\/1611 Code: HV-IS-44\u00a0 \u00a0 \u00a0 \u00a0 \u00a0 \u00a0 \u00a0 \u00a0 \u00a0 \u00a0 \u00a0 \u00a0 \u00a0 \u00a0 \u00a0 \u00a0 \u00a0 \u00a0\u00a0\u00a0 \u00a0 Adresa \/ Adresse Grad Hvar,\u00a0Ulica Sveti &hellip; <a href=\"https:\/\/www.topohvar.at\/topo\/orte\/hv\/hv-is-44-1\/\">Weiterlesen <span class=\"meta-nav\">&rarr;<\/span><\/a><\/p>\n","protected":false},"author":1,"featured_media":0,"parent":80,"menu_order":0,"comment_status":"closed","ping_status":"closed","template":"","meta":{"footnotes":""},"class_list":["post-17542","page","type-page","status-publish","hentry"],"_links":{"self":[{"href":"https:\/\/www.topohvar.at\/topo\/wp-json\/wp\/v2\/pages\/17542","targetHints":{"allow":["GET"]}}],"collection":[{"href":"https:\/\/www.topohvar.at\/topo\/wp-json\/wp\/v2\/pages"}],"about":[{"href":"https:\/\/www.topohvar.at\/topo\/wp-json\/wp\/v2\/types\/page"}],"author":[{"embeddable":true,"href":"https:\/\/www.topohvar.at\/topo\/wp-json\/wp\/v2\/users\/1"}],"replies":[{"embeddable":true,"href":"https:\/\/www.topohvar.at\/topo\/wp-json\/wp\/v2\/comments?post=17542"}],"version-history":[{"count":15,"href":"https:\/\/www.topohvar.at\/topo\/wp-json\/wp\/v2\/pages\/17542\/revisions"}],"predecessor-version":[{"id":61867,"href":"https:\/\/www.topohvar.at\/topo\/wp-json\/wp\/v2\/pages\/17542\/revisions\/61867"}],"up":[{"embeddable":true,"href":"https:\/\/www.topohvar.at\/topo\/wp-json\/wp\/v2\/pages\/80"}],"wp:attachment":[{"href":"https:\/\/www.topohvar.at\/topo\/wp-json\/wp\/v2\/media?parent=17542"}],"curies":[{"name":"wp","href":"https:\/\/api.w.org\/{rel}","templated":true}]}}

HVAR &#8211; Spomen ploča »na miru 1610/1611«

<p><a name="seite_oben"></a><br />
<img loading="lazy" decoding="async" class="alignnone wp-image-387 size-full" src="https://www.topohvar.at/wp-content/uploads/2018/07/00-00-00-1.jpg" alt="" width="114" height="56" /></p>
<p><strong>Ime / Name<br />
</strong>Spomen ploča »na miru 1610/1611« / Gedenktafel an den Frieden 1610/1611</p>
<p><strong>Code: </strong>HV-IS-44                                    <a href="https://www.topohvar.at/hv-ip-08-1/"><img loading="lazy" decoding="async" class="alignnone wp-image-12300 size-full" src="https://www.topohvar.at/wp-content/uploads/2018/09/push-vor-30.jpg" alt="" width="61" height="30" /></a> <strong><a href="https://www.topohvar.at/orte/hv/hv-is-16-1/"><img loading="lazy" decoding="async" class="alignnone wp-image-533 size-full" src="https://www.topohvar.at/wp-content/uploads/2018/07/push-l-30.jpg" alt="" width="61" height="30" /></a> <a href="https://www.topohvar.at/orte/hv/"><img loading="lazy" decoding="async" class="alignnone wp-image-535 size-full" src="https://www.topohvar.at/wp-content/uploads/2018/07/push-o-30.jpg" alt="" width="61" height="30" /></a> <a href="https://www.topohvar.at/orte/hv/hv-is-23-1/"><img loading="lazy" decoding="async" class="alignnone wp-image-536 size-full" src="https://www.topohvar.at/wp-content/uploads/2018/07/push-r-30.jpg" alt="" width="61" height="30" /></a> <a href="https://www.topohvar.at/hv-ip-08-1/"><img loading="lazy" decoding="async" class="alignnone wp-image-12299 size-full" src="https://www.topohvar.at/wp-content/uploads/2018/09/push-next-30.jpg" alt="" width="61" height="30" /></a></strong></p>
<hr />
<p><strong>Adresa / Adresse<br />
</strong>Grad Hvar, Ulica Sveti Marak 16, crkva sv. Marka</p>
<p><strong>Lokacija</strong><strong> / Position<a href="https://goo.gl/maps/nCT1ZmYpLmKBb5mu6"><img loading="lazy" decoding="async" class="alignright wp-image-15701" src="https://www.topohvar.at/wp-content/uploads/2019/01/1456.jpg" alt="" width="134" height="100" /></a><br />
</strong><span style="color: #3366ff;"><a style="color: #3366ff;" href="https://goo.gl/maps/nCT1ZmYpLmKBb5mu6">Latitude: N 43,17295°   Longitude: E 16,43960°</a> </span><strong><br />
</strong>Visina / Höhe: 14 m</p>
<p><strong>Katastarska čestica</strong><strong> / Grundstücke<br />
</strong>*15<div class='content-column one_half'><div style="padding-right:6px;"><p><strong>Datum snimanja / Erfassungsdatum<br />
</strong>20.02.2015 10:03:04</p>
<hr />
<p><strong>Informacije</strong></p>
<p>U Kneževu dvoru bio je i kapela. Spomen pločica u ovoj kapeli podsjetila je na mir koji se dogodio nakon bitke građana Hvara s plemićem u godinama 1610/1611. Ploča je se danas čuva u lapidariju sv. Marka.</p></div></div><div class='content-column one_half last_column'><div style="padding-right:0px;padding-left:6px;"><p><strong>Stupanj zaštite</strong><strong> / Schutzstellung<br />
</strong>&#8211;</p>
<hr />
<p><strong>Info</strong></p>
<p>Im Rektorenpalast gab es eine Kapelle. Eine Gedenktafel in dieser Kapelle erinnerte an den Frieden, der nach der Schlacht der Hvarer mit den Adligen in den Jahren 1610/1611 stattgefunden hatte Die Tafel ist heute im Lapidarium sv. Marka aufbewahrt.</p></div></div><div class='clear_column'></div><div class='content-column one_half'><div style="padding-right:6px;"><p>Natpis:</p>
<p style="text-align: center;">KRISTU SINU I MARIJI MAJCI<br />
ZAKLJUČKOM I TROŠKOM KOMUNE<br />
SVETIŠTE OVO UZNAK SAVEZA<br />
VJEČNOG MIRA PIETRO SEMITECOLO<br />
KNEZ PODIŽE I POSVEĆUJE<br />
GODINE GOSPODNJE 1611, 9. SRPNJA.</p></div></div><div class='content-column one_half last_column'><div style="padding-right:0px;padding-left:6px;"><p>Inschrift:</p>
<p style="text-align: center;">Christus Sohn und Mutter Maria<br />
mit Abschluss der Kosten heiligt die<br />
Kommune diesen Bund des ewigen<br />
Friedens. Von Fürst Pietro Semitecolo<br />
erstellt und geweiht<br />
im Jahr des Herrn 1611, am 9. Juli.</p></div></div><div class='clear_column'></div></p>
<hr />
<div class='content-column one_half'><div style="padding-right:6px;"><p>Pragovi kapelice sada su u prednjem vrtu hotela Palača.</p></div></div><div class='content-column one_half last_column'><div style="padding-right:0px;padding-left:6px;"><p>Die Schwellen zur Kapelle befinden sich heute im Vorgarten zum Hotel Palača.</p></div></div><div class='clear_column'></div></p>
<p style="text-align: right;"><span style="color: #3366ff;"><a style="color: #3366ff;" href="#seite_oben">natrag na vrh / Seitenanfang</a></span></p>
<hr />
<p><strong>Linkovi / Links</strong></p>
<p><span style="color: #3366ff;"><a style="color: #3366ff;" href="https://www.topohvar.at/topo/orte/hv/hv-in-19-1/">Natpis »Prag ispred hotela Palače« / Schwelle vor dem Hotel Palača</a><br />
<a style="color: #3366ff;" href="https://www.topohvar.at/topo/orte/hv/hv-in-16-1/">Natpis »Na nadvratniku bivše kapele« / Inschrift am Türsturz der ehemaligen Kapelle</a><br />
<a style="color: #3366ff;" href="https://www.topohvar.at/orte/hv/hv-ci-07-1/">Bivša crkva »Sv. Marka« / ehemalige Markuskirche</a><br />
<a style="color: #3366ff;" href="https://www.topohvar.at/orte/hv/hv-is-23-1/">Spomen ploča / Gedenktafel »Vicko Priboević«</a><br />
</span><span style="color: #3366ff;"><a style="color: #3366ff;" href="https://www.topohvar.at/orte/hv/hv-ig-51-1/">Grb „Obitelj Bartučevića &#8211; loza Hortenzija Bartučevića“ / Wappen der Familie Bartučević &#8211; Geschlecht Hortenzija Bartučevića</a></span><br />
<span style="color: #3366ff;"><a style="color: #3366ff;" href="https://www.topohvar.at/orte/hv/hv-ir-16-1/">Reljef »Lav na južnoj strani crkve sv. Marka« / Relief &#8211; Löwe an der Südseite der Markuskirche</a><br />
<a style="color: #3366ff;" href="https://www.topohvar.at/orte/hv/hv-tg-10-1/">Zgrada »Bivši Knežev dvor (danas Hotel Palača)« / Gebäude &#8211; ehemaliger Prätorenpalast (Palasthotel)</a><br />
</span></p>

<p>Ime / Name Spomen ploča »na miru 1610/1611« / Gedenktafel an den Frieden 1610/1611 Code: HV-IS-44                                        Adresa / Adresse Grad Hvar, Ulica Sveti &hellip; <a href="https://www.topohvar.at/topo/orte/hv/hv-is-44-1/">Weiterlesen <span class="meta-nav">&rarr;</span></a></p>
