{"id":1900,"date":"2018-07-31T17:44:31","date_gmt":"2018-07-31T15:44:31","guid":{"rendered":"https:\/\/www.topohvar.at\/?page_id=1900"},"modified":"2022-01-17T06:43:04","modified_gmt":"2022-01-17T05:43:04","slug":"do-ob-01-2","status":"publish","type":"page","link":"https:\/\/www.topohvar.at\/topo\/orte\/do\/do-ob-01-2\/","title":{"rendered":"DOL &#8211; Objekt \u00bbBrana (Pumpurela 1)\u00ab"},"content":{"rendered":"<p><img loading=\"lazy\" decoding=\"async\" class=\"alignnone wp-image-1889 size-large\" src=\"https:\/\/www.topohvar.at\/wp-content\/uploads\/2018\/07\/DO-OB-01-1-1024x503.jpg\" alt=\"\" width=\"640\" height=\"314\" srcset=\"https:\/\/www.topohvar.at\/wp-content\/uploads\/2018\/07\/DO-OB-01-1-1024x503.jpg 1024w, https:\/\/www.topohvar.at\/wp-content\/uploads\/2018\/07\/DO-OB-01-1-300x147.jpg 300w, https:\/\/www.topohvar.at\/wp-content\/uploads\/2018\/07\/DO-OB-01-1-768x377.jpg 768w\" sizes=\"auto, (max-width: 640px) 100vw, 640px\" \/><\/p>\n<p><strong>Ime \/ Name<br \/>\n<\/strong>Objekt \u00bbBrana (Pumpurela 1)\u00ab \/ Wehranlage (1)<\/p>\n<p><strong>Code: <\/strong>DO-OB-01\u00a0 \u00a0 \u00a0 \u00a0 \u00a0 \u00a0 \u00a0 \u00a0 \u00a0 \u00a0 \u00a0 \u00a0 \u00a0 \u00a0 \u00a0 \u00a0 \u00a0 \u00a0\u00a0<strong><a href=\"https:\/\/www.topohvar.at\/orte\/do\/do-og-01-2\/\"><img loading=\"lazy\" decoding=\"async\" class=\"alignnone wp-image-12300 size-full\" src=\"https:\/\/www.topohvar.at\/wp-content\/uploads\/2018\/09\/push-vor-30.jpg\" alt=\"\" width=\"61\" height=\"30\" \/><\/a>\u00a0<a href=\"https:\/\/www.topohvar.at\/orte\/do\/do-pu-03-1\/\"><img loading=\"lazy\" decoding=\"async\" class=\"alignnone wp-image-533 size-full\" src=\"https:\/\/www.topohvar.at\/wp-content\/uploads\/2018\/07\/push-l-30.jpg\" alt=\"\" width=\"61\" height=\"30\" \/><\/a> <a href=\"https:\/\/www.topohvar.at\/orte\/do\/\"><img loading=\"lazy\" decoding=\"async\" class=\"alignnone wp-image-535 size-full\" src=\"https:\/\/www.topohvar.at\/wp-content\/uploads\/2018\/07\/push-o-30.jpg\" alt=\"\" width=\"61\" height=\"30\" \/><\/a> <a href=\"https:\/\/www.topohvar.at\/orte\/do\/do-ob-02-2\/\"><img loading=\"lazy\" decoding=\"async\" class=\"alignnone wp-image-536 size-full\" src=\"https:\/\/www.topohvar.at\/wp-content\/uploads\/2018\/07\/push-r-30.jpg\" alt=\"\" width=\"61\" height=\"30\" \/><\/a>\u00a0<a href=\"https:\/\/www.topohvar.at\/orte\/do\/do-on-01-1\/\"><img loading=\"lazy\" decoding=\"async\" class=\"alignnone wp-image-12299 size-full\" src=\"https:\/\/www.topohvar.at\/wp-content\/uploads\/2018\/09\/push-next-30.jpg\" alt=\"\" width=\"61\" height=\"30\" \/><\/a><\/strong><\/p>\n<hr \/>\n<p><strong>Adresa \/ Adresse<br \/>\n<\/strong>Dol &#8211; Sv. Ana, Kru\u0161vica<\/p>\n<p><strong>Lokalna polo\u017eaj \/ Position<a href=\"https:\/\/goo.gl\/maps\/xtXZUbPPc2kFnEi49\"><img loading=\"lazy\" decoding=\"async\" class=\"alignright wp-image-1922\" src=\"https:\/\/www.topohvar.at\/wp-content\/uploads\/2018\/07\/0087.jpg\" alt=\"\" width=\"134\" height=\"100\" \/><\/a><br \/>\n<\/strong><span style=\"color: #3366ff;\"><a style=\"color: #3366ff;\" href=\"https:\/\/goo.gl\/maps\/xtXZUbPPc2kFnEi49\">Latitude: N 43,16470\u00b0\u00a0 \u00a0Longitude: E 16,62503\u00b0<\/a> <\/span><strong><br \/>\n<\/strong>Visina \/ H\u00f6he: 103 m<\/p>\n<p><strong>Zemlji\u0161te \/ Grundst\u00fccke<br \/>\n<\/strong>2822, 3317\/3<div class='content-column one_half'><div style=\"padding-right:6px;\"><p><strong>Datum snimanja \/ Erfassungsdatum<br \/>\n<\/strong>12.05.2015 08:45:57<\/p>\n<hr \/>\n<p><strong>Informacije<\/strong><\/p>\n<p>Jedna od 2 austro-ugarskih brana (pumpurela) u Kru\u0161vici.<\/p><\/div><\/div><div class='content-column one_half last_column'><div style=\"padding-right:0px;padding-left:6px;\"><p><strong>Za\u0161titni polo\u017eaj \/ Schutzstellung<br \/>\n<\/strong>&#8211;<\/p>\n<hr \/>\n<p><strong>Info<\/strong><\/p>\n<p>Einer der 2 \u00f6sterreichisch-ungarischen Staud\u00e4mme (Pumpurela) in Kru\u0161vica.<\/p><\/div><\/div><div class='clear_column'><\/div><div class='content-column one_half'><div style=\"padding-right:6px;\"><p>Desnai pritok Vira, u podru\u010dju Jorina nizvodnije od Ostoji\u0107a mlina, je vododerina Kru\u0161vica koja odvodnjava \u010ditavo podru\u010dje od glavice Sv. Nikole te dijela dolskih i svir\u010danskih vrhova. Vjerojatno je potok nekada bio puno bogatiji vodom, jer na brdima nije bilo toliko vegetacije. U doba Austro-Ugarske zasa\u0111en je velik broj borova.<\/p><\/div><\/div><div class='content-column one_half last_column'><div style=\"padding-right:0px;padding-left:6px;\"><p>Der rechte Nebenfluss der Vir im Gebiet von Jorin stromabw\u00e4rts der Ostoji\u0107-M\u00fchle ist der Kru\u0161vica-Wasserlauf, der das gesamte Gebiet des Bergs Sv. Nikola sowie Teile der H\u00f6henz\u00fcge von Dol und Svir\u010de entw\u00e4ssert. Es ist wahrscheinlich, dass der Bach fr\u00fcher viel wasserreicher war, da es auf den H\u00fcgeln nicht so viel Vegetation gab. W\u00e4hrend der Zeit \u00f6sterreich-ungarischen Epoche wurden sehr viele Kiefern gepflanzt.<\/p><\/div><\/div><div class='clear_column'><\/div><div class='content-column one_half'><div style=\"padding-right:6px;\"><p>U tom zlatnom dobu, krajem XIX.st. i po\u010detkom XX. st. grade se u Kru\u0161vici pumpurele kojima je svrha bila obuzdavanje naglog vala oborinskih voda i time spre\u010davanje uni\u0161tavanja plodnog dolca u strani Sv. Ane.<\/p><\/div><\/div><div class='content-column one_half last_column'><div style=\"padding-right:0px;padding-left:6px;\"><p>Im goldenen Zeitalter, am Ende des 19. Jh. und zu Beginn des 20. Jh. wurden die Wehren in Kru\u0161vica entworfen, um pl\u00f6tzliche Regenwasserwellen zur\u00fcckzuhalten und dadurch die Zerst\u00f6rung des fruchtbaren Bodens der Siedlung Sv. Ana hintanzuhalten.<\/p><\/div><\/div><div class='clear_column'><\/div><div class='content-column one_half'><div style=\"padding-right:6px;\"><p>Pumpurele su zapravo dvije brane gra\u0111ene od klesanog kamena. Istih su dimenzija \u2013 \u0161irine 1m, du\u017eine 25 m, a visine oko 15 m. Polukru\u017enog su oblika, a imaju i otvore u dnu po sredini dimenzija 80 x 60 cm, kroz koje je voda mogla slobodno otjecati. Udaljenost izme\u0111u dvije brane je oko 200 m.<\/p><\/div><\/div><div class='content-column one_half last_column'><div style=\"padding-right:0px;padding-left:6px;\"><p>Die Staueinrichtung besteht aus zwei D\u00e4mmen aus behauenem Stein. Sie haben die gleichen Abmessungen &#8211; Breite 1m, L\u00e4nge 25 m und H\u00f6he ca. 15 m. Sie sind bogenf\u00f6rmig angeordnet und haben \u00d6ffnungen in der Bodenmitte von 80 x 60 cm, durch die das Wasser frei entweichen kann. Die Entfernung zwischen den beiden D\u00e4mmen betr\u00e4gt ca. 200 m.<\/p><\/div><\/div><div class='clear_column'><\/div><\/p>\n<hr \/>\n<p><strong>Linkovi \/ Links<\/strong><\/p>\n<p><span style=\"color: #3366ff;\"><a style=\"color: #3366ff;\" href=\"https:\/\/www.topohvar.at\/topo\/orte\/do\/do-ob-02-2\/\">Objekt \u00bbBrana (Pumpurela 2)\u00ab \/ Wehranlage (2)<\/a><\/span><\/p>\n","protected":false},"excerpt":{"rendered":"<p>Ime \/ Name Objekt \u00bbBrana (Pumpurela 1)\u00ab \/ Wehranlage (1) Code: DO-OB-01\u00a0 \u00a0 \u00a0 \u00a0 \u00a0 \u00a0 \u00a0 \u00a0 \u00a0 \u00a0 \u00a0 \u00a0 \u00a0 \u00a0 \u00a0 \u00a0 \u00a0 \u00a0\u00a0\u00a0 \u00a0 Adresa \/ Adresse Dol &#8211; Sv. Ana, Kru\u0161vica Lokalna polo\u017eaj &hellip; <a href=\"https:\/\/www.topohvar.at\/topo\/orte\/do\/do-ob-01-2\/\">Weiterlesen <span class=\"meta-nav\">&rarr;<\/span><\/a><\/p>\n","protected":false},"author":1,"featured_media":0,"parent":68,"menu_order":0,"comment_status":"closed","ping_status":"closed","template":"","meta":{"footnotes":""},"class_list":["post-1900","page","type-page","status-publish","hentry"],"_links":{"self":[{"href":"https:\/\/www.topohvar.at\/topo\/wp-json\/wp\/v2\/pages\/1900","targetHints":{"allow":["GET"]}}],"collection":[{"href":"https:\/\/www.topohvar.at\/topo\/wp-json\/wp\/v2\/pages"}],"about":[{"href":"https:\/\/www.topohvar.at\/topo\/wp-json\/wp\/v2\/types\/page"}],"author":[{"embeddable":true,"href":"https:\/\/www.topohvar.at\/topo\/wp-json\/wp\/v2\/users\/1"}],"replies":[{"embeddable":true,"href":"https:\/\/www.topohvar.at\/topo\/wp-json\/wp\/v2\/comments?post=1900"}],"version-history":[{"count":14,"href":"https:\/\/www.topohvar.at\/topo\/wp-json\/wp\/v2\/pages\/1900\/revisions"}],"predecessor-version":[{"id":56080,"href":"https:\/\/www.topohvar.at\/topo\/wp-json\/wp\/v2\/pages\/1900\/revisions\/56080"}],"up":[{"embeddable":true,"href":"https:\/\/www.topohvar.at\/topo\/wp-json\/wp\/v2\/pages\/68"}],"wp:attachment":[{"href":"https:\/\/www.topohvar.at\/topo\/wp-json\/wp\/v2\/media?parent=1900"}],"curies":[{"name":"wp","href":"https:\/\/api.w.org\/{rel}","templated":true}]}}