{"id":19376,"date":"2019-01-27T07:10:36","date_gmt":"2019-01-27T06:10:36","guid":{"rendered":"https:\/\/www.topohvar.at\/?page_id=19376"},"modified":"2024-12-14T18:38:24","modified_gmt":"2024-12-14T17:38:24","slug":"hv-pv-01-1","status":"publish","type":"page","link":"https:\/\/www.topohvar.at\/topo\/orte\/hv\/hv-pv-01-1\/","title":{"rendered":"HVAR &#8211; Povodni arheolo\u0161ki lokalitet \u00bbanti\u010dki brodolom (1)\u00ab"},"content":{"rendered":"<p style=\"text-align: center;\"><img loading=\"lazy\" decoding=\"async\" class=\"aligncenter wp-image-31384 size-full\" src=\"https:\/\/www.topohvar.at\/wp-content\/uploads\/2020\/02\/hv-pv-01-1.jpg\" alt=\"\" width=\"640\" height=\"315\" \/><em>(foto iz arhiva KO Split)<\/em><\/p>\n<p><strong>Ime \/ Name<br \/>\n<\/strong>Povodni arheolo\u0161ki lokalitet \u00bbanti\u010dki brodolom (1)\u00ab \/ Arch\u00e4ologische St\u00e4tte &#8211; antikes Schiffswrack (1)<\/p>\n<p><strong>Code: <\/strong>HV-PV-01\u00a0 \u00a0 \u00a0 \u00a0 \u00a0 \u00a0 \u00a0 \u00a0 \u00a0 \u00a0 \u00a0 \u00a0 \u00a0 \u00a0 \u00a0 \u00a0 \u00a0 \u00a0 \u00a0<strong><a href=\"https:\/\/www.topohvar.at\/orte\/hv\/hv-po-03-1\/\"><img loading=\"lazy\" decoding=\"async\" class=\"alignnone wp-image-533 size-full\" src=\"https:\/\/www.topohvar.at\/wp-content\/uploads\/2018\/07\/push-l-30.jpg\" alt=\"\" width=\"61\" height=\"30\" \/><\/a> <a href=\"https:\/\/www.topohvar.at\/orte\/hv\/\"><img loading=\"lazy\" decoding=\"async\" class=\"alignnone wp-image-535 size-full\" src=\"https:\/\/www.topohvar.at\/wp-content\/uploads\/2018\/07\/push-o-30.jpg\" alt=\"\" width=\"61\" height=\"30\" \/><\/a> <a href=\"https:\/\/www.topohvar.at\/orte\/hv\/hv-pv-02-1\/\"><img loading=\"lazy\" decoding=\"async\" class=\"alignnone wp-image-536 size-full\" src=\"https:\/\/www.topohvar.at\/wp-content\/uploads\/2018\/07\/push-r-30.jpg\" alt=\"\" width=\"61\" height=\"30\" \/><\/a>\u00a0<\/strong><\/p>\n<hr \/>\n<p><strong>Adresa \/ Adresse<br \/>\n<\/strong>Hvar, Petrov Bok<\/p>\n<p><strong>Lokalna polo\u017eaj \/ Position<a href=\"https:\/\/maps.app.goo.gl\/6k7b53tgUcDAiGJd9\"><img loading=\"lazy\" decoding=\"async\" class=\"alignright wp-image-19379\" src=\"https:\/\/www.topohvar.at\/wp-content\/uploads\/2019\/01\/1289.jpg\" alt=\"\" width=\"134\" height=\"100\" \/><\/a><br \/>\n<\/strong><a href=\"https:\/\/maps.app.goo.gl\/6k7b53tgUcDAiGJd9\"><span style=\"color: #3366ff;\">Latitude: N 43,18422\u00b0\u00a0 \u00a0Longitude: E 16,39674\u00b0 <\/span><\/a><strong><br \/>\n<\/strong>Visina \/ H\u00f6he: -0 m<\/p>\n<p><strong>Zemlji\u0161te \/ Grundst\u00fccke<br \/>\n<\/strong>&#8211;<div class='content-column one_half'><div style=\"padding-right:6px;\"><p><strong>Datum snimanja \/ Erfassungsdatum<br \/>\n<\/strong>01.01.2000 00:00:00<\/p>\n<hr \/>\n<p><strong>Informacije<\/strong><\/p>\n<p>Prema jugoisto\u010dnom rtu uvale Petrov Bok nalaze se ostaci anti\u010dkog brodoloma. Po povr\u0161ini su razbacani ostaci ulomaka amfora. U pijesku pod sipinom naziru se i cijele amfore. Lokalitet je istra\u017eivan i dio arheolo\u0161kog materijala je izva\u0111en, ali lokacija nije do kraja istra\u017eena.<\/p><\/div><\/div><div class='content-column one_half last_column'><div style=\"padding-right:0px;padding-left:6px;\"><p><strong>Za\u0161titni polo\u017eaj \/ Schutzstellung<br \/>\n<\/strong>Z-0079<\/p>\n<hr \/>\n<p><strong>Info<\/strong><\/p>\n<p>In Richtung des s\u00fcd\u00f6stlichen Kaps der Petrov Bok Bucht befinden sich die \u00dcberreste eines alten Schiffswracks. Reste von Amphorenfragmenten sind auf der Oberfl\u00e4che verstreut. Im Sand unter den D\u00fcnen sind auch ganze Amphoren zu sehen. Die St\u00e4tte wurde untersucht und arch\u00e4ologisches Material entnommen, aber die Fundstelle wurde nicht vollst\u00e4ndig erforscht.<\/p><\/div><\/div><div class='clear_column'><\/div><div class='content-column one_half'><div style=\"padding-right:6px;\"><p>Dio tereta je jo\u0161 pod pijeskom, a tu su i dobro o\u010duvani drveni ostaci brodske konstrukcije. Amfore pripadaju sjevernoafri\u010dkim cilindri\u010dnim tipovima (Keay XXV), te nekoliko ina\u010dica narebrenih kasnoanti\u010dkih ovalnih amfora tipa Riley ER 1. Brodolom se datira u 4 st.<\/p><\/div><\/div><div class='content-column one_half last_column'><div style=\"padding-right:0px;padding-left:6px;\"><p>Ein Teil der Ladung befindet sich noch unter dem Sand. Es gibt gut erhaltene Holzreste der Schiffsstruktur. Die Amphoren geh\u00f6ren zu den nordafrikanischen Zylindertypen (Keay XXV) und zu mehreren Varianten der geriffelten sp\u00e4tantiken ovalen Amphoren des Typs Riley ER 1. Das Schiffswrack stammt aus dem 4. Jahrhundert nach Christus.<\/p><\/div><\/div><div class='clear_column'><\/div><\/p>\n<hr \/>\n<p><strong>Linkovi \/ Links<\/strong><\/p>\n<p><span style=\"color: #3366ff;\">&#8211;<\/span><\/p>\n","protected":false},"excerpt":{"rendered":"<p>(foto iz arhiva KO Split) Ime \/ Name Povodni arheolo\u0161ki lokalitet \u00bbanti\u010dki brodolom (1)\u00ab \/ Arch\u00e4ologische St\u00e4tte &#8211; antikes Schiffswrack (1) Code: HV-PV-01\u00a0 \u00a0 \u00a0 \u00a0 \u00a0 \u00a0 \u00a0 \u00a0 \u00a0 \u00a0 \u00a0 \u00a0 \u00a0 \u00a0 \u00a0 \u00a0 \u00a0 \u00a0 &hellip; <a href=\"https:\/\/www.topohvar.at\/topo\/orte\/hv\/hv-pv-01-1\/\">Weiterlesen <span class=\"meta-nav\">&rarr;<\/span><\/a><\/p>\n","protected":false},"author":1,"featured_media":0,"parent":80,"menu_order":0,"comment_status":"closed","ping_status":"closed","template":"","meta":{"footnotes":""},"class_list":["post-19376","page","type-page","status-publish","hentry"],"_links":{"self":[{"href":"https:\/\/www.topohvar.at\/topo\/wp-json\/wp\/v2\/pages\/19376","targetHints":{"allow":["GET"]}}],"collection":[{"href":"https:\/\/www.topohvar.at\/topo\/wp-json\/wp\/v2\/pages"}],"about":[{"href":"https:\/\/www.topohvar.at\/topo\/wp-json\/wp\/v2\/types\/page"}],"author":[{"embeddable":true,"href":"https:\/\/www.topohvar.at\/topo\/wp-json\/wp\/v2\/users\/1"}],"replies":[{"embeddable":true,"href":"https:\/\/www.topohvar.at\/topo\/wp-json\/wp\/v2\/comments?post=19376"}],"version-history":[{"count":16,"href":"https:\/\/www.topohvar.at\/topo\/wp-json\/wp\/v2\/pages\/19376\/revisions"}],"predecessor-version":[{"id":70703,"href":"https:\/\/www.topohvar.at\/topo\/wp-json\/wp\/v2\/pages\/19376\/revisions\/70703"}],"up":[{"embeddable":true,"href":"https:\/\/www.topohvar.at\/topo\/wp-json\/wp\/v2\/pages\/80"}],"wp:attachment":[{"href":"https:\/\/www.topohvar.at\/topo\/wp-json\/wp\/v2\/media?parent=19376"}],"curies":[{"name":"wp","href":"https:\/\/api.w.org\/{rel}","templated":true}]}}