{"id":19807,"date":"2019-02-02T11:49:34","date_gmt":"2019-02-02T10:49:34","guid":{"rendered":"https:\/\/www.topohvar.at\/?page_id=19807"},"modified":"2026-03-12T17:21:51","modified_gmt":"2026-03-12T16:21:51","slug":"trim-allgemeines","status":"publish","type":"page","link":"https:\/\/www.topohvar.at\/topo\/trim\/trim-allgemeines\/","title":{"rendered":"Uvod \/ Einleitung"},"content":{"rendered":"<p><a name=\"seite_oben\"><\/a><\/p>\n<hr \/>\n<div class='content-column one_half'><div style=\"padding-right:6px;\"><p>Mediteranska obalna krajina sna\u017eno je oblikovana svojom geolo\u0161kom strukturom, posebno vapnencem, kao i vrstom ekonomskih aktivnosti koje su se kroz stolje\u0107a provodile, a koja se odra\u017eava u \u201esuhozidima\u201c. Suhozid ozna\u010dava zidove gra\u0111ene od neobra\u0111enog kamena bez ikakvih vezivnih materijala. Ova epoha je iza nas, a danas mo\u017eemo diviti se impresivnim postignu\u0107ima na\u0161ih predaka kada se ova gra\u0111evina ponovo otkrije nakon \u0161umskog po\u017eara, \u010desto na nekada obra\u0111ivanim povr\u0161inama koje je priroda ve\u0107 povratila.<\/p><\/div><\/div><div class='content-column one_half last_column'><div style=\"padding-right:0px;padding-left:6px;\"><p>Die mediterrane K\u00fcstenlandschaft ist stark von ihrer geologischen Struktur gepr\u00e4gt, insbesondere vom Kalkstein, sowie von den Wirtschaftsformen, die \u00fcber Jahrhunderte hinweg ausge\u00fcbt wurden und sich in den \u201eTrockenmauern\u201c widerspiegeln. Eine Trockenmauer bezeichnet Mauern aus unbearbeitetem Stein, die ohne jegliche Bindemittel errichtet wurden. Diese Epoche liegt hinter uns, und heute k\u00f6nnen wir die beeindruckenden Leistungen unserer Vorfahren bewundern, wenn solche Bauwerke nach einem Waldbrand wieder sichtbar werden \u2013 oft auf einst bewirtschafteten Fl\u00e4chen, die sich die Natur inzwischen zur\u00fcckerobert hat.<\/p><\/div><\/div><div class='clear_column'><\/div><\/p>\n<div id=\"attachment_69516\" style=\"width: 650px\" class=\"wp-caption alignnone\"><img loading=\"lazy\" decoding=\"async\" aria-describedby=\"caption-attachment-69516\" class=\"wp-image-69516 size-full\" src=\"https:\/\/www.topohvar.at\/wp-content\/uploads\/2024\/08\/su-vegetation.jpg\" alt=\"\" width=\"640\" height=\"640\" srcset=\"https:\/\/www.topohvar.at\/wp-content\/uploads\/2024\/08\/su-vegetation.jpg 640w, https:\/\/www.topohvar.at\/wp-content\/uploads\/2024\/08\/su-vegetation-300x300.jpg 300w, https:\/\/www.topohvar.at\/wp-content\/uploads\/2024\/08\/su-vegetation-150x150.jpg 150w\" sizes=\"auto, (max-width: 640px) 100vw, 640px\" \/><p id=\"caption-attachment-69516\" class=\"wp-caption-text\">Vinogradarske terase 1968. i danas (2023.) &#8211; zapadno od Su\u0107urja.<br \/>Weinbauterrassen 1968 und heute (2023) &#8211; westlich von Su\u0107uraj.<br \/><em>(Izvor:\/Quelle: Nki\u0161a Vujnovi\u0107)<\/em><\/p><\/div>\n<div class='content-column one_half'><div style=\"padding-right:6px;\"><p>Suhozidi, gomile, terase, lozi, konjadure, japjenice, trimi, sve je to gra\u0111eno istom tehnikom, golim rukama, tijekom duga vremena od tona i tona kamena. Ti ljudi morali su bit vridni, ponosni, s vjerom u vje\u010dnost ali i mnogo puta gladni. Kradu\u0107i od kamena svaki pedalj \u0161krte zemlje stvarali su umjetnost za vje\u010dnost.<\/p><\/div><\/div><div class='content-column one_half last_column'><div style=\"padding-right:0px;padding-left:6px;\"><p>Trockenmauern, Steinhaufen, Terrassen, Weinbergparzellen, Viehpferche, Kalk\u00f6fen und Trims \u2013 all das wurde mit derselben Technik errichtet, mit blo\u00dfen H\u00e4nden, \u00fcber lange Zeit hinweg und aus Tonnen von Stein. Diese Menschen mussten flei\u00dfig und stolz gewesen sein, mit einem Glauben an die Ewigkeit \u2013 und doch oft von Hunger geplagt. Indem sie dem Stein jeden Zoll kargen Bodens abtrotzten, schufen sie eine Kunst, die f\u00fcr die Ewigkeit bestimmt ist.<\/p><\/div><\/div><div class='clear_column'><\/div><div class='content-column one_half'><div style=\"padding-right:6px;\"><p>Me\u0111u tom arhitekturom posebno mjesto zauzimaju trimi &#8211; karakteristika otoka Hvara, ali i cijelog Sredozemlja. Iako postoje brojni nazivi za trime njihova funkcija svugdje je u slu\u017ebi te\u017eaka koji tra\u017ei uto\u010di\u0161te od vremenskih nepogoda.<\/p><\/div><\/div><div class='content-column one_half last_column'><div style=\"padding-right:0px;padding-left:6px;\"><p>Unter dieser Architektur nehmen die Trims einen besonderen Platz ein \u2013 sie sind charakteristisch f\u00fcr die Insel Hvar, aber auch f\u00fcr das gesamte Mittelmeer. Obwohl es zahlreiche Bezeichnungen f\u00fcr Trims gibt, dient ihre Funktion \u00fcberall demselben Zweck: dem Bauern Schutz vor Witterungseinfl\u00fcssen zu bieten.<\/p><\/div><\/div><div class='clear_column'><\/div><div class='content-column one_half'><div style=\"padding-right:6px;\"><p>Tako u Dalmaciji trimove zovu <em>bunje<\/em>, u Istri <em>ka\u017euni<\/em>, <em>komarda<\/em> u otoci Krk, <em>trullo<\/em> u Pugli (Italija), <em>pont<\/em> na Menorci (\u0160panjolska), <em>pagliaddiu<\/em> na Korsici (Francuska), <em>hi\u0161ka<\/em> u Sloveniji, <em>girna<\/em> na Malti. Iako njihovi vanjski izgled nije isti, \u010dak u ve\u0107ini slu\u010dajeva nije ni sli\u010dan, svih karakterizira gradnja u suho te samostoje\u0107a krovna konstrukcija.<\/p><\/div><\/div><div class='content-column one_half last_column'><div style=\"padding-right:0px;padding-left:6px;\"><p>So werden in Dalmatien die Trims <em>Bunjas<\/em> genannt, in Istrien <em>Ka\u017euns und<\/em>\u00a0auf der Insel Krk <em>Komarda.<\/em>\u00a0<em>Trulli<\/em> hei\u00dfen sie in Apulien (Italien), <em>Pont<\/em> in Menorca (Spanien), <em>Pagliaddiu<\/em> auf Korsika (Frankreich) <em>Hi\u0161ka<\/em> in Slowenien und <em>Girna<\/em> auf Malta. Obwohl ihr \u00e4u\u00dferes Erscheinungsbild nicht gleich, ja in den meisten F\u00e4llen nicht einmal \u00e4hnlich ist, zeichnen sie sich alle durch die Trockenbauweise und die freitragende Dachkonstruktion aus.<\/p><\/div><\/div><div class='clear_column'><\/div><div class='content-column one_half'><div style=\"padding-right:6px;\"><p><em>Ra\u0161ina<\/em> bunja u predjelu Okit kod Vodica je u Registru kulturnih dobara od 2008. godine, u isti mah sa <em>Starim stanom<\/em> sa \u017dirja i <em>\u0160upljom gromilom<\/em> iz Bilica kod \u0160ibenika.<\/p><\/div><\/div><div class='content-column one_half last_column'><div style=\"padding-right:0px;padding-left:6px;\"><p>Die Bunja <em>Ra\u0161ina<\/em> im Gebiet Okit bei Vodice steht seit 2008 im Register des Kulturerbes, gleichzeitig mit <em>Stari stan<\/em> aus \u017dirje und <em>\u0160uplja gromila<\/em> aus Bilice bei \u0160ibenik.<\/p><\/div><\/div><div class='clear_column'><\/div><div class='content-column one_half'><div style=\"padding-right:6px;\"><p>Na istoku otoka Hvara trime se tako\u0111er druga\u010dije nazivaju. Na primjer, u Zasra\u010di\u0161\u0107u <em>ku\u010der<\/em> i u Su\u0107urju i Selcima kod Bogomolja <em>torijun<\/em>.<\/p><\/div><\/div><div class='content-column one_half last_column'><div style=\"padding-right:0px;padding-left:6px;\"><p>Im Osten der Insel Hvar werden die Trims auch anders bezeichnet. Zum Beispiel <em>Ku\u010der <\/em>in Zasra\u010di\u0161\u0107e sowie <em>Torijun <\/em>in Su\u0107uraj und Selca bei Bogomolje.<\/p>\n<p style=\"text-align: left;\"><\/div><\/div><div class='clear_column'><\/div><div class='content-column one_half'><div style=\"padding-right:6px;\"><div id=\"attachment_19722\" style=\"width: 290px\" class=\"wp-caption aligncenter\"><img loading=\"lazy\" decoding=\"async\" aria-describedby=\"caption-attachment-19722\" class=\"wp-image-19722\" src=\"https:\/\/www.topohvar.at\/wp-content\/uploads\/2019\/02\/a-trim-hr.jpg\" alt=\"\" width=\"280\" height=\"278\" srcset=\"https:\/\/www.topohvar.at\/wp-content\/uploads\/2019\/02\/a-trim-hr.jpg 302w, https:\/\/www.topohvar.at\/wp-content\/uploads\/2019\/02\/a-trim-hr-150x150.jpg 150w, https:\/\/www.topohvar.at\/wp-content\/uploads\/2019\/02\/a-trim-hr-300x298.jpg 300w\" sizes=\"auto, (max-width: 280px) 100vw, 280px\" \/><p id=\"caption-attachment-19722\" class=\"wp-caption-text\">Trimi u Hrvatskoj \/ Trims in Kroatien<\/p><\/div><\/div><\/div><div class='content-column one_half last_column'><div style=\"padding-right:0px;padding-left:6px;\"><div id=\"attachment_19723\" style=\"width: 290px\" class=\"wp-caption aligncenter\"><img loading=\"lazy\" decoding=\"async\" aria-describedby=\"caption-attachment-19723\" class=\"wp-image-19723\" src=\"https:\/\/www.topohvar.at\/wp-content\/uploads\/2019\/02\/a-trim-02-1.jpg\" alt=\"\" width=\"280\" height=\"280\" srcset=\"https:\/\/www.topohvar.at\/wp-content\/uploads\/2019\/02\/a-trim-02-1.jpg 300w, https:\/\/www.topohvar.at\/wp-content\/uploads\/2019\/02\/a-trim-02-1-150x150.jpg 150w\" sizes=\"auto, (max-width: 280px) 100vw, 280px\" \/><p id=\"caption-attachment-19723\" class=\"wp-caption-text\">Veli trim Hora \/ Gro\u00dfer Trim im Starigrader Feld<\/p><\/div><\/div><\/div><div class='clear_column'><\/div><div class='content-column one_half'><div style=\"padding-right:6px;\"><p>Veli\u010dina trimova je razli\u010dita, ali rijetko prelazi promjer od 5 m. Uobi\u010dajeni unutarnji promjeri iznose 1,7 \u2013 2,7 m. Za trimove je karakteristi\u010dna pseudokupola, pri \u010demu se najve\u0107a visina gra\u0111evine obi\u010dno nalazi u sredi\u0161tu prostora i iznosi izme\u0111u 1,7 i 3 metra. Vanjski oblik trimova naj\u010de\u0161\u0107e je kru\u017ean. Nemaju prozore, ve\u0107 samo jedan ulaz, koji je tipi\u010dno visok oko 1 m. Unutra\u0161njost trima uglavnom je kru\u017enog oblika.<\/p><\/div><\/div><div class='content-column one_half last_column'><div style=\"padding-right:0px;padding-left:6px;\"><p>Die Gr\u00f6\u00dfe der Trims ist unterschiedlich, \u00fcberschreitet aber selten den Durchmesser von 5 m. Die \u00fcbliche Gr\u00f6\u00dfe der Innendurchmesser betr\u00e4gt 1,7 &#8211; 2,7 m. Charakteristisch f\u00fcr die Trims ist die Pseudokuppel, wobei in der Regel die gr\u00f6\u00dfte H\u00f6he des Trims in der Raummitte zwischen 1,7 und 3 Metern liegt. Die \u00e4u\u00dfere Form der Trims ist normalerweise kreisf\u00f6rmig. Sie haben keine Fenster, sondern nur einen Eingang, der typischerweise ca. 1 m hoch ist. Das Innere des Trims ist zumeist kreisf\u00f6rmig.<\/p><\/div><\/div><div class='clear_column'><\/div><div class='content-column one_half'><div style=\"padding-right:6px;\"><p>Otprilike kod jedne tre\u0107ine trimova nalaze se zidne ni\u0161e (ponare) \u2013 udubljenja u zidu koja su imala funkciju dana\u0161njih polica (oko 30 cm \u0161iroke, 30 cm visoke, pribli\u017eno 40 cm duboke i naj\u010de\u0161\u0107e smje\u0161tene 50 \u2013 80 cm iznad poda).<\/p><\/div><\/div><div class='content-column one_half last_column'><div style=\"padding-right:0px;padding-left:6px;\"><p>Etwa bei einem Drittel der Trims finden sich Wandnischen (<em>Ponare<\/em>), das sind Wandaussparungen die die Funktion heutiger Regale hatten (ca. 30 cm breit, 30 cm hoch, etwa 40 cm tief und in einer H\u00f6he von\u00a0 meist 50 &#8211; 80 cm \u00fcber dem Boden).<\/p><\/div><\/div><div class='clear_column'><\/div><div class='content-column one_half'><div style=\"padding-right:6px;\"><p>Postoje i oblici trimova na koje su dogra\u0111eni neki drugi arhitektonski oblici (gomila, gustirna ili suhozid koji dijeli parcele). Takvi trimovi vi\u0161e nemaju kru\u017eni oblik ali u osnovi su morali biti gra\u0111eni, kao i svi ostali trimovi, koncentri\u010dnim slaganjem kamena te rje\u0161avanjem problema samonose\u0107e krovne konstrukcije.<\/p><\/div><\/div><div class='content-column one_half last_column'><div style=\"padding-right:0px;padding-left:6px;\"><p>Es gibt auch Formen von Trims, an die weitere architektonische Elemente angebaut wurden \u2013 etwa eine Steinhaufenstruktur (gomila), eine Zisterne oder ein Trockenmauerzug, der Parzellen voneinander trennt. Solche Trims besitzen keinen kreisf\u00f6rmigen Grundriss mehr, mussten jedoch \u2013 wie alle anderen Trims \u2013 im Kern durch konzentrisches Schichten des Steins und durch die L\u00f6sung einer selbsttragenden Dachkonstruktion errichtet werden.<\/p><\/div><\/div><div class='clear_column'><\/div><div class='content-column one_half'><div style=\"padding-right:6px;\"><p>Odrediti starost trima prema njegovoj konstrukciji nemogu\u0107e je jer su vjerojatno gra\u0111eni u istom stilu od prapovijesti do prije 50-ak godina. Starost trimova je mo\u017eda mogu\u0107e pribli\u017eno definirati prema njegovoj o\u010duvanosti. Zahvaljuju\u0107i nekolicini trimova na Hvaru na kojima je uklesana godina za koju mo\u017eemo pretpostaviti da je godina gradnje, mo\u017eemo zaklju\u010diti da je ve\u0107ina danas dobro o\u010duvanih trima koji krase na\u0161e krajolike izgra\u0111ena u drugoj polovici 19. st. To i nije ni\u0161ta \u010dudno ako uzmemo u obzir konjunkturu vina u tom razdoblju te potrebu za privremenim skloni\u0161tem tijekom sezonskih radova u polju.<\/p><\/div><\/div><div class='content-column one_half last_column'><div style=\"padding-right:0px;padding-left:6px;\"><p>Das Alter eines Trims anhand seiner Konstruktion zu bestimmen, ist unm\u00f6glich, da sie vermutlich vom vorgeschichtlichen Zeitalter bis vor etwa f\u00fcnfzig Jahren im selben Stil errichtet wurden. Das Alter der Trims l\u00e4sst sich vielleicht n\u00e4herungsweise \u00fcber ihren Erhaltungszustand einsch\u00e4tzen. Dank einiger Trims auf Hvar, in die eine Jahreszahl eingemei\u00dfelt ist \u2013 von der wir annehmen k\u00f6nnen, dass sie das Baujahr angibt \u2013, k\u00f6nnen wir schlie\u00dfen, dass der Gro\u00dfteil der heute gut erhaltenen Trims, die unsere Landschaften pr\u00e4gen, in der zweiten H\u00e4lfte des 19. Jahrhunderts errichtet wurde. Das ist kaum verwunderlich, wenn man die Weinbaukonjunktur jener Zeit und den Bedarf an tempor\u00e4ren Unterst\u00e4nden w\u00e4hrend der saisonalen Feldarbeiten ber\u00fccksichtigt.<\/p><\/div><\/div><div class='clear_column'><\/div><div class='content-column one_half'><div style=\"padding-right:6px;\"><p>Trimi se i danas rijetko grade, ali naj\u010de\u0161\u0107e ne u tradicionalnoj tehnici. U pravilu su samo po vanjskom obliku nadahnuti povijesnim uzorima.<\/p><\/div><\/div><div class='content-column one_half last_column'><div style=\"padding-right:0px;padding-left:6px;\"><p>Selten werden Trims auch heute noch errichtet, aber meist nicht in traditioneller Bauweise. Sie sind lediglich in der \u00e4u\u00dferen Form den historischen Vorbildern nachempfunden.<\/p><\/div><\/div><div class='clear_column'><\/div><div class='content-column one_half'><div style=\"padding-right:6px;\"><p>U svojoj raspravi iz 1972. godine (Hvar kroz stoljeca, Zagreb 1972.) povjesni\u010dar Grga Novak ka\u017ee: Za vrijeme neolitika ljudi su na Hvaru \u017eivjeli u ku\u0107icama, u okruglim kamenim ku\u0107icama gra\u0111enim tako da su se prema vrhu koncentri\u010dno su\u017eavale. Ove ku\u0107ice jo\u0161 uvijek ima na Hvaru, a neke po temeljima potje\u010du jo\u0161 iz mla\u0111eg kamenog doba (u svojim temeljima). Hvarani ih zovu <em>trim<\/em> ili samo <em>ku\u0107ice<\/em>. Vrlo su sli\u010dni <em>trullima<\/em> u Apuliji, gdje ljudi jo\u0161 \u017eive.<\/p><\/div><\/div><div class='content-column one_half last_column'><div style=\"padding-right:0px;padding-left:6px;\"><p>In seiner Abhandlung aus dem Jahr 1972 (Hvar kroz stolje\u0107a, Zagreb 1972) schreibt der Historiker Grga Novak: \u201eIn der Jungsteinzeit lebten die Menschen auf Hvar in kleinen H\u00e4usern, in runden Steinh\u00e4uschen, die so gebaut waren, dass sie sich nach oben hin konzentrisch verj\u00fcngten. Solche H\u00e4uschen gibt es auf Hvar noch heute, und einige von ihnen stammen ihrem Fundament nach sogar aus dem Neolithikum. Die Bewohner von Hvar nennen sie <em>trim<\/em> oder einfach <em>ku\u0107ice<\/em>. Sie \u00e4hneln sehr den <em>trulli<\/em> in Apulien, in denen heute noch Menschen leben.\u201c<\/p><\/div><\/div><div class='clear_column'><\/div><div class='content-column one_half'><div style=\"padding-right:6px;\"><p>Trimi nisu nikada slu\u017eili za trajniji boravak ve\u0107 su gra\u0111eni isklju\u010divo iz nu\u017ede i interesa. U svakom slu\u010daju mo\u017ee se pretpostaviti da su skladno gra\u0111eni trimi izgledom plijenili i nekada kao i danas i predstavljali ponos za svoje vlasnike, pogotovo kada je krajolik zbog manje vegetacije bio puno pregledniji i gra\u0111evine su se vidjele iz velike daljine.<\/p><\/div><\/div><div class='content-column one_half last_column'><div style=\"padding-right:0px;padding-left:6px;\"><p>Trims dienten niemals einem l\u00e4ngeren Aufenthalt, sondern wurden ausschlie\u00dflich aus Notwendigkeit und praktischem Interesse errichtet. In jedem Fall kann man annehmen, dass harmonisch gebaute Trims \u2013 damals wie heute \u2013 durch ihr Erscheinungsbild beeindruckten und ihren Besitzern Stolz verliehen, zumal die Landschaft aufgrund der geringeren Vegetation wesentlich \u00fcbersichtlicher war und die Bauwerke schon aus gro\u00dfer Entfernung sichtbar waren.<\/p><\/div><\/div><div class='clear_column'><\/div><div class='content-column one_half'><div style=\"padding-right:6px;\"><p>U njima se palila i vatra \u0161to se vidi po zacrnjenim zidom na jednom dijelu trima u kojem se obi\u010dno nalazilo ognji\u0161te. Naj\u010de\u0161\u0107e se to mjesto nalazilo u sredi\u0161njem dijelu trima koji je najvi\u0161i pa se dim mogao dizati kroz kupolastu krovnu konstrukciju i polagano izlaziti vani. U trimovima se i spavalo na tvrdom tlu, a umjesto mekog kreveta poslu\u017eila bi postava od sedla magarca (<em>pustica<\/em>).<\/p><\/div><\/div><div class='content-column one_half last_column'><div style=\"padding-right:0px;padding-left:6px;\"><p>In ihnen wurde auch Feuer gemacht, was man an den geschw\u00e4rzten W\u00e4nden in jenem Teil des Trims erkennt, in dem sich gew\u00f6hnlich die Feuerstelle befand. Dieser Platz lag meist im zentralen Bereich des Trims, der am h\u00f6chsten ist, sodass der Rauch durch die kuppelf\u00f6rmige Dachkonstruktion aufsteigen und langsam entweichen konnte. In den Trims wurde auch geschlafen \u2013 auf dem harten Boden, wobei anstelle eines weichen Bettes oft der Sattel des Esels (<em>pustica<\/em>) als Unterlage diente.<\/p><\/div><\/div><div class='clear_column'><\/div><div class='content-column one_half'><div style=\"padding-right:6px;\"><p>U blizini trima, skoro u pravilu, nalazio se i cisterna koji je bio nu\u017ean, ne samo zbog pi\u0107a za ljude i stoku, ve\u0107 i zbog za\u0161tite loze koja je bila glavna gospodarska grana u ve\u0107em dijelu povijesti Hvara i Dalmacije.<\/p><\/div><\/div><div class='content-column one_half last_column'><div style=\"padding-right:0px;padding-left:6px;\"><p>In der N\u00e4he eines Trims befand sich fast immer auch eine Zisterne. Sie war unverzichtbar \u2013 nicht nur als Trinkwasserquelle f\u00fcr Menschen und Vieh, sondern auch zum Schutz der Weinreben, die \u00fcber weite Teile der Geschichte Hvars und Dalmatiens den wichtigsten Wirtschaftszweig darstellten.<\/p><\/div><\/div><div class='clear_column'><\/div><div class='content-column one_half'><div style=\"padding-right:6px;\"><p>Danas trimi ponosno stoje po poljima, brdima, zavalama i uvalama na\u0161eg otoka kao spomenik ljudima koji su uvijek imali vremena za \u010dovjeka, ljudima koji nisu patili od stresa, ljudima koji nisu bili pismeni, ali su zra\u010dili mudro\u0161\u0107u, ljudima koji su imali hrabrosti boriti se sa \u017eivotom uz malo razvodnjene kvasine i pinku zeja.<\/p><\/div><\/div><div class='content-column one_half last_column'><div style=\"padding-right:0px;padding-left:6px;\"><p>Heute stehen die Trims stolz auf den Feldern, H\u00fcgeln, Senken und Buchten unserer Insel \u2013 als Denkmal f\u00fcr Menschen, die immer Zeit f\u00fcreinander hatten, Menschen, die keinen Stress kannten, Menschen, die zwar nicht lesen und schreiben konnten, aber dennoch Weisheit ausstrahlten, Menschen, die den Mut hatten, dem Leben entgegenzutreten, mit etwas verd\u00fcnntem Essig und einer kleinen Portion Kohl als Wegzehrung.<\/p><\/div><\/div><div class='clear_column'><\/div><div class='content-column one_half'><div style=\"padding-right:6px;\"><p><em>Izvor: Ivicia Mo\u0161katelo &#8211; objavljeno u prvom broju Tartajuna<br \/>\n<\/em><\/p><\/div><\/div><div class='content-column one_half last_column'><div style=\"padding-right:0px;padding-left:6px;\"><p><em>Quelle: Ivica Mo\u0161katelo &#8211; ver\u00f6ffentlicht in der ersten Ausgabe von Tartajun<br \/>\n<\/em><\/p><\/div><\/div><div class='clear_column'><\/div><\/p>\n<p style=\"text-align: right;\"><span style=\"color: #3366ff;\"><a style=\"color: #3366ff;\" href=\"#seite_oben\">natrag na vrh \/ Seitenanfang<\/a><\/span><\/p>\n<hr \/>\n<p style=\"text-align: left;\"><div class='content-column one_half'><div style=\"padding-right:6px;\"><p>Trimi otoka Hvara mo\u017eete prona\u0107i na stranicama za <strong><span style=\"color: #3366ff;\"><a style=\"color: #3366ff;\" href=\"https:\/\/www.topohvar.at\/topo\/orte\/\">mjesta<\/a> <\/span><\/strong>i op\u0107e informacije o trime na sljede\u0107im stranicama:<\/p><\/div><\/div><div class='content-column one_half last_column'><div style=\"padding-right:0px;padding-left:6px;\"><p>Die Trims der Insel Hvar finden sie jeweils bei den einzelnen <strong><span style=\"color: #3366ff;\"><a style=\"color: #3366ff;\" href=\"https:\/\/www.topohvar.at\/topo\/orte\/\">Ortschaften<\/a> <\/span><\/strong>und Allgemeines zu den Trims auf folgenden Seiten:<\/p><\/div><\/div><div class='clear_column'><\/div><\/p>\n<blockquote>\n<p style=\"text-align: center;\"><em><strong><span style=\"color: #3366ff;\"><a style=\"color: #3366ff;\" href=\"https:\/\/www.topohvar.at\/topo\/trim\/alle\/\">&gt; Trim &#8211; Popis trima \/ Liste Trims<\/a><\/span><\/strong><br \/>\n<strong><a href=\"https:\/\/www.topohvar.at\/trim\/trim-lage\/\"><span style=\"color: #3366ff;\">&gt; Trim \u2013 polo\u017eaj \/ Lage<\/span><\/a><\/strong><\/em><br \/>\n<strong><em><a href=\"https:\/\/www.topohvar.at\/trim\/trim-posebno\/\"><span style=\"color: #3366ff;\">&gt; Trim \u2013 posebno \/ \u00c4u\u00dferes<\/span><\/a><\/em><\/strong><br \/>\n<strong><em><a href=\"https:\/\/www.topohvar.at\/trim\/trim-inneres\/\"><span style=\"color: #3366ff;\">&gt; Trim &#8211; unutarnje \/ Inneres<\/span><\/a><\/em><\/strong><\/p>\n<\/blockquote>\n<p>&nbsp;<\/p>\n<hr \/>\n<div class='content-column one_half'><div style=\"padding-right:6px;\"><p>Zanimljiva web mjesta na Internetu:<\/p><\/div><\/div><div class='content-column one_half last_column'><div style=\"padding-right:0px;padding-left:6px;\"><p>Interessante Seiten im Internet:<\/p><\/div><\/div><div class='clear_column'><\/div><\/p>\n<p style=\"text-align: left;\"><a style=\"color: #3366ff;\" href=\"http:\/\/www.starogradsko-polje.com\/wp-content\/uploads\/2018\/08\/KNJIGA-III.-Etnobastina_final-kor2018.pdf\">Konzervatorska podloga kulturnog krajolika Starogradsko polje<\/a><br \/>\n<a style=\"color: #3366ff;\" href=\"http:\/\/www.stoneshelter.org\/stone\/index2.htm\">Stone Shelters by Borut Juvanec<\/a><br \/>\n<a style=\"color: #3366ff;\" href=\"https:\/\/hr.wikipedia.org\/wiki\/Starogradsko_polje\">Starogradsko polje<\/a><\/p>\n","protected":false},"excerpt":{"rendered":"<p>natrag na vrh \/ Seitenanfang &gt; Trim &#8211; Popis trima \/ Liste Trims &gt; Trim \u2013 polo\u017eaj \/ Lage &gt; Trim \u2013 posebno \/ \u00c4u\u00dferes &gt; Trim &#8211; unutarnje \/ Inneres &nbsp; Konzervatorska podloga kulturnog krajolika Starogradsko polje Stone Shelters &hellip; <a href=\"https:\/\/www.topohvar.at\/topo\/trim\/trim-allgemeines\/\">Weiterlesen <span class=\"meta-nav\">&rarr;<\/span><\/a><\/p>\n","protected":false},"author":1,"featured_media":0,"parent":19709,"menu_order":0,"comment_status":"closed","ping_status":"closed","template":"","meta":{"footnotes":""},"class_list":["post-19807","page","type-page","status-publish","hentry"],"_links":{"self":[{"href":"https:\/\/www.topohvar.at\/topo\/wp-json\/wp\/v2\/pages\/19807","targetHints":{"allow":["GET"]}}],"collection":[{"href":"https:\/\/www.topohvar.at\/topo\/wp-json\/wp\/v2\/pages"}],"about":[{"href":"https:\/\/www.topohvar.at\/topo\/wp-json\/wp\/v2\/types\/page"}],"author":[{"embeddable":true,"href":"https:\/\/www.topohvar.at\/topo\/wp-json\/wp\/v2\/users\/1"}],"replies":[{"embeddable":true,"href":"https:\/\/www.topohvar.at\/topo\/wp-json\/wp\/v2\/comments?post=19807"}],"version-history":[{"count":49,"href":"https:\/\/www.topohvar.at\/topo\/wp-json\/wp\/v2\/pages\/19807\/revisions"}],"predecessor-version":[{"id":73980,"href":"https:\/\/www.topohvar.at\/topo\/wp-json\/wp\/v2\/pages\/19807\/revisions\/73980"}],"up":[{"embeddable":true,"href":"https:\/\/www.topohvar.at\/topo\/wp-json\/wp\/v2\/pages\/19709"}],"wp:attachment":[{"href":"https:\/\/www.topohvar.at\/topo\/wp-json\/wp\/v2\/media?parent=19807"}],"curies":[{"name":"wp","href":"https:\/\/api.w.org\/{rel}","templated":true}]}}