{"id":2038,"date":"2018-08-01T07:41:15","date_gmt":"2018-08-01T05:41:15","guid":{"rendered":"https:\/\/www.topohvar.at\/?page_id=2038"},"modified":"2025-03-10T16:29:47","modified_gmt":"2025-03-10T15:29:47","slug":"do-tr-16-2","status":"publish","type":"page","link":"https:\/\/www.topohvar.at\/topo\/orte\/do\/do-tr-16-2\/","title":{"rendered":"DOL &#8211; Dvojni trim \u00bbDO-TR-16 (Vrankovi\u0107-Plenkovi\u0107)\u00ab"},"content":{"rendered":"<p><a name=\"seite_oben\"><\/a><br \/>\n<img loading=\"lazy\" decoding=\"async\" class=\"alignnone wp-image-2001 size-large\" src=\"https:\/\/www.topohvar.at\/wp-content\/uploads\/2018\/08\/do-tr-16-1-1024x503.jpg\" alt=\"\" width=\"640\" height=\"314\" srcset=\"https:\/\/www.topohvar.at\/wp-content\/uploads\/2018\/08\/do-tr-16-1-1024x503.jpg 1024w, https:\/\/www.topohvar.at\/wp-content\/uploads\/2018\/08\/do-tr-16-1-300x147.jpg 300w, https:\/\/www.topohvar.at\/wp-content\/uploads\/2018\/08\/do-tr-16-1-768x377.jpg 768w\" sizes=\"auto, (max-width: 640px) 100vw, 640px\" \/><\/p>\n<p><strong>Ime \/ Name<br \/>\n<\/strong>Dvojni trim \u00bbDO-TR-16 (Vrankovi\u0107-Plenkovi\u0107)\u00ab<\/p>\n<p><strong>Code: <\/strong>DO-TR-16\u00a0 \u00a0 \u00a0 \u00a0 \u00a0 \u00a0 \u00a0 \u00a0 \u00a0 \u00a0 \u00a0 \u00a0 \u00a0 \u00a0 \u00a0 \u00a0 \u00a0 \u00a0\u00a0<strong><a href=\"https:\/\/www.topohvar.at\/orte\/do\/do-tr-00-2\/\"><img loading=\"lazy\" decoding=\"async\" class=\"alignnone wp-image-12300 size-full\" src=\"https:\/\/www.topohvar.at\/wp-content\/uploads\/2018\/09\/push-vor-30.jpg\" alt=\"\" width=\"61\" height=\"30\" \/><\/a> <a href=\"https:\/\/www.topohvar.at\/orte\/do\/do-tr-17-1\/\"><img loading=\"lazy\" decoding=\"async\" class=\"alignnone wp-image-533 size-full\" src=\"https:\/\/www.topohvar.at\/wp-content\/uploads\/2018\/07\/push-l-30.jpg\" alt=\"\" width=\"61\" height=\"30\" \/><\/a> <a href=\"https:\/\/www.topohvar.at\/orte\/do\/\"><img loading=\"lazy\" decoding=\"async\" class=\"alignnone wp-image-535 size-full\" src=\"https:\/\/www.topohvar.at\/wp-content\/uploads\/2018\/07\/push-o-30.jpg\" alt=\"\" width=\"61\" height=\"30\" \/><\/a> <a href=\"https:\/\/www.topohvar.at\/orte\/do\/do-tr-19-1\/\"><img loading=\"lazy\" decoding=\"async\" class=\"alignnone wp-image-536 size-full\" src=\"https:\/\/www.topohvar.at\/wp-content\/uploads\/2018\/07\/push-r-30.jpg\" alt=\"\" width=\"61\" height=\"30\" \/><\/a><\/strong><\/p>\n<hr \/>\n<p><strong>Adresa \/ Adresse<br \/>\n<\/strong>Dol, Borovik<\/p>\n<p><strong>Lokalna polo\u017eaj \/ Position<a href=\"https:\/\/goo.gl\/maps\/QoZm4F4wxvuYqSrg8\"><img loading=\"lazy\" decoding=\"async\" class=\"alignright wp-image-2041\" src=\"https:\/\/www.topohvar.at\/wp-content\/uploads\/2018\/08\/1765.jpg\" alt=\"\" width=\"134\" height=\"100\" \/><\/a><br \/>\n<\/strong><span style=\"color: #3366ff;\"><a style=\"color: #3366ff;\" href=\"https:\/\/goo.gl\/maps\/QoZm4F4wxvuYqSrg8\">Latitude: N 43,15762\u00b0\u00a0 \u00a0Longitude: E 16,60107\u00b0<\/a> <\/span><strong><br \/>\n<\/strong>Visina \/ H\u00f6he: 342 m<\/p>\n<p><strong>Zemlji\u0161te \/ Grundst\u00fccke<br \/>\n<\/strong>*1\/9, 1\/1<div class='content-column one_half'><div style=\"padding-right:6px;\"><p><strong>Datum snimanja \/ Erfassungsdatum<br \/>\n<\/strong>21.05.2018 10:17:00<\/p>\n<hr \/>\n<p><strong>Informacije<\/strong><\/p>\n<p>Dvojni trim nalazi se u biv\u0161em naselju Borovik, tik uz zgradu Vrankovi\u0107-Plenkovi\u0107. Sagradio ju je Marin Vrankovi\u0107 prije 1886. godine. Lijevi trim (A) je ne\u0161to ve\u0107a i ima unutra\u0161njost dva &#8222;prozora&#8220;.<\/p><\/div><\/div><div class='content-column one_half last_column'><div style=\"padding-right:0px;padding-left:6px;\"><p><strong>Za\u0161titni polo\u017eaj \/ Schutzstellung<br \/>\n<\/strong>&#8211;<\/p>\n<hr \/>\n<p><strong>Info<\/strong><\/p>\n<p>Der Doppeltrim befindet sich in der ehemaligen Siedlung Borovik, knapp neben dem Geb\u00e4ude Vrankovi\u0107-Plenkovi\u0107. Er wurde von Marin Vrankovi\u0107 vor dem Jahr 1886 errichtet. Der Linke Trim (A) ist etwas gr\u00f6\u00dfer und hat in seinem Innenraum zwei \u201eFenster\u201c.<\/p><\/div><\/div><div class='clear_column'><\/div><div class='content-column one_half'><div style=\"padding-right:6px;\"><p>Ovi trimi nad ulazima imaju rasteretne praznine, poput trima u Gomilama i najve\u0107eg dijela trima koje su Vrankovi\u0107i izgradili.<\/p>\n<p>Trimi s jednom stepenicom dobro su o\u010duvani, ali se vi\u0161e ne koristi.<\/p><\/div><\/div><div class='content-column one_half last_column'><div style=\"padding-right:0px;padding-left:6px;\"><p>Die Trims haben \u00fcber den Eing\u00e4ngen Entlastungsspalten, wie die Trims in Gomile und die meisten Trims der Familie Vrankovi\u0107.<\/p>\n<p>Die einstufigen Trims sind gut erhalten, werden aber nicht mehr genutzt.<\/p><\/div><\/div><div class='clear_column'><\/div><div class='content-column one_half'><div style=\"padding-right:6px;\"><p>U zidu ispred trima nalaze se dvije kamene glave.<\/p><\/div><\/div><div class='content-column one_half last_column'><div style=\"padding-right:0px;padding-left:6px;\"><p>In der Hauswand vor dem Trim befinden sich zwei steinerne K\u00f6pfe.<\/p><\/div><\/div><div class='clear_column'><\/div><\/p>\n<p style=\"text-align: center;\"><em>Izvor \/ Quelle: JADRAN KALE (magistarski rad); sklopovi nepravo svo\u0111enih gra\u0111evina na isto\u010dnoj obali jadrana 1997. \/sklop trima u predjelu Paklina nad Svir\u010dem (Hvar)<\/em><\/p>\n<div class='content-column one_half'><div style=\"padding-right:6px;\"><p>Dana 13.10.2019 trim je posje\u0107en i ustanovljeno je sljede\u0107e:<\/p>\n<p><strong>TRIM A (lijevi trim)<\/strong><\/p>\n<div id=\"attachment_24860\" style=\"width: 310px\" class=\"wp-caption aligncenter\"><img loading=\"lazy\" decoding=\"async\" aria-describedby=\"caption-attachment-24860\" class=\"size-full wp-image-24860\" src=\"https:\/\/www.topohvar.at\/wp-content\/uploads\/2019\/12\/do-tr-16-21a.jpg\" alt=\"\" width=\"300\" height=\"300\" srcset=\"https:\/\/www.topohvar.at\/wp-content\/uploads\/2019\/12\/do-tr-16-21a.jpg 300w, https:\/\/www.topohvar.at\/wp-content\/uploads\/2019\/12\/do-tr-16-21a-150x150.jpg 150w\" sizes=\"auto, (max-width: 300px) 100vw, 300px\" \/><p id=\"caption-attachment-24860\" class=\"wp-caption-text\">Ulaz trim A \/ Eingang zu Trim A<\/p><\/div>\n<p>Lokacija: poljoprivredni sklop<br \/>\nPodloga: ravna<br \/>\nPovezan s: drugim trimom<br \/>\nUpotreba: ne koristi se<br \/>\nStanje: dobro sa\u010duvan<br \/>\nBroj stepenica trima: 1<br \/>\nDodatni kameni prsten: nema prstena<br \/>\nStepeni\u0161te: nema<br \/>\nOblik kamena: zaokru\u017een<br \/>\nPodru\u010dje ispred ulaza: lako dostupno<br \/>\nOrijentacija ulaza: Z (270\u00b0)<br \/>\nPromjer trima (cm): 500<br \/>\nVisina trima (cm): 310<br \/>\nVisina stepenica (cm): stepenica 1: 260<br \/>\nDebljina zida (cm): 100<br \/>\n\u0160irina vrata (cm): 80<br \/>\nVisina vrata (cm): 155<br \/>\n\u0160irina unutra (cm): 300<br \/>\nVisina unutra (cm): 280<br \/>\nVolumen iznutra (m3): 13,88<br \/>\nNi\u0161a 1 (P\/\u0160\/V\/D) (cm): 110 \/ 15 \/ 20 \/ 100<\/p><\/div><\/div><div class='content-column one_half last_column'><div style=\"padding-right:0px;padding-left:6px;\"><p>Am 13.10.2019 wurde der Trim besucht und n\u00e4her untersucht:<\/p>\n<p><strong>TRIM A (linker Trim)<\/strong><\/p>\n<div id=\"attachment_24862\" style=\"width: 310px\" class=\"wp-caption aligncenter\"><img loading=\"lazy\" decoding=\"async\" aria-describedby=\"caption-attachment-24862\" class=\"size-full wp-image-24862\" src=\"https:\/\/www.topohvar.at\/wp-content\/uploads\/2019\/12\/do-tr-16-23a.jpg\" alt=\"\" width=\"300\" height=\"300\" srcset=\"https:\/\/www.topohvar.at\/wp-content\/uploads\/2019\/12\/do-tr-16-23a.jpg 300w, https:\/\/www.topohvar.at\/wp-content\/uploads\/2019\/12\/do-tr-16-23a-150x150.jpg 150w\" sizes=\"auto, (max-width: 300px) 100vw, 300px\" \/><p id=\"caption-attachment-24862\" class=\"wp-caption-text\">Stra\u017enji dio kamenja \/ R\u00fcckseite der Trims<\/p><\/div>\n<p>Standort: landwirtsch. Gemenge<br \/>\nUntergrund: eben<br \/>\nVerbunden mit: Trim<br \/>\nNutzung: ungenutzt<br \/>\nZustand: gut erhalten<br \/>\nAnzahl der Trimstufen: 1<br \/>\nZus\u00e4tzlicher Steinring: kein Steinring<br \/>\nStiege: keine<br \/>\nSteinform: rundlich<br \/>\nEingangsbereich: frei<br \/>\nEingangsseite: W (270\u00b0)<br \/>\nTrimdurchmesser (cm): 500<br \/>\nTrimh\u00f6he (cm): 310<br \/>\nH\u00f6he der Trimstufen (cm): Stufe 1: 260<br \/>\nWandst\u00e4rke (cm): 100<br \/>\nT\u00fcrbreite (cm): 80<br \/>\nT\u00fcrh\u00f6he (cm): 155<br \/>\nInnenraumbreite (cm): 300<br \/>\nInnenraumh\u00f6he (cm): 280<br \/>\nRaumvolumen (m3): 13,88<br \/>\nNische 1 (P\/B\/H\/T) (cm): 110 \/ 15 \/ 20 \/ 100<\/p><\/div><\/div><div class='clear_column'><\/div><div class='content-column one_half'><div style=\"padding-right:6px;\"><p><strong>TRIM B (desni trim)<\/strong><\/p>\n<div id=\"attachment_24861\" style=\"width: 310px\" class=\"wp-caption aligncenter\"><img loading=\"lazy\" decoding=\"async\" aria-describedby=\"caption-attachment-24861\" class=\"size-full wp-image-24861\" src=\"https:\/\/www.topohvar.at\/wp-content\/uploads\/2019\/12\/do-tr-16-21b.jpg\" alt=\"\" width=\"300\" height=\"300\" srcset=\"https:\/\/www.topohvar.at\/wp-content\/uploads\/2019\/12\/do-tr-16-21b.jpg 300w, https:\/\/www.topohvar.at\/wp-content\/uploads\/2019\/12\/do-tr-16-21b-150x150.jpg 150w\" sizes=\"auto, (max-width: 300px) 100vw, 300px\" \/><p id=\"caption-attachment-24861\" class=\"wp-caption-text\">Ulaz trim B \/ Eingang Trim B<\/p><\/div>\n<p>Lokacija: poljoprivredni sklop<br \/>\nPodloga: ravna<br \/>\nPovezan s: drugim trimom<br \/>\nUpotreba: ne koristi se<br \/>\nStanje: dobro sa\u010duvan<br \/>\nBroj stepenica trima: 1<br \/>\nDodatni kameni prsten: nema prstena<br \/>\nStepeni\u0161te: nema<br \/>\nOblik kamena: zaokru\u017een<br \/>\nPodru\u010dje ispred ulaza: lako dostupno<br \/>\nOrijentacija ulaza: SZ (300\u00b0)<br \/>\nPromjer trima (cm): 460<br \/>\nVisina trima (cm): 280<br \/>\nVisina stepenica (cm): stepenica 1: 260<br \/>\nDebljina zida (cm): 100<br \/>\n\u0160irina vrata (cm): 85<br \/>\nVisina vrata (cm): 155<br \/>\n\u0160irina unutra (cm): 260<br \/>\nVisina unutra (cm): 260<br \/>\nVolumen iznutra (m3): 10,05<br \/>\nNi\u0161a 1 (P\/\u0160\/V\/D) (cm): 110 \/ 15 \/ 20 \/ 100<\/p><\/div><\/div><div class='content-column one_half last_column'><div style=\"padding-right:0px;padding-left:6px;\"><p><strong>TRIM B (rechter Trim)<\/strong><\/p>\n<div id=\"attachment_24863\" style=\"width: 310px\" class=\"wp-caption aligncenter\"><img loading=\"lazy\" decoding=\"async\" aria-describedby=\"caption-attachment-24863\" class=\"size-full wp-image-24863\" src=\"https:\/\/www.topohvar.at\/wp-content\/uploads\/2019\/12\/do-tr-16-23b.jpg\" alt=\"\" width=\"300\" height=\"300\" srcset=\"https:\/\/www.topohvar.at\/wp-content\/uploads\/2019\/12\/do-tr-16-23b.jpg 300w, https:\/\/www.topohvar.at\/wp-content\/uploads\/2019\/12\/do-tr-16-23b-150x150.jpg 150w\" sizes=\"auto, (max-width: 300px) 100vw, 300px\" \/><p id=\"caption-attachment-24863\" class=\"wp-caption-text\">Desna strana trima B \/ rechte Seite Trim B<\/p><\/div>\n<p>Standort: landwirtsch. Gemenge<br \/>\nUntergrund: eben<br \/>\nVerbunden mit: Trim<br \/>\nNutzung: ungenutzt<br \/>\nZustand: gut erhalten<br \/>\nAnzahl der Trimstufen: 1<br \/>\nZus\u00e4tzlicher Steinring: kein Steinring<br \/>\nStiege: keine<br \/>\nSteinform: rundlich<br \/>\nEingangsbereich: frei<br \/>\nEingangsseite: NW (300\u00b0)<br \/>\nTrimdurchmesser (cm): 460<br \/>\nTrimh\u00f6he (cm): 280<br \/>\nH\u00f6he der Trimstufen (cm): Stufe 1: 260<br \/>\nWandst\u00e4rke (cm): 100<br \/>\nT\u00fcrbreite (cm): 85<br \/>\nT\u00fcrh\u00f6he (cm): 155Innenraumbreite (cm): 260<br \/>\nInnenraumh\u00f6he (cm): 260<br \/>\nRaumvolumen (m3): 10,05<br \/>\nNische 1 (P\/B\/H\/T) (cm): 110 \/ 15 \/ 20 \/ 100<\/p><\/div><\/div><div class='clear_column'><\/div><\/p>\n<p><img loading=\"lazy\" decoding=\"async\" class=\"aligncenter size-full wp-image-24865\" style=\"font-size: 16px;\" src=\"https:\/\/www.topohvar.at\/wp-content\/uploads\/2019\/12\/do-tr-16-sc.jpg\" alt=\"\" width=\"600\" height=\"780\" srcset=\"https:\/\/www.topohvar.at\/wp-content\/uploads\/2019\/12\/do-tr-16-sc.jpg 600w, https:\/\/www.topohvar.at\/wp-content\/uploads\/2019\/12\/do-tr-16-sc-231x300.jpg 231w\" sizes=\"auto, (max-width: 600px) 100vw, 600px\" \/><\/p>\n<p style=\"text-align: right;\"><a href=\"#seite_oben\">natrag na vrh \/ Seitenanfang<\/a><\/p>\n<hr \/>\n<p><strong>Linkovi \/ Links<\/strong><\/p>\n<p><span style=\"color: #3366ff;\"><a style=\"color: #3366ff;\" href=\"https:\/\/www.topohvar.at\/topo\/orte\/do\/do-tg-05-1\/\">Zgradu \/ Geb\u00e4ude Vrankovi\u0107-Plenkovi\u0107<\/a><br \/>\n<a style=\"color: #3366ff;\" href=\"https:\/\/www.topohvar.at\/topo\/orte\/do\/do-ir-02-2\/\">Reljef \u00bbDvije glave\u00ab \/ Relief \u00bbzwei K\u00f6pfe\u00ab<\/a><\/span><\/p>\n","protected":false},"excerpt":{"rendered":"<p>Ime \/ Name Dvojni trim \u00bbDO-TR-16 (Vrankovi\u0107-Plenkovi\u0107)\u00ab Code: DO-TR-16\u00a0 \u00a0 \u00a0 \u00a0 \u00a0 \u00a0 \u00a0 \u00a0 \u00a0 \u00a0 \u00a0 \u00a0 \u00a0 \u00a0 \u00a0 \u00a0 \u00a0 \u00a0\u00a0 Adresa \/ Adresse Dol, Borovik Lokalna polo\u017eaj \/ Position Latitude: N 43,15762\u00b0\u00a0 \u00a0Longitude: E &hellip; <a href=\"https:\/\/www.topohvar.at\/topo\/orte\/do\/do-tr-16-2\/\">Weiterlesen <span class=\"meta-nav\">&rarr;<\/span><\/a><\/p>\n","protected":false},"author":1,"featured_media":0,"parent":68,"menu_order":0,"comment_status":"closed","ping_status":"closed","template":"","meta":{"footnotes":""},"class_list":["post-2038","page","type-page","status-publish","hentry"],"_links":{"self":[{"href":"https:\/\/www.topohvar.at\/topo\/wp-json\/wp\/v2\/pages\/2038","targetHints":{"allow":["GET"]}}],"collection":[{"href":"https:\/\/www.topohvar.at\/topo\/wp-json\/wp\/v2\/pages"}],"about":[{"href":"https:\/\/www.topohvar.at\/topo\/wp-json\/wp\/v2\/types\/page"}],"author":[{"embeddable":true,"href":"https:\/\/www.topohvar.at\/topo\/wp-json\/wp\/v2\/users\/1"}],"replies":[{"embeddable":true,"href":"https:\/\/www.topohvar.at\/topo\/wp-json\/wp\/v2\/comments?post=2038"}],"version-history":[{"count":30,"href":"https:\/\/www.topohvar.at\/topo\/wp-json\/wp\/v2\/pages\/2038\/revisions"}],"predecessor-version":[{"id":71160,"href":"https:\/\/www.topohvar.at\/topo\/wp-json\/wp\/v2\/pages\/2038\/revisions\/71160"}],"up":[{"embeddable":true,"href":"https:\/\/www.topohvar.at\/topo\/wp-json\/wp\/v2\/pages\/68"}],"wp:attachment":[{"href":"https:\/\/www.topohvar.at\/topo\/wp-json\/wp\/v2\/media?parent=2038"}],"curies":[{"name":"wp","href":"https:\/\/api.w.org\/{rel}","templated":true}]}}