{"id":20647,"date":"2019-03-04T12:16:37","date_gmt":"2019-03-04T11:16:37","guid":{"rendered":"https:\/\/www.topohvar.at\/?page_id=20647"},"modified":"2021-11-15T10:21:32","modified_gmt":"2021-11-15T09:21:32","slug":"hv-is-46-1","status":"publish","type":"page","link":"https:\/\/www.topohvar.at\/topo\/orte\/hv\/hv-is-46-1\/","title":{"rendered":"HVAR &#8211; Spomen plo\u010da \u00bbMDCCX\u00ab"},"content":{"rendered":"<p><a name=\"seite_oben\"><\/a><br \/>\n<img loading=\"lazy\" decoding=\"async\" class=\"alignnone wp-image-20652 size-full\" src=\"https:\/\/www.topohvar.at\/wp-content\/uploads\/2019\/03\/hv-is-46-1.jpg\" alt=\"\" width=\"640\" height=\"314\" srcset=\"https:\/\/www.topohvar.at\/wp-content\/uploads\/2019\/03\/hv-is-46-1.jpg 640w, https:\/\/www.topohvar.at\/wp-content\/uploads\/2019\/03\/hv-is-46-1-300x147.jpg 300w\" sizes=\"auto, (max-width: 640px) 100vw, 640px\" \/><\/p>\n<p><strong>Ime \/ Name<br \/>\n<\/strong>Spomen plo\u010da \/ Gedenktafel \u00bbMDCCX\u00ab<\/p>\n<p><strong>Code: <\/strong>HV-IS-46\u00a0 \u00a0 \u00a0 \u00a0 \u00a0 \u00a0 \u00a0 \u00a0 \u00a0 \u00a0 \u00a0 \u00a0 \u00a0 \u00a0 \u00a0 \u00a0 \u00a0 \u00a0\u00a0<a href=\"https:\/\/www.topohvar.at\/hv-ip-08-1\/\"><img loading=\"lazy\" decoding=\"async\" class=\"alignnone wp-image-12300 size-full\" src=\"https:\/\/www.topohvar.at\/wp-content\/uploads\/2018\/09\/push-vor-30.jpg\" alt=\"\" width=\"61\" height=\"30\" \/><\/a>\u00a0<strong><a href=\"https:\/\/www.topohvar.at\/orte\/hv\/hv-is-23-1\/\"><img loading=\"lazy\" decoding=\"async\" class=\"alignnone wp-image-533 size-full\" src=\"https:\/\/www.topohvar.at\/wp-content\/uploads\/2018\/07\/push-l-30.jpg\" alt=\"\" width=\"61\" height=\"30\" \/><\/a> <a href=\"https:\/\/www.topohvar.at\/orte\/hv\/\"><img loading=\"lazy\" decoding=\"async\" class=\"alignnone wp-image-535 size-full\" src=\"https:\/\/www.topohvar.at\/wp-content\/uploads\/2018\/07\/push-o-30.jpg\" alt=\"\" width=\"61\" height=\"30\" \/><\/a> <a href=\"https:\/\/www.topohvar.at\/orte\/hv\/hv-is-08-1\/\"><img loading=\"lazy\" decoding=\"async\" class=\"alignnone wp-image-536 size-full\" src=\"https:\/\/www.topohvar.at\/wp-content\/uploads\/2018\/07\/push-r-30.jpg\" alt=\"\" width=\"61\" height=\"30\" \/><\/a>\u00a0<a href=\"https:\/\/www.topohvar.at\/hv-ip-08-1\/\"><img loading=\"lazy\" decoding=\"async\" class=\"alignnone wp-image-12299 size-full\" src=\"https:\/\/www.topohvar.at\/wp-content\/uploads\/2018\/09\/push-next-30.jpg\" alt=\"\" width=\"61\" height=\"30\" \/><\/a><\/strong><\/p>\n<hr \/>\n<p><strong>Adresa \/ Adresse<br \/>\n<\/strong>Grad Hvar,\u00a0Ulica Sveti Marak 16, crkva sv. Marka<\/p>\n<p><strong>Lokacija<\/strong><strong> \/ Position<a href=\"https:\/\/goo.gl\/maps\/6nUrBuN9S4jVB5cJ8\"><img loading=\"lazy\" decoding=\"async\" class=\"alignright wp-image-15701\" src=\"https:\/\/www.topohvar.at\/wp-content\/uploads\/2019\/01\/1456.jpg\" alt=\"\" width=\"134\" height=\"100\" \/><\/a><br \/>\n<\/strong><span style=\"color: #3366ff;\"><a style=\"color: #3366ff;\" href=\"https:\/\/goo.gl\/maps\/6nUrBuN9S4jVB5cJ8\">Latitude: N 43,17295\u00b0\u00a0 \u00a0Longitude: E 16,43960\u00b0<\/a> <\/span><strong><br \/>\n<\/strong>Visina \/ H\u00f6he: 14 m<\/p>\n<p><strong>Katastarska \u010destica<\/strong><strong> \/ Grundst\u00fccke<br \/>\n<\/strong>*15<div class='content-column one_half'><div style=\"padding-right:6px;\"><p><strong>Datum snimanja \/ Erfassungsdatum<br \/>\n<\/strong>20.02.2015 10:03:04<\/p>\n<hr \/>\n<p><strong>Informacije<\/strong><\/p>\n<p>Unutra, na zidu crkve podignuta je plo\u010da sa sljede\u0107im latinskim natpisom:<\/p><\/div><\/div><div class='content-column one_half last_column'><div style=\"padding-right:0px;padding-left:6px;\"><p><strong>Stupanj za\u0161tite<\/strong><strong> \/ Schutzstellung<br \/>\n<\/strong>&#8211;<\/p>\n<hr \/>\n<p><strong>Info<\/strong><\/p>\n<p>Innen, an der Kirchenwand h\u00e4ngt eine Gedenktafel mit folgender Inschrift in lateinischer Sprache:<\/p><\/div><\/div><div class='clear_column'><\/div><\/p>\n<p style=\"text-align: center;\">PIETATIS ESCPL ET IO<br \/>\nIN OPERIS ESC PL ET IONE<br \/>\nCOHORTIS<br \/>\nMDCCX<\/p>\n<div class='content-column one_half'><div style=\"padding-right:6px;\"><p>(= ?&#8230; 1710)<\/p><\/div><\/div><div class='content-column one_half last_column'><div style=\"padding-right:0px;padding-left:6px;\"><p>(= ?&#8230; 1710)<\/p><\/div><\/div><div class='clear_column'><\/div><\/p>\n<p style=\"text-align: right;\"><span style=\"color: #3366ff;\"><a style=\"color: #3366ff;\" href=\"#seite_oben\">natrag na vrh \/ Seitenanfang<\/a><\/span><\/p>\n<hr \/>\n<p><strong>Linkovi \/ Links<\/strong><\/p>\n<p><span style=\"color: #3366ff;\"><a style=\"color: #3366ff;\" href=\"https:\/\/www.topohvar.at\/orte\/hv\/hv-ci-07-1\/\">Biv\u0161a crkva \u00bbSv. Marka\u00ab \/ ehemalige Markuskirche<\/a><br \/>\n<a style=\"color: #3366ff;\" href=\"https:\/\/www.topohvar.at\/orte\/hv\/hv-is-44-1\/\">Spomen plo\u010da \u00bbna miru 1610\/1611\u00ab \/ Gedenktafel an den Frieden 1610\/1611<\/a><\/span><br \/>\n<span style=\"color: #3366ff;\"><a style=\"color: #3366ff;\" href=\"https:\/\/www.topohvar.at\/orte\/hv\/hv-ig-51-1\/\">Grb \u201eObitelj Bartu\u010devi\u0107a &#8211; loza Hortenzija Bartu\u010devi\u0107a\u201c \/ Wappen der Familie\u00a0Bartu\u010devi\u0107 &#8211; Geschlecht Hortenzija Bartu\u010devi\u0107a<\/a><\/span><br \/>\n<span style=\"color: #3366ff;\"><a style=\"color: #3366ff;\" href=\"https:\/\/www.topohvar.at\/orte\/hv\/hv-ir-16-1\/\">Reljef \u00bbLav na ju\u017enoj strani crkve sv. Marka\u00ab \/ Relief &#8211; L\u00f6we an der S\u00fcdseite der Markuskirche<\/a><\/span><\/p>\n","protected":false},"excerpt":{"rendered":"<p>Ime \/ Name Spomen plo\u010da \/ Gedenktafel \u00bbMDCCX\u00ab Code: HV-IS-46\u00a0 \u00a0 \u00a0 \u00a0 \u00a0 \u00a0 \u00a0 \u00a0 \u00a0 \u00a0 \u00a0 \u00a0 \u00a0 \u00a0 \u00a0 \u00a0 \u00a0 \u00a0\u00a0\u00a0 \u00a0 Adresa \/ Adresse Grad Hvar,\u00a0Ulica Sveti Marak 16, crkva sv. Marka Lokacija &hellip; <a href=\"https:\/\/www.topohvar.at\/topo\/orte\/hv\/hv-is-46-1\/\">Weiterlesen <span class=\"meta-nav\">&rarr;<\/span><\/a><\/p>\n","protected":false},"author":1,"featured_media":0,"parent":80,"menu_order":0,"comment_status":"closed","ping_status":"closed","template":"","meta":{"footnotes":""},"class_list":["post-20647","page","type-page","status-publish","hentry"],"_links":{"self":[{"href":"https:\/\/www.topohvar.at\/topo\/wp-json\/wp\/v2\/pages\/20647","targetHints":{"allow":["GET"]}}],"collection":[{"href":"https:\/\/www.topohvar.at\/topo\/wp-json\/wp\/v2\/pages"}],"about":[{"href":"https:\/\/www.topohvar.at\/topo\/wp-json\/wp\/v2\/types\/page"}],"author":[{"embeddable":true,"href":"https:\/\/www.topohvar.at\/topo\/wp-json\/wp\/v2\/users\/1"}],"replies":[{"embeddable":true,"href":"https:\/\/www.topohvar.at\/topo\/wp-json\/wp\/v2\/comments?post=20647"}],"version-history":[{"count":11,"href":"https:\/\/www.topohvar.at\/topo\/wp-json\/wp\/v2\/pages\/20647\/revisions"}],"predecessor-version":[{"id":53528,"href":"https:\/\/www.topohvar.at\/topo\/wp-json\/wp\/v2\/pages\/20647\/revisions\/53528"}],"up":[{"embeddable":true,"href":"https:\/\/www.topohvar.at\/topo\/wp-json\/wp\/v2\/pages\/80"}],"wp:attachment":[{"href":"https:\/\/www.topohvar.at\/topo\/wp-json\/wp\/v2\/media?parent=20647"}],"curies":[{"name":"wp","href":"https:\/\/api.w.org\/{rel}","templated":true}]}}

HVAR &#8211; Spomen ploča »MDCCX«

<p><a name="seite_oben"></a><br />
<img loading="lazy" decoding="async" class="alignnone wp-image-20652 size-full" src="https://www.topohvar.at/wp-content/uploads/2019/03/hv-is-46-1.jpg" alt="" width="640" height="314" srcset="https://www.topohvar.at/wp-content/uploads/2019/03/hv-is-46-1.jpg 640w, https://www.topohvar.at/wp-content/uploads/2019/03/hv-is-46-1-300x147.jpg 300w" sizes="auto, (max-width: 640px) 100vw, 640px" /></p>
<p><strong>Ime / Name<br />
</strong>Spomen ploča / Gedenktafel »MDCCX«</p>
<p><strong>Code: </strong>HV-IS-46                                    <a href="https://www.topohvar.at/hv-ip-08-1/"><img loading="lazy" decoding="async" class="alignnone wp-image-12300 size-full" src="https://www.topohvar.at/wp-content/uploads/2018/09/push-vor-30.jpg" alt="" width="61" height="30" /></a> <strong><a href="https://www.topohvar.at/orte/hv/hv-is-23-1/"><img loading="lazy" decoding="async" class="alignnone wp-image-533 size-full" src="https://www.topohvar.at/wp-content/uploads/2018/07/push-l-30.jpg" alt="" width="61" height="30" /></a> <a href="https://www.topohvar.at/orte/hv/"><img loading="lazy" decoding="async" class="alignnone wp-image-535 size-full" src="https://www.topohvar.at/wp-content/uploads/2018/07/push-o-30.jpg" alt="" width="61" height="30" /></a> <a href="https://www.topohvar.at/orte/hv/hv-is-08-1/"><img loading="lazy" decoding="async" class="alignnone wp-image-536 size-full" src="https://www.topohvar.at/wp-content/uploads/2018/07/push-r-30.jpg" alt="" width="61" height="30" /></a> <a href="https://www.topohvar.at/hv-ip-08-1/"><img loading="lazy" decoding="async" class="alignnone wp-image-12299 size-full" src="https://www.topohvar.at/wp-content/uploads/2018/09/push-next-30.jpg" alt="" width="61" height="30" /></a></strong></p>
<hr />
<p><strong>Adresa / Adresse<br />
</strong>Grad Hvar, Ulica Sveti Marak 16, crkva sv. Marka</p>
<p><strong>Lokacija</strong><strong> / Position<a href="https://goo.gl/maps/6nUrBuN9S4jVB5cJ8"><img loading="lazy" decoding="async" class="alignright wp-image-15701" src="https://www.topohvar.at/wp-content/uploads/2019/01/1456.jpg" alt="" width="134" height="100" /></a><br />
</strong><span style="color: #3366ff;"><a style="color: #3366ff;" href="https://goo.gl/maps/6nUrBuN9S4jVB5cJ8">Latitude: N 43,17295°   Longitude: E 16,43960°</a> </span><strong><br />
</strong>Visina / Höhe: 14 m</p>
<p><strong>Katastarska čestica</strong><strong> / Grundstücke<br />
</strong>*15<div class='content-column one_half'><div style="padding-right:6px;"><p><strong>Datum snimanja / Erfassungsdatum<br />
</strong>20.02.2015 10:03:04</p>
<hr />
<p><strong>Informacije</strong></p>
<p>Unutra, na zidu crkve podignuta je ploča sa sljedećim latinskim natpisom:</p></div></div><div class='content-column one_half last_column'><div style="padding-right:0px;padding-left:6px;"><p><strong>Stupanj zaštite</strong><strong> / Schutzstellung<br />
</strong>&#8211;</p>
<hr />
<p><strong>Info</strong></p>
<p>Innen, an der Kirchenwand hängt eine Gedenktafel mit folgender Inschrift in lateinischer Sprache:</p></div></div><div class='clear_column'></div></p>
<p style="text-align: center;">PIETATIS ESCPL ET IO<br />
IN OPERIS ESC PL ET IONE<br />
COHORTIS<br />
MDCCX</p>
<div class='content-column one_half'><div style="padding-right:6px;"><p>(= ?&#8230; 1710)</p></div></div><div class='content-column one_half last_column'><div style="padding-right:0px;padding-left:6px;"><p>(= ?&#8230; 1710)</p></div></div><div class='clear_column'></div></p>
<p style="text-align: right;"><span style="color: #3366ff;"><a style="color: #3366ff;" href="#seite_oben">natrag na vrh / Seitenanfang</a></span></p>
<hr />
<p><strong>Linkovi / Links</strong></p>
<p><span style="color: #3366ff;"><a style="color: #3366ff;" href="https://www.topohvar.at/orte/hv/hv-ci-07-1/">Bivša crkva »Sv. Marka« / ehemalige Markuskirche</a><br />
<a style="color: #3366ff;" href="https://www.topohvar.at/orte/hv/hv-is-44-1/">Spomen ploča »na miru 1610/1611« / Gedenktafel an den Frieden 1610/1611</a></span><br />
<span style="color: #3366ff;"><a style="color: #3366ff;" href="https://www.topohvar.at/orte/hv/hv-ig-51-1/">Grb „Obitelj Bartučevića &#8211; loza Hortenzija Bartučevića“ / Wappen der Familie Bartučević &#8211; Geschlecht Hortenzija Bartučevića</a></span><br />
<span style="color: #3366ff;"><a style="color: #3366ff;" href="https://www.topohvar.at/orte/hv/hv-ir-16-1/">Reljef »Lav na južnoj strani crkve sv. Marka« / Relief &#8211; Löwe an der Südseite der Markuskirche</a></span></p>

<p>Ime / Name Spomen ploča / Gedenktafel »MDCCX« Code: HV-IS-46                                        Adresa / Adresse Grad Hvar, Ulica Sveti Marak 16, crkva sv. Marka Lokacija &hellip; <a href="https://www.topohvar.at/topo/orte/hv/hv-is-46-1/">Weiterlesen <span class="meta-nav">&rarr;</span></a></p>
