{"id":2142,"date":"2018-08-01T16:12:05","date_gmt":"2018-08-01T14:12:05","guid":{"rendered":"https:\/\/www.topohvar.at\/?page_id=2142"},"modified":"2023-06-12T16:23:23","modified_gmt":"2023-06-12T14:23:23","slug":"sg-ca-02-2","status":"publish","type":"page","link":"https:\/\/www.topohvar.at\/topo\/orte\/sg\/sg-ca-02-2\/","title":{"rendered":"STARI GRAD &#8211; Samostan \u00bbBiv\u0161i Dominikanski samostan sv. Vicencu (Vinku)\u00ab"},"content":{"rendered":"<p><a name=\"seite_oben\"><\/a><br \/>\n<img loading=\"lazy\" decoding=\"async\" class=\"alignnone wp-image-2113 size-large\" src=\"https:\/\/www.topohvar.at\/wp-content\/uploads\/2018\/08\/SG-CA-02-1-1024x503.jpg\" alt=\"\" width=\"640\" height=\"314\" srcset=\"https:\/\/www.topohvar.at\/wp-content\/uploads\/2018\/08\/SG-CA-02-1-1024x503.jpg 1024w, https:\/\/www.topohvar.at\/wp-content\/uploads\/2018\/08\/SG-CA-02-1-300x147.jpg 300w, https:\/\/www.topohvar.at\/wp-content\/uploads\/2018\/08\/SG-CA-02-1-768x377.jpg 768w\" sizes=\"auto, (max-width: 640px) 100vw, 640px\" \/><\/p>\n<p><strong>Ime \/ Name<br \/>\n<\/strong>Samostan \u00bbBiv\u0161i Dominikanski samostan sv. Vicencu (Vinku)\u00ab \/ ehemaliges Dominikaner(innen)kloster des hl. Vinzens<\/p>\n<p><strong>Code: <\/strong>SG-CA-02\u00a0 \u00a0 \u00a0 \u00a0 \u00a0 \u00a0 \u00a0 \u00a0 \u00a0 \u00a0 \u00a0 \u00a0 \u00a0 \u00a0 \u00a0 \u00a0 \u00a0 \u00a0 \u00a0 \u00a0 \u00a0 \u00a0 \u00a0\u00a0<strong><a href=\"https:\/\/www.topohvar.at\/orte\/sg\/sg-ca-01-2\/\"><img loading=\"lazy\" decoding=\"async\" class=\"alignnone wp-image-533 size-full\" src=\"https:\/\/www.topohvar.at\/wp-content\/uploads\/2018\/07\/push-l-30.jpg\" alt=\"\" width=\"61\" height=\"30\" \/><\/a> <a href=\"https:\/\/www.topohvar.at\/orte\/sg\/\"><img loading=\"lazy\" decoding=\"async\" class=\"alignnone wp-image-535 size-full\" src=\"https:\/\/www.topohvar.at\/wp-content\/uploads\/2018\/07\/push-o-30.jpg\" alt=\"\" width=\"61\" height=\"30\" \/><\/a>\u00a0<a href=\"https:\/\/www.topohvar.at\/orte\/sg\/sg-ci-01-2\/\"><img loading=\"lazy\" decoding=\"async\" class=\"alignnone wp-image-12299 size-full\" src=\"https:\/\/www.topohvar.at\/wp-content\/uploads\/2018\/09\/push-next-30.jpg\" alt=\"\" width=\"61\" height=\"30\" \/><\/a><\/strong><\/p>\n<hr \/>\n<p><strong>Adresa \/ Adresse<br \/>\n<\/strong>Stari Grad, Vukovarska cesta<\/p>\n<p><strong>Lokacija \/ Position<a href=\"https:\/\/goo.gl\/maps\/JJ17rm5B6P5dSNjAA\"><img loading=\"lazy\" decoding=\"async\" class=\"alignright wp-image-2175\" src=\"https:\/\/www.topohvar.at\/wp-content\/uploads\/2018\/08\/1347.jpg\" alt=\"\" width=\"133\" height=\"100\" \/><\/a><br \/>\n<\/strong><span style=\"color: #3366ff;\"><a style=\"color: #3366ff;\" href=\"https:\/\/goo.gl\/maps\/JJ17rm5B6P5dSNjAA\">Latitude: N 43,18180\u00b0\u00a0 \u00a0Longitude: E 16,59160\u00b0<\/a> <\/span><strong><br \/>\n<\/strong>Visina \/ H\u00f6he: 5 m<\/p>\n<p><strong>Katastarska \u010destica \/ Grundst\u00fccke<br \/>\n<\/strong>*105, *106, 3345\/1, 3345\/2, 3345\/3<div class='content-column one_half'><div style=\"padding-right:6px;\"><p><strong>Datum snimanja \/ Erfassungsdatum<br \/>\n<\/strong>16.05.2013 09:00:00<\/p>\n<hr \/>\n<p><strong>Informacije<\/strong><\/p>\n<p>Ostatak je \u017eenskog samostana dominikanki tre\u0107oretkinja, tzv. picokara. Samostan i crkva su prvo bili posve\u0107eni sv. Vicencu (Vinku) Fererskom. Samostan je 1500. podigao sve\u0107enik Nikola Barbeta. 1571. Turci napadaju Stari Grad pri \u010demu su zapalili samostan i ubili pet redovnica. U muzeju dominikanskog samostana nalazi se kameni reljef s likovima mu\u010denica i uskrslog Krista, kao spomen na njihovu smrt.<\/p><\/div><\/div><div class='content-column one_half last_column'><div style=\"padding-right:0px;padding-left:6px;\"><p><strong>Stupanj za\u0161tite \/ Schutzstellung<br \/>\n<\/strong>&#8211;<\/p>\n<hr \/>\n<p><strong>Info<\/strong><\/p>\n<p>Der Rest des Frauenklosters des Dominikanerorden, der sogenannte. picokara. Kloster und Kirche waren zun\u00e4chst dem hl. Vinzens Fererskorn gewidmet. Das Kloster wurde im Jahr 1500 von dem Priester Nikola Barbeta errichtet. 1571 greifen die T\u00fcrken Stari Grad an, wobei sie das Kloster niederbrannten und f\u00fcnf Nonnen t\u00f6teten. Im Museum des Dominikanerklosters befindet sich ein Steinrelief mit den Figuren der M\u00e4rtyrer und des auferstandenen Christus als Erinnerung an ihren Tod.<\/p><\/div><\/div><div class='clear_column'><\/div><div class='content-column one_half'><div style=\"padding-right:6px;\"><p>Samostan u funkciji se zadnji puta spominje 1753. Sada se nalaze samo ru\u0161evine pored crkve sv. Lucije.<\/p><\/div><\/div><div class='content-column one_half last_column'><div style=\"padding-right:0px;padding-left:6px;\"><p>Das Kloster in Betrieb wurde zuletzt 1753 erw\u00e4hnt. Heute finden sich nur noch Ruinen neben der Kirche der hl. Luzia.<\/p><\/div><\/div><div class='clear_column'><\/div><\/p>\n<p><img loading=\"lazy\" decoding=\"async\" class=\"aligncenter size-full wp-image-63100\" src=\"https:\/\/www.topohvar.at\/wp-content\/uploads\/2023\/06\/sg-ca-02-9.jpg\" alt=\"\" width=\"1080\" height=\"530\" srcset=\"https:\/\/www.topohvar.at\/wp-content\/uploads\/2023\/06\/sg-ca-02-9.jpg 1080w, https:\/\/www.topohvar.at\/wp-content\/uploads\/2023\/06\/sg-ca-02-9-300x147.jpg 300w, https:\/\/www.topohvar.at\/wp-content\/uploads\/2023\/06\/sg-ca-02-9-1024x503.jpg 1024w, https:\/\/www.topohvar.at\/wp-content\/uploads\/2023\/06\/sg-ca-02-9-768x377.jpg 768w\" sizes=\"auto, (max-width: 1080px) 100vw, 1080px\" \/><\/p>\n<hr \/>\n<div class='content-column one_half'><div style=\"padding-right:6px;\"><p>Iza ju\u017enog ogradnog zida nalazi se cisterna.<\/p><\/div><\/div><div class='content-column one_half last_column'><div style=\"padding-right:0px;padding-left:6px;\"><p>Hinter der s\u00fcdlichen Umfassungsmauer befindet sich eine Zisterne.<\/p><\/div><\/div><div class='clear_column'><\/div><\/p>\n<p style=\"text-align: right;\"><span style=\"color: #3366ff;\"><a style=\"color: #3366ff;\" href=\"#seite_oben\">natrag na vrh \/ Seitenanfang<\/a><\/span><\/p>\n<hr \/>\n<p><strong>Linkovi \/ Links<\/strong><\/p>\n<p><span style=\"color: #3366ff;\"><a style=\"color: #3366ff;\" href=\"https:\/\/www.topohvar.at\/topo\/orte\/sg\/sg-ci-04-2\/\">Crkva Sv. Lucija \/ Kirche der hl. Luzia<\/a><br \/>\n<a href=\"https:\/\/www.topohvar.at\/topo\/orte\/sg\/sg-op-ja-1\/\"><span style=\"color: #3366ff;\">Objekt \u00bbGustirna iza samostana\u00ab \/ Zisterne hinter dem Kloster<\/span><\/a><br \/>\n<\/span><\/p>\n","protected":false},"excerpt":{"rendered":"<p>Ime \/ Name Samostan \u00bbBiv\u0161i Dominikanski samostan sv. Vicencu (Vinku)\u00ab \/ ehemaliges Dominikaner(innen)kloster des hl. Vinzens Code: SG-CA-02\u00a0 \u00a0 \u00a0 \u00a0 \u00a0 \u00a0 \u00a0 \u00a0 \u00a0 \u00a0 \u00a0 \u00a0 \u00a0 \u00a0 \u00a0 \u00a0 \u00a0 \u00a0 \u00a0 \u00a0 \u00a0 \u00a0 \u00a0\u00a0 &hellip; <a href=\"https:\/\/www.topohvar.at\/topo\/orte\/sg\/sg-ca-02-2\/\">Weiterlesen <span class=\"meta-nav\">&rarr;<\/span><\/a><\/p>\n","protected":false},"author":1,"featured_media":0,"parent":99,"menu_order":0,"comment_status":"closed","ping_status":"closed","template":"","meta":{"footnotes":""},"class_list":["post-2142","page","type-page","status-publish","hentry"],"_links":{"self":[{"href":"https:\/\/www.topohvar.at\/topo\/wp-json\/wp\/v2\/pages\/2142","targetHints":{"allow":["GET"]}}],"collection":[{"href":"https:\/\/www.topohvar.at\/topo\/wp-json\/wp\/v2\/pages"}],"about":[{"href":"https:\/\/www.topohvar.at\/topo\/wp-json\/wp\/v2\/types\/page"}],"author":[{"embeddable":true,"href":"https:\/\/www.topohvar.at\/topo\/wp-json\/wp\/v2\/users\/1"}],"replies":[{"embeddable":true,"href":"https:\/\/www.topohvar.at\/topo\/wp-json\/wp\/v2\/comments?post=2142"}],"version-history":[{"count":16,"href":"https:\/\/www.topohvar.at\/topo\/wp-json\/wp\/v2\/pages\/2142\/revisions"}],"predecessor-version":[{"id":63121,"href":"https:\/\/www.topohvar.at\/topo\/wp-json\/wp\/v2\/pages\/2142\/revisions\/63121"}],"up":[{"embeddable":true,"href":"https:\/\/www.topohvar.at\/topo\/wp-json\/wp\/v2\/pages\/99"}],"wp:attachment":[{"href":"https:\/\/www.topohvar.at\/topo\/wp-json\/wp\/v2\/media?parent=2142"}],"curies":[{"name":"wp","href":"https:\/\/api.w.org\/{rel}","templated":true}]}}

STARI GRAD &#8211; Samostan »Bivši Dominikanski samostan sv. Vicencu (Vinku)«

<p><a name="seite_oben"></a><br />
<img loading="lazy" decoding="async" class="alignnone wp-image-2113 size-large" src="https://www.topohvar.at/wp-content/uploads/2018/08/SG-CA-02-1-1024x503.jpg" alt="" width="640" height="314" srcset="https://www.topohvar.at/wp-content/uploads/2018/08/SG-CA-02-1-1024x503.jpg 1024w, https://www.topohvar.at/wp-content/uploads/2018/08/SG-CA-02-1-300x147.jpg 300w, https://www.topohvar.at/wp-content/uploads/2018/08/SG-CA-02-1-768x377.jpg 768w" sizes="auto, (max-width: 640px) 100vw, 640px" /></p>
<p><strong>Ime / Name<br />
</strong>Samostan »Bivši Dominikanski samostan sv. Vicencu (Vinku)« / ehemaliges Dominikaner(innen)kloster des hl. Vinzens</p>
<p><strong>Code: </strong>SG-CA-02                                              <strong><a href="https://www.topohvar.at/orte/sg/sg-ca-01-2/"><img loading="lazy" decoding="async" class="alignnone wp-image-533 size-full" src="https://www.topohvar.at/wp-content/uploads/2018/07/push-l-30.jpg" alt="" width="61" height="30" /></a> <a href="https://www.topohvar.at/orte/sg/"><img loading="lazy" decoding="async" class="alignnone wp-image-535 size-full" src="https://www.topohvar.at/wp-content/uploads/2018/07/push-o-30.jpg" alt="" width="61" height="30" /></a> <a href="https://www.topohvar.at/orte/sg/sg-ci-01-2/"><img loading="lazy" decoding="async" class="alignnone wp-image-12299 size-full" src="https://www.topohvar.at/wp-content/uploads/2018/09/push-next-30.jpg" alt="" width="61" height="30" /></a></strong></p>
<hr />
<p><strong>Adresa / Adresse<br />
</strong>Stari Grad, Vukovarska cesta</p>
<p><strong>Lokacija / Position<a href="https://goo.gl/maps/JJ17rm5B6P5dSNjAA"><img loading="lazy" decoding="async" class="alignright wp-image-2175" src="https://www.topohvar.at/wp-content/uploads/2018/08/1347.jpg" alt="" width="133" height="100" /></a><br />
</strong><span style="color: #3366ff;"><a style="color: #3366ff;" href="https://goo.gl/maps/JJ17rm5B6P5dSNjAA">Latitude: N 43,18180°   Longitude: E 16,59160°</a> </span><strong><br />
</strong>Visina / Höhe: 5 m</p>
<p><strong>Katastarska čestica / Grundstücke<br />
</strong>*105, *106, 3345/1, 3345/2, 3345/3<div class='content-column one_half'><div style="padding-right:6px;"><p><strong>Datum snimanja / Erfassungsdatum<br />
</strong>16.05.2013 09:00:00</p>
<hr />
<p><strong>Informacije</strong></p>
<p>Ostatak je ženskog samostana dominikanki trećoretkinja, tzv. picokara. Samostan i crkva su prvo bili posvećeni sv. Vicencu (Vinku) Fererskom. Samostan je 1500. podigao svećenik Nikola Barbeta. 1571. Turci napadaju Stari Grad pri čemu su zapalili samostan i ubili pet redovnica. U muzeju dominikanskog samostana nalazi se kameni reljef s likovima mučenica i uskrslog Krista, kao spomen na njihovu smrt.</p></div></div><div class='content-column one_half last_column'><div style="padding-right:0px;padding-left:6px;"><p><strong>Stupanj zaštite / Schutzstellung<br />
</strong>&#8211;</p>
<hr />
<p><strong>Info</strong></p>
<p>Der Rest des Frauenklosters des Dominikanerorden, der sogenannte. picokara. Kloster und Kirche waren zunächst dem hl. Vinzens Fererskorn gewidmet. Das Kloster wurde im Jahr 1500 von dem Priester Nikola Barbeta errichtet. 1571 greifen die Türken Stari Grad an, wobei sie das Kloster niederbrannten und fünf Nonnen töteten. Im Museum des Dominikanerklosters befindet sich ein Steinrelief mit den Figuren der Märtyrer und des auferstandenen Christus als Erinnerung an ihren Tod.</p></div></div><div class='clear_column'></div><div class='content-column one_half'><div style="padding-right:6px;"><p>Samostan u funkciji se zadnji puta spominje 1753. Sada se nalaze samo ruševine pored crkve sv. Lucije.</p></div></div><div class='content-column one_half last_column'><div style="padding-right:0px;padding-left:6px;"><p>Das Kloster in Betrieb wurde zuletzt 1753 erwähnt. Heute finden sich nur noch Ruinen neben der Kirche der hl. Luzia.</p></div></div><div class='clear_column'></div></p>
<p><img loading="lazy" decoding="async" class="aligncenter size-full wp-image-63100" src="https://www.topohvar.at/wp-content/uploads/2023/06/sg-ca-02-9.jpg" alt="" width="1080" height="530" srcset="https://www.topohvar.at/wp-content/uploads/2023/06/sg-ca-02-9.jpg 1080w, https://www.topohvar.at/wp-content/uploads/2023/06/sg-ca-02-9-300x147.jpg 300w, https://www.topohvar.at/wp-content/uploads/2023/06/sg-ca-02-9-1024x503.jpg 1024w, https://www.topohvar.at/wp-content/uploads/2023/06/sg-ca-02-9-768x377.jpg 768w" sizes="auto, (max-width: 1080px) 100vw, 1080px" /></p>
<hr />
<div class='content-column one_half'><div style="padding-right:6px;"><p>Iza južnog ogradnog zida nalazi se cisterna.</p></div></div><div class='content-column one_half last_column'><div style="padding-right:0px;padding-left:6px;"><p>Hinter der südlichen Umfassungsmauer befindet sich eine Zisterne.</p></div></div><div class='clear_column'></div></p>
<p style="text-align: right;"><span style="color: #3366ff;"><a style="color: #3366ff;" href="#seite_oben">natrag na vrh / Seitenanfang</a></span></p>
<hr />
<p><strong>Linkovi / Links</strong></p>
<p><span style="color: #3366ff;"><a style="color: #3366ff;" href="https://www.topohvar.at/topo/orte/sg/sg-ci-04-2/">Crkva Sv. Lucija / Kirche der hl. Luzia</a><br />
<a href="https://www.topohvar.at/topo/orte/sg/sg-op-ja-1/"><span style="color: #3366ff;">Objekt »Gustirna iza samostana« / Zisterne hinter dem Kloster</span></a><br />
</span></p>

<p>Ime / Name Samostan »Bivši Dominikanski samostan sv. Vicencu (Vinku)« / ehemaliges Dominikaner(innen)kloster des hl. Vinzens Code: SG-CA-02                                               &hellip; <a href="https://www.topohvar.at/topo/orte/sg/sg-ca-02-2/">Weiterlesen <span class="meta-nav">&rarr;</span></a></p>
