{"id":2154,"date":"2018-08-01T16:15:52","date_gmt":"2018-08-01T14:15:52","guid":{"rendered":"https:\/\/www.topohvar.at\/?page_id=2154"},"modified":"2024-09-06T17:16:28","modified_gmt":"2024-09-06T15:16:28","slug":"sg-ck-01-2","status":"publish","type":"page","link":"https:\/\/www.topohvar.at\/topo\/orte\/sg\/sg-ck-01-2\/","title":{"rendered":"STARI GRAD &#8211; Kapela \u00bbSv. Jelene (Jeline)\u00ab"},"content":{"rendered":"<p><a name=\"seite_oben\"><\/a><br \/>\n<img loading=\"lazy\" decoding=\"async\" class=\"alignnone wp-image-2122 size-large\" src=\"https:\/\/www.topohvar.at\/wp-content\/uploads\/2018\/08\/SG-CK-01-1-1024x503.jpg\" alt=\"\" width=\"640\" height=\"314\" srcset=\"https:\/\/www.topohvar.at\/wp-content\/uploads\/2018\/08\/SG-CK-01-1-1024x503.jpg 1024w, https:\/\/www.topohvar.at\/wp-content\/uploads\/2018\/08\/SG-CK-01-1-300x147.jpg 300w, https:\/\/www.topohvar.at\/wp-content\/uploads\/2018\/08\/SG-CK-01-1-768x377.jpg 768w\" sizes=\"auto, (max-width: 640px) 100vw, 640px\" \/><\/p>\n<p><strong>Ime \/ Name<br \/>\n<\/strong>Kapela \u00bbSv. Jelene (Jeline)\u00ab \/ Kapelle der hl. Helena<\/p>\n<p><strong>Code: <\/strong>SG-CK-01\u00a0(E-B6-2) \u00a0 \u00a0 \u00a0 \u00a0 \u00a0 \u00a0 \u00a0 \u00a0 \u00a0 \u00a0 \u00a0 \u00a0 \u00a0 \u00a0 \u00a0 \u00a0 \u00a0 \u00a0<strong><a href=\"https:\/\/www.topohvar.at\/orte\/sg\/sg-cp-05-1\/\"><img loading=\"lazy\" decoding=\"async\" class=\"alignnone wp-image-533 size-full\" src=\"https:\/\/www.topohvar.at\/wp-content\/uploads\/2018\/07\/push-l-30.jpg\" alt=\"\" width=\"61\" height=\"30\" \/><\/a> <a href=\"https:\/\/www.topohvar.at\/orte\/sg\/\"><img loading=\"lazy\" decoding=\"async\" class=\"alignnone wp-image-535 size-full\" src=\"https:\/\/www.topohvar.at\/wp-content\/uploads\/2018\/07\/push-o-30.jpg\" alt=\"\" width=\"61\" height=\"30\" \/><\/a> <a href=\"https:\/\/www.topohvar.at\/orte\/sg\/sg-ck-03-2\/\"><img loading=\"lazy\" decoding=\"async\" class=\"alignnone wp-image-536 size-full\" src=\"https:\/\/www.topohvar.at\/wp-content\/uploads\/2018\/07\/push-r-30.jpg\" alt=\"\" width=\"61\" height=\"30\" \/><\/a><\/strong><\/p>\n<hr \/>\n<p><strong>Adresa \/ Adresse<br \/>\n<\/strong>Polje, na putu od Starog Grada prema Dol \/ in der Stari Grader Ebene am Weg von Stari Grad nach Dol<\/p>\n<p><strong>Lokacija \/ Position<a href=\"https:\/\/goo.gl\/maps\/SevB7B7nsudacUPT7\"><img loading=\"lazy\" decoding=\"async\" class=\"alignright wp-image-2206\" src=\"https:\/\/www.topohvar.at\/wp-content\/uploads\/2018\/08\/0530.jpg\" alt=\"\" width=\"134\" height=\"100\" \/><\/a><br \/>\n<\/strong><span style=\"color: #3366ff;\"><a style=\"color: #3366ff;\" href=\"https:\/\/goo.gl\/maps\/SevB7B7nsudacUPT7\">Latitude: N 43,17839\u00b0\u00a0 \u00a0Longitude: E 16,61204\u00b0<\/a> <\/span><strong><br \/>\n<\/strong>Visina \/ H\u00f6he: 28 m<\/p>\n<p><strong>Katastarska \u010destica \/ Grundst\u00fccke<br \/>\n<\/strong>10687, 3241\/3 (Dol)<div class='content-column one_half'><div style=\"padding-right:6px;\"><p><strong>Datum snimanja \/ Erfassungsdatum<br \/>\n<\/strong>14.05.2013 12:53:00<\/p>\n<hr \/>\n<p><strong>Informacije<\/strong><\/p>\n<p>Iz vremena 15. stolje\u0107a je i kapela sv. Jelene, u narodu zvana Sveta Jelina, na starom putu cesti iz Staroga Grada prema Dolu.\u00a0 Jednostavne pravokutne gradnje s pokrovom odkamenih plo\u010da. Ukra\u0161ena je rusti\u010dnim reljefima.<\/p><\/div><\/div><div class='content-column one_half last_column'><div style=\"padding-right:0px;padding-left:6px;\"><p><strong>Stupanj za\u0161tite \/ Schutzstellung<br \/>\n<\/strong>P-816<\/p>\n<hr \/>\n<p><strong>Info<\/strong><\/p>\n<p>Ab dem 15. Jahrhundert befindet sich auch die Kapelle des hl. Jelena, im Volksmund als Sveta Jelina bekannt, an der alten Stra\u00dfe von Stari Grad nach Dol.\u00a0 Sie ist ein einfaches rechteckiges Geb\u00e4ude mit einem Dach aus Steinplatten. Sie ist mit rustikalen Reliefs verziert.<\/p><\/div><\/div><div class='clear_column'><\/div><div class='content-column one_half'><div style=\"padding-right:6px;\"><p>Crkvicu ne spominje srednjovjekovni hvarski Statut, koji nam precizno opisuje sveti\u0161ta u polju sv. Stjepana, dan\u0161njeg zapadnog dijela Starogradskog polja.<\/p><\/div><\/div><div class='content-column one_half last_column'><div style=\"padding-right:0px;padding-left:6px;\"><p>Die kleine Kirche wird im mittelalterlichen Statut von Hvar nicht erw\u00e4hnt, welches die kirchlichen Bauten auf dem Feld von St. Stefan beschreibt, dem heutigen westlichen Teil der Stari Grader Ebene.<\/p><\/div><\/div><div class='clear_column'><\/div><div class='content-column one_half'><div style=\"padding-right:6px;\"><p>Crkva je preventivno za\u0161ti\u0107ena kao kulturno dobro Republike Hrvatske 28. travnja 2007. godine pod brojem P-816. Datum isteka preventivne za\u0161tite: 28. 04. 2007<\/p><\/div><\/div><div class='content-column one_half last_column'><div style=\"padding-right:0px;padding-left:6px;\"><p>Die Kirche wurde am 28. 04. 2007 mit der Nummer P-816 pr\u00e4ventativ als Kulturgut der Republik Kroatien gesch\u00fctzt. Ablaufdatum des vorbeugenden Schutzes: 28. April 2007<\/p><\/div><\/div><div class='clear_column'><\/div><div class='content-column one_half'><div style=\"padding-right:6px;\"><p>Obnova vanjskog i krova 2018. godine.<\/p><\/div><\/div><div class='content-column one_half last_column'><div style=\"padding-right:0px;padding-left:6px;\"><p>Eine Renovierung von Au\u00dfenseite und Dach erfolgte im Jahr 2018.<\/p><\/div><\/div><div class='clear_column'><\/div><\/p>\n<p><img loading=\"lazy\" decoding=\"async\" class=\"aligncenter size-full wp-image-48799\" src=\"https:\/\/www.topohvar.at\/wp-content\/uploads\/2021\/05\/sg-ck-01-22.jpg\" alt=\"\" width=\"294\" height=\"300\" \/><\/p>\n<div id=\"attachment_13052\" style=\"width: 650px\" class=\"wp-caption alignnone\"><img loading=\"lazy\" decoding=\"async\" aria-describedby=\"caption-attachment-13052\" class=\"wp-image-13052 size-large\" src=\"https:\/\/www.topohvar.at\/wp-content\/uploads\/2018\/10\/sg-ck-01-12-1024x503.jpg\" alt=\"\" width=\"640\" height=\"314\" srcset=\"https:\/\/www.topohvar.at\/wp-content\/uploads\/2018\/10\/sg-ck-01-12-1024x503.jpg 1024w, https:\/\/www.topohvar.at\/wp-content\/uploads\/2018\/10\/sg-ck-01-12-300x147.jpg 300w, https:\/\/www.topohvar.at\/wp-content\/uploads\/2018\/10\/sg-ck-01-12-768x377.jpg 768w, https:\/\/www.topohvar.at\/wp-content\/uploads\/2018\/10\/sg-ck-01-12.jpg 1080w\" sizes=\"auto, (max-width: 640px) 100vw, 640px\" \/><p id=\"caption-attachment-13052\" class=\"wp-caption-text\">2018.g. \/2018<\/p><\/div>\n<p style=\"text-align: right;\"><span style=\"color: #3366ff;\"><a style=\"color: #3366ff;\" href=\"#seite_oben\">natrag na vrh \/ Seitenanfang<\/a><\/span><\/p>\n<hr \/>\n<div class='content-column one_half'><div style=\"padding-right:6px;\"><p><strong>Sv. Jelina<\/strong><\/p>\n<p>Majka cara Konstantina Velikoga koji je glasovitim Milanskim ediktom 313. kr\u0161\u0107anstvu dao slobodu. Resila ju je izrazita pobo\u017enost i dala je sagraditi mnoge crkve. Ve\u0107 u poodmakloj dobi hodo\u010dastila je u Svetu zemlju i tu, prema predaji, na njezin poticaj biva prona\u0111en Isusov kri\u017e na mjestu Kristova raspe\u0107a.<\/p>\n<p>&nbsp;<\/p>\n<p>Spomedan je 18. kolovoza.<\/p><\/div><\/div>\n<div class='content-column one_half last_column'><div style=\"padding-right:0px;padding-left:6px;\"><p><strong>Die hl. Helena<\/strong><\/p>\n<p>Helena war die Mutter von Kaiser Konstantin dem Gro\u00dfen, der im ber\u00fchmten Edikt von Mailand im Jahr 313 dem Christentum die Freiheit gab. Sie rettete sie mit ausgesprochener Hingabe und lie\u00df viele Kirchen errichten. Auch im fortgeschrittenen Alter fuhr sie gem\u00e4\u00df der Tradition in das Heilige Land. Auf ihre Veranlassung wurde das Kreuz Jesu an der Stelle der Kreuzigung Christi gefunden.<\/p>\n<p>Gedenktag ist der 18. August.<\/p><\/div><\/div><div class='clear_column'><\/div>\n<p style=\"text-align: right;\"><span style=\"color: #3366ff;\"><a style=\"color: #3366ff;\" href=\"#seite_oben\">natrag na vrh \/ Seitenanfang<\/a><\/span><\/p>\n<hr \/>\n<p><strong>Linkovi \/ Links<\/strong><\/p>\n<p><span style=\"color: #3366ff;\"><a style=\"color: #3366ff;\" href=\"https:\/\/www.topohvar.at\/topo\/orte\/sg\/sg-ir-03-2\/\">Reljefi nad ulazom \/ Reliefs \u00fcber dem Eingang<\/a><\/span><\/p>\n","protected":false},"excerpt":{"rendered":"<p>Ime \/ Name Kapela \u00bbSv. Jelene (Jeline)\u00ab \/ Kapelle der hl. Helena Code: SG-CK-01\u00a0(E-B6-2) \u00a0 \u00a0 \u00a0 \u00a0 \u00a0 \u00a0 \u00a0 \u00a0 \u00a0 \u00a0 \u00a0 \u00a0 \u00a0 \u00a0 \u00a0 \u00a0 \u00a0 \u00a0 Adresa \/ Adresse Polje, na putu od Starog &hellip; <a href=\"https:\/\/www.topohvar.at\/topo\/orte\/sg\/sg-ck-01-2\/\">Weiterlesen <span class=\"meta-nav\">&rarr;<\/span><\/a><\/p>\n","protected":false},"author":1,"featured_media":0,"parent":99,"menu_order":0,"comment_status":"closed","ping_status":"closed","template":"","meta":{"footnotes":""},"class_list":["post-2154","page","type-page","status-publish","hentry"],"_links":{"self":[{"href":"https:\/\/www.topohvar.at\/topo\/wp-json\/wp\/v2\/pages\/2154","targetHints":{"allow":["GET"]}}],"collection":[{"href":"https:\/\/www.topohvar.at\/topo\/wp-json\/wp\/v2\/pages"}],"about":[{"href":"https:\/\/www.topohvar.at\/topo\/wp-json\/wp\/v2\/types\/page"}],"author":[{"embeddable":true,"href":"https:\/\/www.topohvar.at\/topo\/wp-json\/wp\/v2\/users\/1"}],"replies":[{"embeddable":true,"href":"https:\/\/www.topohvar.at\/topo\/wp-json\/wp\/v2\/comments?post=2154"}],"version-history":[{"count":22,"href":"https:\/\/www.topohvar.at\/topo\/wp-json\/wp\/v2\/pages\/2154\/revisions"}],"predecessor-version":[{"id":69606,"href":"https:\/\/www.topohvar.at\/topo\/wp-json\/wp\/v2\/pages\/2154\/revisions\/69606"}],"up":[{"embeddable":true,"href":"https:\/\/www.topohvar.at\/topo\/wp-json\/wp\/v2\/pages\/99"}],"wp:attachment":[{"href":"https:\/\/www.topohvar.at\/topo\/wp-json\/wp\/v2\/media?parent=2154"}],"curies":[{"name":"wp","href":"https:\/\/api.w.org\/{rel}","templated":true}]}}

<p><a name="seite_oben"></a><br />
<img loading="lazy" decoding="async" class="alignnone wp-image-2122 size-large" src="https://www.topohvar.at/wp-content/uploads/2018/08/SG-CK-01-1-1024x503.jpg" alt="" width="640" height="314" srcset="https://www.topohvar.at/wp-content/uploads/2018/08/SG-CK-01-1-1024x503.jpg 1024w, https://www.topohvar.at/wp-content/uploads/2018/08/SG-CK-01-1-300x147.jpg 300w, https://www.topohvar.at/wp-content/uploads/2018/08/SG-CK-01-1-768x377.jpg 768w" sizes="auto, (max-width: 640px) 100vw, 640px" /></p>
<p><strong>Ime / Name<br />
</strong>Kapela »Sv. Jelene (Jeline)« / Kapelle der hl. Helena</p>
<p><strong>Code: </strong>SG-CK-01 (E-B6-2)                                    <strong><a href="https://www.topohvar.at/orte/sg/sg-cp-05-1/"><img loading="lazy" decoding="async" class="alignnone wp-image-533 size-full" src="https://www.topohvar.at/wp-content/uploads/2018/07/push-l-30.jpg" alt="" width="61" height="30" /></a> <a href="https://www.topohvar.at/orte/sg/"><img loading="lazy" decoding="async" class="alignnone wp-image-535 size-full" src="https://www.topohvar.at/wp-content/uploads/2018/07/push-o-30.jpg" alt="" width="61" height="30" /></a> <a href="https://www.topohvar.at/orte/sg/sg-ck-03-2/"><img loading="lazy" decoding="async" class="alignnone wp-image-536 size-full" src="https://www.topohvar.at/wp-content/uploads/2018/07/push-r-30.jpg" alt="" width="61" height="30" /></a></strong></p>
<hr />
<p><strong>Adresa / Adresse<br />
</strong>Polje, na putu od Starog Grada prema Dol / in der Stari Grader Ebene am Weg von Stari Grad nach Dol</p>
<p><strong>Lokacija / Position<a href="https://goo.gl/maps/SevB7B7nsudacUPT7"><img loading="lazy" decoding="async" class="alignright wp-image-2206" src="https://www.topohvar.at/wp-content/uploads/2018/08/0530.jpg" alt="" width="134" height="100" /></a><br />
</strong><span style="color: #3366ff;"><a style="color: #3366ff;" href="https://goo.gl/maps/SevB7B7nsudacUPT7">Latitude: N 43,17839°   Longitude: E 16,61204°</a> </span><strong><br />
</strong>Visina / Höhe: 28 m</p>
<p><strong>Katastarska čestica / Grundstücke<br />
</strong>10687, 3241/3 (Dol)<div class='content-column one_half'><div style="padding-right:6px;"><p><strong>Datum snimanja / Erfassungsdatum<br />
</strong>14.05.2013 12:53:00</p>
<hr />
<p><strong>Informacije</strong></p>
<p>Iz vremena 15. stoljeća je i kapela sv. Jelene, u narodu zvana Sveta Jelina, na starom putu cesti iz Staroga Grada prema Dolu.  Jednostavne pravokutne gradnje s pokrovom odkamenih ploča. Ukrašena je rustičnim reljefima.</p></div></div><div class='content-column one_half last_column'><div style="padding-right:0px;padding-left:6px;"><p><strong>Stupanj zaštite / Schutzstellung<br />
</strong>P-816</p>
<hr />
<p><strong>Info</strong></p>
<p>Ab dem 15. Jahrhundert befindet sich auch die Kapelle des hl. Jelena, im Volksmund als Sveta Jelina bekannt, an der alten Straße von Stari Grad nach Dol.  Sie ist ein einfaches rechteckiges Gebäude mit einem Dach aus Steinplatten. Sie ist mit rustikalen Reliefs verziert.</p></div></div><div class='clear_column'></div><div class='content-column one_half'><div style="padding-right:6px;"><p>Crkvicu ne spominje srednjovjekovni hvarski Statut, koji nam precizno opisuje svetišta u polju sv. Stjepana, danšnjeg zapadnog dijela Starogradskog polja.</p></div></div><div class='content-column one_half last_column'><div style="padding-right:0px;padding-left:6px;"><p>Die kleine Kirche wird im mittelalterlichen Statut von Hvar nicht erwähnt, welches die kirchlichen Bauten auf dem Feld von St. Stefan beschreibt, dem heutigen westlichen Teil der Stari Grader Ebene.</p></div></div><div class='clear_column'></div><div class='content-column one_half'><div style="padding-right:6px;"><p>Crkva je preventivno zaštićena kao kulturno dobro Republike Hrvatske 28. travnja 2007. godine pod brojem P-816. Datum isteka preventivne zaštite: 28. 04. 2007</p></div></div><div class='content-column one_half last_column'><div style="padding-right:0px;padding-left:6px;"><p>Die Kirche wurde am 28. 04. 2007 mit der Nummer P-816 präventativ als Kulturgut der Republik Kroatien geschützt. Ablaufdatum des vorbeugenden Schutzes: 28. April 2007</p></div></div><div class='clear_column'></div><div class='content-column one_half'><div style="padding-right:6px;"><p>Obnova vanjskog i krova 2018. godine.</p></div></div><div class='content-column one_half last_column'><div style="padding-right:0px;padding-left:6px;"><p>Eine Renovierung von Außenseite und Dach erfolgte im Jahr 2018.</p></div></div><div class='clear_column'></div></p>
<p><img loading="lazy" decoding="async" class="aligncenter size-full wp-image-48799" src="https://www.topohvar.at/wp-content/uploads/2021/05/sg-ck-01-22.jpg" alt="" width="294" height="300" /></p>
<div id="attachment_13052" style="width: 650px" class="wp-caption alignnone"><img loading="lazy" decoding="async" aria-describedby="caption-attachment-13052" class="wp-image-13052 size-large" src="https://www.topohvar.at/wp-content/uploads/2018/10/sg-ck-01-12-1024x503.jpg" alt="" width="640" height="314" srcset="https://www.topohvar.at/wp-content/uploads/2018/10/sg-ck-01-12-1024x503.jpg 1024w, https://www.topohvar.at/wp-content/uploads/2018/10/sg-ck-01-12-300x147.jpg 300w, https://www.topohvar.at/wp-content/uploads/2018/10/sg-ck-01-12-768x377.jpg 768w, https://www.topohvar.at/wp-content/uploads/2018/10/sg-ck-01-12.jpg 1080w" sizes="auto, (max-width: 640px) 100vw, 640px" /><p id="caption-attachment-13052" class="wp-caption-text">2018.g. /2018</p></div>
<p style="text-align: right;"><span style="color: #3366ff;"><a style="color: #3366ff;" href="#seite_oben">natrag na vrh / Seitenanfang</a></span></p>
<hr />
<div class='content-column one_half'><div style="padding-right:6px;"><p><strong>Sv. Jelina</strong></p>
<p>Majka cara Konstantina Velikoga koji je glasovitim Milanskim ediktom 313. kršćanstvu dao slobodu. Resila ju je izrazita pobožnost i dala je sagraditi mnoge crkve. Već u poodmakloj dobi hodočastila je u Svetu zemlju i tu, prema predaji, na njezin poticaj biva pronađen Isusov križ na mjestu Kristova raspeća.</p>
<p>&nbsp;</p>
<p>Spomedan je 18. kolovoza.</p></div></div>
<div class='content-column one_half last_column'><div style="padding-right:0px;padding-left:6px;"><p><strong>Die hl. Helena</strong></p>
<p>Helena war die Mutter von Kaiser Konstantin dem Großen, der im berühmten Edikt von Mailand im Jahr 313 dem Christentum die Freiheit gab. Sie rettete sie mit ausgesprochener Hingabe und ließ viele Kirchen errichten. Auch im fortgeschrittenen Alter fuhr sie gemäß der Tradition in das Heilige Land. Auf ihre Veranlassung wurde das Kreuz Jesu an der Stelle der Kreuzigung Christi gefunden.</p>
<p>Gedenktag ist der 18. August.</p></div></div><div class='clear_column'></div>
<p style="text-align: right;"><span style="color: #3366ff;"><a style="color: #3366ff;" href="#seite_oben">natrag na vrh / Seitenanfang</a></span></p>
<hr />
<p><strong>Linkovi / Links</strong></p>
<p><span style="color: #3366ff;"><a style="color: #3366ff;" href="https://www.topohvar.at/topo/orte/sg/sg-ir-03-2/">Reljefi nad ulazom / Reliefs über dem Eingang</a></span></p>
