{"id":2234,"date":"2018-08-02T07:56:19","date_gmt":"2018-08-02T05:56:19","guid":{"rendered":"https:\/\/www.topohvar.at\/?page_id=2234"},"modified":"2021-04-16T08:42:11","modified_gmt":"2021-04-16T06:42:11","slug":"sg-cp-01-2","status":"publish","type":"page","link":"https:\/\/www.topohvar.at\/topo\/orte\/sg\/sg-cp-01-2\/","title":{"rendered":"STARI GRAD &#8211; Kapela \u00bbIsusa Kristu\u00ab"},"content":{"rendered":"<p><a name=\"seite_oben\"><\/a><br \/>\n<img loading=\"lazy\" decoding=\"async\" class=\"aligncenter wp-image-34584 size-full\" src=\"https:\/\/www.topohvar.at\/wp-content\/uploads\/2020\/04\/SG-CP-01-1.jpg\" alt=\"\" width=\"1080\" height=\"530\" srcset=\"https:\/\/www.topohvar.at\/wp-content\/uploads\/2020\/04\/SG-CP-01-1.jpg 1080w, https:\/\/www.topohvar.at\/wp-content\/uploads\/2020\/04\/SG-CP-01-1-300x147.jpg 300w, https:\/\/www.topohvar.at\/wp-content\/uploads\/2020\/04\/SG-CP-01-1-1024x503.jpg 1024w, https:\/\/www.topohvar.at\/wp-content\/uploads\/2020\/04\/SG-CP-01-1-768x377.jpg 768w\" sizes=\"auto, (max-width: 1080px) 100vw, 1080px\" \/><\/p>\n<p><strong>Ime \/ Name<br \/>\n<\/strong>Kapela \u00bbIsusa Kristu\u00ab \/ Kapelle Jesus Christus<\/p>\n<p><strong>Code: <\/strong>SG-CP-01\u00a0 \u00a0 \u00a0 \u00a0 \u00a0 \u00a0 \u00a0 \u00a0 \u00a0 \u00a0 \u00a0 \u00a0 \u00a0 \u00a0 \u00a0 \u00a0 \u00a0 \u00a0\u00a0<strong><a href=\"https:\/\/www.topohvar.at\/orte\/sg\/sg-ck-03-2\/\"><img loading=\"lazy\" decoding=\"async\" class=\"alignnone wp-image-533 size-full\" src=\"https:\/\/www.topohvar.at\/wp-content\/uploads\/2018\/07\/push-l-30.jpg\" alt=\"\" width=\"61\" height=\"30\" \/><\/a> <a href=\"https:\/\/www.topohvar.at\/orte\/sg\/\"><img loading=\"lazy\" decoding=\"async\" class=\"alignnone wp-image-535 size-full\" src=\"https:\/\/www.topohvar.at\/wp-content\/uploads\/2018\/07\/push-o-30.jpg\" alt=\"\" width=\"61\" height=\"30\" \/><\/a> <a href=\"https:\/\/www.topohvar.at\/orte\/sg\/sg-cp-02-2\/\"><img loading=\"lazy\" decoding=\"async\" class=\"alignnone wp-image-536 size-full\" src=\"https:\/\/www.topohvar.at\/wp-content\/uploads\/2018\/07\/push-r-30.jpg\" alt=\"\" width=\"61\" height=\"30\" \/><\/a><\/strong><\/p>\n<hr \/>\n<p><strong>Adresa \/ Adresse<br \/>\n<\/strong>Glavica<\/p>\n<p><strong>Lokacija \/ Position<a href=\"https:\/\/goo.gl\/maps\/Uje4dqZPNj81mncH8\"><img loading=\"lazy\" decoding=\"async\" class=\"alignright wp-image-2246\" src=\"https:\/\/www.topohvar.at\/wp-content\/uploads\/2018\/08\/0608.jpg\" alt=\"\" width=\"133\" height=\"100\" \/><\/a><br \/>\n<\/strong><span style=\"color: #3366ff;\"><a style=\"color: #3366ff;\" href=\"https:\/\/goo.gl\/maps\/Uje4dqZPNj81mncH8\">Latitude: N 43,19095\u00b0\u00a0 \u00a0Longitude: E 16,59581\u00b0<\/a> <\/span><strong><br \/>\n<\/strong>Visina \/ H\u00f6he: 117 m<\/p>\n<p><strong>Katastarska \u010destica \/ Grundst\u00fccke<br \/>\n<\/strong>7306<div class='content-column one_half'><div style=\"padding-right:6px;\"><p><strong>Datum snimanja \/ Erfassungsdatum<br \/>\n<\/strong>29.05.2013 08:47:39<\/p>\n<hr \/>\n<p><strong>Informacije<\/strong><\/p>\n<p>Na vrhu brijega znanoga GLAVICA (117 m nadmorske visine) podignuta je u I. Tisu\u0107lje\u0107u prije Krista gradina koja je \u010duvala prapovijesno naselje izgra\u0111eno na mjestu dana\u0161ne stare gradske jetgre Staroga Grada. Kameni prsten oko vrha GLAVICE ostatak je te prapovijesne utvrde.<\/p><\/div><\/div><div class='content-column one_half last_column'><div style=\"padding-right:0px;padding-left:6px;\"><p><strong>Stupanj za\u0161tite \/ Schutzstellung<br \/>\n<\/strong>&#8211;<\/p>\n<hr \/>\n<p><strong>Info<\/strong><\/p>\n<p>Am Gipfel des H\u00fcgels Glavica (117 m \u00fcber dem Meeresspiegel) wurde im ersten Jahrtausend vor Christus eine Festung errichtet, die die erste pr\u00e4historische Siedlung auf dem Gel\u00e4nde des heutigen Stari Grad bewachte. Der Steinring rund um den Gipfel des Glavica ist der Rest der pr\u00e4historischen Festung.<\/p><\/div><\/div><div class='clear_column'><\/div><div class='content-column one_half'><div style=\"padding-right:6px;\"><p>ODLOKOM POVJERENSTVA ZA IMOVINU VLADE REPUBLIKE HRVATSKE OD 28. SRPNJA 2004. GODINE, OVA KAMENITA POVR\u0160INA, IZNAD GRADA STAROG GRADA OZNA\u010cENA KAO K. \u010c. BR. 7306, UKUPNE POVR\u0160INE 2.583 m<sup>2 <\/sup>LOKALITET \u201eGLAVICA\u201c \/\u201edariva se \u017dupnoj crkvi Sv. Stepana I. Pape i mu\u010denika u Starom Gradu&#8230;, a u svrhu o\u010duvanja sakralne namjene tog mjesta.\u201c<\/p><\/div><\/div><div class='content-column one_half last_column'><div style=\"padding-right:0px;padding-left:6px;\"><p>Beschluss der Kommission f\u00fcr Verm\u00f6gen der Regierung der Republik Kroatien vom 28. Juli 2004: Das steinige Areal oberhalb von Stari Grad, Grundst\u00fcck Nr. 7306, mit einer Gesamtfl\u00e4che von 2.583 m2, genannt &#8222;Glavica&#8220; &#8222;wird der Pfarrkirche St. Stepan I., Papst und M\u00e4rtyrer, in Stari Grad &#8230; zwecks Erhaltung der heiligen Bestimmung dieses Ortes&#8220; vermacht.<\/p><\/div><\/div><div class='clear_column'><\/div><div class='content-column one_half'><div style=\"padding-right:6px;\"><p>HVALA! Vladi Republike Hvarske, Posebno zahvaljujemo: gospodinu Ante Palaricu dr. prav. znan., gospodinu Grgi Ivezi\u0107u mr. sc., gospodinu Kruni Peronji dipl. jur. Gradona\u010delniku i Poglavarstvu Starog Grada. Vjernici Starog Grada, \u017eupnik Don Mili Plenkovi\u0107 Marinko Juri\u0107 Peretov.<br \/>\nM. J. P.<\/p><\/div><\/div><div class='content-column one_half last_column'><div style=\"padding-right:0px;padding-left:6px;\"><p>Danke! der Regierung von Hvar und ein besonderer Dank an: Dr. Ante Palari\u0107, Mr. Sc. Grgi Ivezi\u0107, Dipl. Jur. Kruno Peronja, B\u00fcrgermeister und Stadtverwaltung von Stari Grad, die Gl\u00e4ubigen von Stari Grad, Pfarrer Don Mili Plenkovi\u0107, Marinko Juric Peretov.<br \/>\nM. J. P.<\/p><\/div><\/div><div class='clear_column'><\/div><div class='content-column one_half'><div style=\"padding-right:6px;\"><p>Natpis:<br \/>\nINRI\u00a0 U OVOM \u0106E\u0160 ZNAKU POBJEDITI!<\/p><\/div><\/div><div class='content-column one_half last_column'><div style=\"padding-right:0px;padding-left:6px;\"><p>Inschrift:<br \/>\nINRI in diesem Zeichen wirst du siegen!<\/p><\/div><\/div><div class='clear_column'><\/div><\/p>\n<p style=\"text-align: right;\"><span style=\"color: #3366ff;\"><a style=\"color: #3366ff;\" href=\"#seite_oben\">natrag na vrh \/ Seitenanfang<\/a><\/span><\/p>\n<hr \/>\n<p><strong>Linkovi \/ Links<\/strong><\/p>\n<p><span style=\"color: #3366ff;\"><a style=\"color: #3366ff;\" href=\"https:\/\/www.topohvar.at\/topo\/orte\/sg\/sg-cz-03-2\/\">Kri\u017e \u00bbna Glavicu\u00ab \/ Kreuz am Glavica<\/a><br \/>\n<a style=\"color: #3366ff;\" href=\"https:\/\/www.topohvar.at\/topo\/orte\/sg\/sg-is-30-2\/\">Spomen plo\u010da pod kri\u017eem \/ Gedenktafel unter dem Kreuz<\/a><br \/>\n<\/span><span style=\"color: #3366ff;\"><a style=\"color: #3366ff;\" href=\"https:\/\/www.topohvar.at\/topo\/orte\/sg\/sg-is-31-2\/\">Druga spomen plo\u010da pod kri\u017eem \/ Zweite Gedenktafel unter dem Kreuz (Marinko Juric)<\/a><\/span><br \/>\n<span style=\"color: #3366ff;\"><a style=\"color: #3366ff;\" href=\"https:\/\/www.topohvar.at\/topo\/orte\/sg\/sg-ip-12-2\/\">Informativna plo\u010da \u00bb60. godine\u00ab \/ Tafel \u00bb60 Jahre\u00ab<\/a><br \/>\n<a style=\"color: #3366ff;\" href=\"https:\/\/www.topohvar.at\/topo\/orte\/sg\/sg-in-37-1\/\">Natpis \u00bbna oltaru u Glavici\u00ab \/ Inschrift am Altar auf Glavica<\/a><\/span><br \/>\n<span style=\"color: #3366ff;\"><a style=\"color: #3366ff;\" href=\"https:\/\/www.topohvar.at\/topo\/orte\/sg\/sg-po-01-2\/\">Povijesni lokalitet \u00bbGlavica\u00ab \/ historische Lokalit\u00e4t Glavica<\/a><\/span><\/p>\n<p>&nbsp;<\/p>\n","protected":false},"excerpt":{"rendered":"<p>Ime \/ Name Kapela \u00bbIsusa Kristu\u00ab \/ Kapelle Jesus Christus Code: SG-CP-01\u00a0 \u00a0 \u00a0 \u00a0 \u00a0 \u00a0 \u00a0 \u00a0 \u00a0 \u00a0 \u00a0 \u00a0 \u00a0 \u00a0 \u00a0 \u00a0 \u00a0 \u00a0\u00a0 Adresa \/ Adresse Glavica Lokacija \/ Position Latitude: N 43,19095\u00b0\u00a0 \u00a0Longitude: &hellip; <a href=\"https:\/\/www.topohvar.at\/topo\/orte\/sg\/sg-cp-01-2\/\">Weiterlesen <span class=\"meta-nav\">&rarr;<\/span><\/a><\/p>\n","protected":false},"author":1,"featured_media":0,"parent":99,"menu_order":0,"comment_status":"closed","ping_status":"closed","template":"","meta":{"footnotes":""},"class_list":["post-2234","page","type-page","status-publish","hentry"],"_links":{"self":[{"href":"https:\/\/www.topohvar.at\/topo\/wp-json\/wp\/v2\/pages\/2234","targetHints":{"allow":["GET"]}}],"collection":[{"href":"https:\/\/www.topohvar.at\/topo\/wp-json\/wp\/v2\/pages"}],"about":[{"href":"https:\/\/www.topohvar.at\/topo\/wp-json\/wp\/v2\/types\/page"}],"author":[{"embeddable":true,"href":"https:\/\/www.topohvar.at\/topo\/wp-json\/wp\/v2\/users\/1"}],"replies":[{"embeddable":true,"href":"https:\/\/www.topohvar.at\/topo\/wp-json\/wp\/v2\/comments?post=2234"}],"version-history":[{"count":16,"href":"https:\/\/www.topohvar.at\/topo\/wp-json\/wp\/v2\/pages\/2234\/revisions"}],"predecessor-version":[{"id":47941,"href":"https:\/\/www.topohvar.at\/topo\/wp-json\/wp\/v2\/pages\/2234\/revisions\/47941"}],"up":[{"embeddable":true,"href":"https:\/\/www.topohvar.at\/topo\/wp-json\/wp\/v2\/pages\/99"}],"wp:attachment":[{"href":"https:\/\/www.topohvar.at\/topo\/wp-json\/wp\/v2\/media?parent=2234"}],"curies":[{"name":"wp","href":"https:\/\/api.w.org\/{rel}","templated":true}]}}

<p><a name="seite_oben"></a><br />
<img loading="lazy" decoding="async" class="aligncenter wp-image-34584 size-full" src="https://www.topohvar.at/wp-content/uploads/2020/04/SG-CP-01-1.jpg" alt="" width="1080" height="530" srcset="https://www.topohvar.at/wp-content/uploads/2020/04/SG-CP-01-1.jpg 1080w, https://www.topohvar.at/wp-content/uploads/2020/04/SG-CP-01-1-300x147.jpg 300w, https://www.topohvar.at/wp-content/uploads/2020/04/SG-CP-01-1-1024x503.jpg 1024w, https://www.topohvar.at/wp-content/uploads/2020/04/SG-CP-01-1-768x377.jpg 768w" sizes="auto, (max-width: 1080px) 100vw, 1080px" /></p>
<p><strong>Ime / Name<br />
</strong>Kapela »Isusa Kristu« / Kapelle Jesus Christus</p>
<p><strong>Code: </strong>SG-CP-01                                    <strong><a href="https://www.topohvar.at/orte/sg/sg-ck-03-2/"><img loading="lazy" decoding="async" class="alignnone wp-image-533 size-full" src="https://www.topohvar.at/wp-content/uploads/2018/07/push-l-30.jpg" alt="" width="61" height="30" /></a> <a href="https://www.topohvar.at/orte/sg/"><img loading="lazy" decoding="async" class="alignnone wp-image-535 size-full" src="https://www.topohvar.at/wp-content/uploads/2018/07/push-o-30.jpg" alt="" width="61" height="30" /></a> <a href="https://www.topohvar.at/orte/sg/sg-cp-02-2/"><img loading="lazy" decoding="async" class="alignnone wp-image-536 size-full" src="https://www.topohvar.at/wp-content/uploads/2018/07/push-r-30.jpg" alt="" width="61" height="30" /></a></strong></p>
<hr />
<p><strong>Adresa / Adresse<br />
</strong>Glavica</p>
<p><strong>Lokacija / Position<a href="https://goo.gl/maps/Uje4dqZPNj81mncH8"><img loading="lazy" decoding="async" class="alignright wp-image-2246" src="https://www.topohvar.at/wp-content/uploads/2018/08/0608.jpg" alt="" width="133" height="100" /></a><br />
</strong><span style="color: #3366ff;"><a style="color: #3366ff;" href="https://goo.gl/maps/Uje4dqZPNj81mncH8">Latitude: N 43,19095°   Longitude: E 16,59581°</a> </span><strong><br />
</strong>Visina / Höhe: 117 m</p>
<p><strong>Katastarska čestica / Grundstücke<br />
</strong>7306<div class='content-column one_half'><div style="padding-right:6px;"><p><strong>Datum snimanja / Erfassungsdatum<br />
</strong>29.05.2013 08:47:39</p>
<hr />
<p><strong>Informacije</strong></p>
<p>Na vrhu brijega znanoga GLAVICA (117 m nadmorske visine) podignuta je u I. Tisućljeću prije Krista gradina koja je čuvala prapovijesno naselje izgrađeno na mjestu današne stare gradske jetgre Staroga Grada. Kameni prsten oko vrha GLAVICE ostatak je te prapovijesne utvrde.</p></div></div><div class='content-column one_half last_column'><div style="padding-right:0px;padding-left:6px;"><p><strong>Stupanj zaštite / Schutzstellung<br />
</strong>&#8211;</p>
<hr />
<p><strong>Info</strong></p>
<p>Am Gipfel des Hügels Glavica (117 m über dem Meeresspiegel) wurde im ersten Jahrtausend vor Christus eine Festung errichtet, die die erste prähistorische Siedlung auf dem Gelände des heutigen Stari Grad bewachte. Der Steinring rund um den Gipfel des Glavica ist der Rest der prähistorischen Festung.</p></div></div><div class='clear_column'></div><div class='content-column one_half'><div style="padding-right:6px;"><p>ODLOKOM POVJERENSTVA ZA IMOVINU VLADE REPUBLIKE HRVATSKE OD 28. SRPNJA 2004. GODINE, OVA KAMENITA POVRŠINA, IZNAD GRADA STAROG GRADA OZNAČENA KAO K. Č. BR. 7306, UKUPNE POVRŠINE 2.583 m<sup>2 </sup>LOKALITET „GLAVICA“ /„dariva se Župnoj crkvi Sv. Stepana I. Pape i mučenika u Starom Gradu&#8230;, a u svrhu očuvanja sakralne namjene tog mjesta.“</p></div></div><div class='content-column one_half last_column'><div style="padding-right:0px;padding-left:6px;"><p>Beschluss der Kommission für Vermögen der Regierung der Republik Kroatien vom 28. Juli 2004: Das steinige Areal oberhalb von Stari Grad, Grundstück Nr. 7306, mit einer Gesamtfläche von 2.583 m2, genannt &#8222;Glavica&#8220; &#8222;wird der Pfarrkirche St. Stepan I., Papst und Märtyrer, in Stari Grad &#8230; zwecks Erhaltung der heiligen Bestimmung dieses Ortes&#8220; vermacht.</p></div></div><div class='clear_column'></div><div class='content-column one_half'><div style="padding-right:6px;"><p>HVALA! Vladi Republike Hvarske, Posebno zahvaljujemo: gospodinu Ante Palaricu dr. prav. znan., gospodinu Grgi Iveziću mr. sc., gospodinu Kruni Peronji dipl. jur. Gradonačelniku i Poglavarstvu Starog Grada. Vjernici Starog Grada, župnik Don Mili Plenković Marinko Jurić Peretov.<br />
M. J. P.</p></div></div><div class='content-column one_half last_column'><div style="padding-right:0px;padding-left:6px;"><p>Danke! der Regierung von Hvar und ein besonderer Dank an: Dr. Ante Palarić, Mr. Sc. Grgi Ivezić, Dipl. Jur. Kruno Peronja, Bürgermeister und Stadtverwaltung von Stari Grad, die Gläubigen von Stari Grad, Pfarrer Don Mili Plenković, Marinko Juric Peretov.<br />
M. J. P.</p></div></div><div class='clear_column'></div><div class='content-column one_half'><div style="padding-right:6px;"><p>Natpis:<br />
INRI  U OVOM ĆEŠ ZNAKU POBJEDITI!</p></div></div><div class='content-column one_half last_column'><div style="padding-right:0px;padding-left:6px;"><p>Inschrift:<br />
INRI in diesem Zeichen wirst du siegen!</p></div></div><div class='clear_column'></div></p>
<p style="text-align: right;"><span style="color: #3366ff;"><a style="color: #3366ff;" href="#seite_oben">natrag na vrh / Seitenanfang</a></span></p>
<hr />
<p><strong>Linkovi / Links</strong></p>
<p><span style="color: #3366ff;"><a style="color: #3366ff;" href="https://www.topohvar.at/topo/orte/sg/sg-cz-03-2/">Križ »na Glavicu« / Kreuz am Glavica</a><br />
<a style="color: #3366ff;" href="https://www.topohvar.at/topo/orte/sg/sg-is-30-2/">Spomen ploča pod križem / Gedenktafel unter dem Kreuz</a><br />
</span><span style="color: #3366ff;"><a style="color: #3366ff;" href="https://www.topohvar.at/topo/orte/sg/sg-is-31-2/">Druga spomen ploča pod križem / Zweite Gedenktafel unter dem Kreuz (Marinko Juric)</a></span><br />
<span style="color: #3366ff;"><a style="color: #3366ff;" href="https://www.topohvar.at/topo/orte/sg/sg-ip-12-2/">Informativna ploča »60. godine« / Tafel »60 Jahre«</a><br />
<a style="color: #3366ff;" href="https://www.topohvar.at/topo/orte/sg/sg-in-37-1/">Natpis »na oltaru u Glavici« / Inschrift am Altar auf Glavica</a></span><br />
<span style="color: #3366ff;"><a style="color: #3366ff;" href="https://www.topohvar.at/topo/orte/sg/sg-po-01-2/">Povijesni lokalitet »Glavica« / historische Lokalität Glavica</a></span></p>
<p>&nbsp;</p>
