{"id":2236,"date":"2018-08-02T07:56:45","date_gmt":"2018-08-02T05:56:45","guid":{"rendered":"https:\/\/www.topohvar.at\/?page_id=2236"},"modified":"2021-04-16T08:44:00","modified_gmt":"2021-04-16T06:44:00","slug":"sg-cp-02-2","status":"publish","type":"page","link":"https:\/\/www.topohvar.at\/topo\/orte\/sg\/sg-cp-02-2\/","title":{"rendered":"STARI GRAD &#8211; Kapela \u00bbSv. Alojzija\u00ab"},"content":{"rendered":"<p><a name=\"seite_oben\"><\/a><br \/>\n<img loading=\"lazy\" decoding=\"async\" class=\"alignnone wp-image-2225 size-large\" src=\"https:\/\/www.topohvar.at\/wp-content\/uploads\/2018\/08\/SG-CP-02-1-1024x503.jpg\" alt=\"\" width=\"640\" height=\"314\" srcset=\"https:\/\/www.topohvar.at\/wp-content\/uploads\/2018\/08\/SG-CP-02-1-1024x503.jpg 1024w, https:\/\/www.topohvar.at\/wp-content\/uploads\/2018\/08\/SG-CP-02-1-300x147.jpg 300w, https:\/\/www.topohvar.at\/wp-content\/uploads\/2018\/08\/SG-CP-02-1-768x377.jpg 768w\" sizes=\"auto, (max-width: 640px) 100vw, 640px\" \/><\/p>\n<p><strong>Ime \/ Name<br \/>\n<\/strong>Kapela \u00bbSv. Alojzija\u00ab \/ Kapelle des hl. Aloisius<\/p>\n<p><strong>Code: <\/strong>SG-CP-02\u00a0 \u00a0 \u00a0 \u00a0 \u00a0 \u00a0 \u00a0 \u00a0 \u00a0 \u00a0 \u00a0 \u00a0 \u00a0 \u00a0 \u00a0 \u00a0 \u00a0 \u00a0\u00a0<strong><a href=\"https:\/\/www.topohvar.at\/orte\/sg\/sg-cp-01-2\/\"><img loading=\"lazy\" decoding=\"async\" class=\"alignnone wp-image-533 size-full\" src=\"https:\/\/www.topohvar.at\/wp-content\/uploads\/2018\/07\/push-l-30.jpg\" alt=\"\" width=\"61\" height=\"30\" \/><\/a> <a href=\"https:\/\/www.topohvar.at\/orte\/sg\/\"><img loading=\"lazy\" decoding=\"async\" class=\"alignnone wp-image-535 size-full\" src=\"https:\/\/www.topohvar.at\/wp-content\/uploads\/2018\/07\/push-o-30.jpg\" alt=\"\" width=\"61\" height=\"30\" \/><\/a> <a href=\"https:\/\/www.topohvar.at\/orte\/sg\/sg-cp-05-1\/\"><img loading=\"lazy\" decoding=\"async\" class=\"alignnone wp-image-536 size-full\" src=\"https:\/\/www.topohvar.at\/wp-content\/uploads\/2018\/07\/push-r-30.jpg\" alt=\"\" width=\"61\" height=\"30\" \/><\/a><\/strong><\/p>\n<hr \/>\n<p><strong>Adresa \/ Adresse<br \/>\n<\/strong>Put od Starog Grada do Rudine \/ Weg von Stari Grad nach Rudina<\/p>\n<p><strong>Lokacija \/ Position<a href=\"https:\/\/goo.gl\/maps\/7Ea45E6rrFUo1cbF6\"><img loading=\"lazy\" decoding=\"async\" class=\"alignright wp-image-2240\" src=\"https:\/\/www.topohvar.at\/wp-content\/uploads\/2018\/08\/0534.jpg\" alt=\"\" width=\"134\" height=\"100\" \/><\/a><br \/>\n<\/strong><span style=\"color: #3366ff;\"><a style=\"color: #3366ff;\" href=\"https:\/\/goo.gl\/maps\/7Ea45E6rrFUo1cbF6\">Latitude: N 43,19369\u00b0\u00a0 \u00a0Longitude: E 16,59955\u00b0<\/a> <\/span><strong><br \/>\n<\/strong>Visina \/ H\u00f6he: 72 m<\/p>\n<p><strong>Kata starska \u010destica\/ Grundst\u00fccke<br \/>\n<\/strong>7762<div class='content-column one_half'><div style=\"padding-right:6px;\"><p><strong>Datum snimanja \/ Erfassungsdatum<br \/>\n<\/strong>23.05.2013 08:53:41<\/p>\n<hr \/>\n<p><strong>Informacije<\/strong><\/p>\n<p>Na putu prema Rudine. O kapeli Sv. Alojzija ne znamo puno. Kada je sagra\u0111ena, te\u0161ko je re\u0107i. Mo\u017eda je mo\u017eemo povezati s nastankom sela Rudine i gradnjom puta u 16.\/17. stolje\u0107u. Radi se o isusova\u010dkom svecu, Sv. Alojziju Gonzaga, koji je za\u0161titnik djece, mlade\u017ei i mladena\u010dke nevinosti i \u010disto\u0107e. Njegovi atributi s kojima se \u0107esto prikazuje jesu mrtva\u010dka glava, ljiljan i kri\u017e. Ina\u0107e, ime mu je u poku potpuno iskrivljeno \u0161to bi se moglo pripisati mleta\u010dkoj ina\u010di\u0107i njegova imena (Alviso?).<\/p><\/div><\/div><div class='content-column one_half last_column'><div style=\"padding-right:0px;padding-left:6px;\"><p><strong>Stupanj za\u0161tite \/ Schutzstellung<br \/>\n<\/strong>&#8211;<\/p>\n<hr \/>\n<p><strong>Info<\/strong><\/p>\n<p>An der Stra\u00dfe nach Rudine. \u00dcber die Kapelle des St. Aloysius ist nicht vie bekannt. Wann sie errichtet wurde ist schwer zu sagen. Vielleicht k\u00f6nnen wir die Bauzeit mit mit der Entstehung der Ortschaft Rudine im 16. \/ 17. Jh. in Verbindung bringen. Sie ist dem Jesuitenheiligen, St. Aloysius Gonzaga, der der Schutzpatron der Kinder, der Jugendlichen und der jugendlichen Unschuld und Reinheit ist. Seine Attribute mit denen er oft gezeigt wird sind ein Sch\u00e4del, Lilien und ein Kreuz. Ansonsten ist sein Name ein Versuch, v\u00f6llig verzerrt, was man auf die venezianische Version seines Namens zugeschreibt (Alviso?).<\/p><\/div><\/div><div class='clear_column'><\/div><div class='content-column one_half'><div style=\"padding-right:6px;\"><p>Natpis na sliku:<br \/>\nAliozije Gonzaga, za\u0161titnik mlade\u017ei<\/p><\/div><\/div><div class='content-column one_half last_column'><div style=\"padding-right:0px;padding-left:6px;\"><p>Inschrift auf dem Bild:<br \/>\nAliyza Gonzaga, der Besch\u00fctzer der Jugend<\/p><\/div><\/div><div class='clear_column'><\/div><\/p>\n<p style=\"text-align: right;\"><span style=\"color: #3366ff;\"><a style=\"color: #3366ff;\" href=\"#seite_oben\">natrag na vrh \/ Seitenanfang<\/a><\/span><\/p>\n<hr \/>\n<div class='content-column one_half'><div style=\"padding-right:6px;\"><p><strong>Sv. Alojzije Gonzaga<\/strong><\/p>\n<p>Aliozije se rodio 9. o\u017eujka 1569. u Castiglioneu od oca don Ferrantea i majke dona Marte koja sinu dala pravi kr\u0161\u0107anski odgoj. Ona mu je od malena usa\u0111ivala ljubav prema molitvi i prema siromasima.\u00a0Otac mu je priu\u0161tio odgoj u skladu sa svojim planovima. Tako je Alojzije jedno vrijeme proveo u vojni\u010dkom taboru u\u010de\u0107i se prakti\u010dno vojni\u010dom pozivu.<\/p><\/div><\/div><div class='content-column one_half last_column'><div style=\"padding-right:0px;padding-left:6px;\"><p><strong>Der hl. Aloysius Gonzaga<\/strong><\/p>\n<p>Aloysius wurde am 9. M\u00e4rz 1569 in Castiglione geboren. Unter Vater Don Ferrante und seiner Mutter Dona Marte hatte er eine echte christliche Erziehung. Sie gab ihm von klein auf die Liebe zum Gebet und f\u00fcr die Armen.\u00a0Nach seinen Pl\u00e4nen seines Vaters verbrachte Aloysius allerdings einige Zeit in einem Milit\u00e4rlager, um einen Soldatenberuf zu erlernen.<\/p><\/div><\/div><div class='clear_column'><\/div><div class='content-column one_half'><div style=\"padding-right:6px;\"><p>Sljede\u0107a etapa njegovog odgoja bila je Firenza. Tamo je, kao pa\u017e na dvoru Medici, stjecao odgoj i znanje vlastio djeci aristokratskih obitelji. U\u010dio je latinski, talijanski i francuski.\u00a0U 10 god. 25. o\u017eujka 1578 na blagdan Blagovijesti u crkvi Presvete Bogorodice samoinicijativno je polo\u017eio zavjet do\u017eivotne \u010disto\u0107e.<\/p><\/div><\/div><div class='content-column one_half last_column'><div style=\"padding-right:0px;padding-left:6px;\"><p>Die n\u00e4chste Phase seiner Erziehung war Florenz. Dort, am Medici-Hof, erlangte er Bildung und Wissen als Kinde aristokratischer Familien. Er lernte Latein, Italienisch und Franz\u00f6sisch.\u00a0Am 25. M\u00e4rz 1578 verpflichtete er sich, anl\u00e4sslich des Jahrestages der Segnung in der Kirche der Heiligen Jungfrau Maria, selbst\u00e4ndig zum Gel\u00fcbde der lebenslangen Reinheit.<\/p><\/div><\/div><div class='clear_column'><\/div><div class='content-column one_half'><div style=\"padding-right:6px;\"><p>Njegov plemi\u010dki polo\u017eaj odvest \u0107e ga i u Mardrid na kraljevski dvor.<\/p><\/div><\/div><div class='content-column one_half last_column'><div style=\"padding-right:0px;padding-left:6px;\"><p>Seine noble Position wird ihn auch an den k\u00f6niglichen Hof in Mardrid bringen.<\/p><\/div><\/div><div class='clear_column'><\/div><div class='content-column one_half'><div style=\"padding-right:6px;\"><p>U studenome g. 1585. Alojzije se odrekao markgrofije u korist mla\u0111ega brata Rudolfa i stupio u isusova\u010dki novicijat u Rimu.\u00a0Svr\u0161iv\u0161i novicijat, zapo\u010deo je vi\u0161e nauke na glasovitom isusova\u010dkom sveu\u010dilistu Gregoriani. Tu se povjerio duhovnom vodstvu jednoga od naju\u010denijih ljudi svog vremena Roberta Bellamina, kasnijeg kardinala i sveca.<\/p><\/div><\/div><div class='content-column one_half last_column'><div style=\"padding-right:0px;padding-left:6px;\"><p>Im November 1585 verzichtete Alojzije auf die Markgrafw\u00fcrde zugunsten seines j\u00fcngeren Bruders Rudolf und trat in das Jesuitenorden in Rom ein.\u00a0Nachdem er das Noviziat absolviert hatte, begann er das Studium mehrerer Wissenschaften bei dem ber\u00fchmten Jesuitenpater Gregoriani. Er vertraute dies der spirituellen F\u00fchrung eines der begabtesten Menschen seiner Zeit mit Roberta Bellamina an, dem sp\u00e4teren Kardinal und Heiligen.<\/p><\/div><\/div><div class='clear_column'><\/div><div class='content-column one_half'><div style=\"padding-right:6px;\"><p>Sve ga to nije uspjelo osvojiti. U dubini du\u0161e bio je Bo\u017eji. Na\u017ealost Alojzije je umro mlad u 23. godini\u00a0 \u017eivota vr\u0161e\u0107i djela milosr\u0111a prema zara\u017eenima od kuge.\u00a0Blagdan Sv. Alojzija Gonzaga slavi se 21. Lipnja \/VI\/.<\/p><\/div><\/div><div class='content-column one_half last_column'><div style=\"padding-right:0px;padding-left:6px;\"><p>Er hat es nicht geschafft, alles zu gewinnen. In den Tiefen seiner Seele war Gott.\u00a0Aloysius starb bereits im Alter von 23 Jahren, als er das Opfer seiner Barmherzigkeit gegen die Pest wurde.\u00a0Der Feiertag des Heiligen Aloysius Gonzaga feiert man am 21. Juni.<\/p><\/div><\/div><div class='clear_column'><\/div><\/p>\n<p style=\"text-align: right;\"><span style=\"color: #3366ff;\"><a style=\"color: #3366ff;\" href=\"#seite_oben\">natrag na vrh \/ Seitenanfang<\/a><\/span><\/p>\n<hr \/>\n<p><strong>Linkovi \/ Links<\/strong><\/p>\n<p><span style=\"color: #3366ff;\"><a style=\"color: #3366ff;\" href=\"https:\/\/www.topohvar.at\/topo\/orte\/sg\/sg-is-33-2\/\">Spomen plo\u010da iznad ulaza \/ Gedenktafel \u00fcber dem Eingang<\/a><\/span><\/p>\n","protected":false},"excerpt":{"rendered":"<p>Ime \/ Name Kapela \u00bbSv. Alojzija\u00ab \/ Kapelle des hl. Aloisius Code: SG-CP-02\u00a0 \u00a0 \u00a0 \u00a0 \u00a0 \u00a0 \u00a0 \u00a0 \u00a0 \u00a0 \u00a0 \u00a0 \u00a0 \u00a0 \u00a0 \u00a0 \u00a0 \u00a0\u00a0 Adresa \/ Adresse Put od Starog Grada do Rudine \/ &hellip; <a href=\"https:\/\/www.topohvar.at\/topo\/orte\/sg\/sg-cp-02-2\/\">Weiterlesen <span class=\"meta-nav\">&rarr;<\/span><\/a><\/p>\n","protected":false},"author":1,"featured_media":0,"parent":99,"menu_order":0,"comment_status":"closed","ping_status":"closed","template":"","meta":{"footnotes":""},"class_list":["post-2236","page","type-page","status-publish","hentry"],"_links":{"self":[{"href":"https:\/\/www.topohvar.at\/topo\/wp-json\/wp\/v2\/pages\/2236","targetHints":{"allow":["GET"]}}],"collection":[{"href":"https:\/\/www.topohvar.at\/topo\/wp-json\/wp\/v2\/pages"}],"about":[{"href":"https:\/\/www.topohvar.at\/topo\/wp-json\/wp\/v2\/types\/page"}],"author":[{"embeddable":true,"href":"https:\/\/www.topohvar.at\/topo\/wp-json\/wp\/v2\/users\/1"}],"replies":[{"embeddable":true,"href":"https:\/\/www.topohvar.at\/topo\/wp-json\/wp\/v2\/comments?post=2236"}],"version-history":[{"count":17,"href":"https:\/\/www.topohvar.at\/topo\/wp-json\/wp\/v2\/pages\/2236\/revisions"}],"predecessor-version":[{"id":47942,"href":"https:\/\/www.topohvar.at\/topo\/wp-json\/wp\/v2\/pages\/2236\/revisions\/47942"}],"up":[{"embeddable":true,"href":"https:\/\/www.topohvar.at\/topo\/wp-json\/wp\/v2\/pages\/99"}],"wp:attachment":[{"href":"https:\/\/www.topohvar.at\/topo\/wp-json\/wp\/v2\/media?parent=2236"}],"curies":[{"name":"wp","href":"https:\/\/api.w.org\/{rel}","templated":true}]}}

<p><a name="seite_oben"></a><br />
<img loading="lazy" decoding="async" class="alignnone wp-image-2225 size-large" src="https://www.topohvar.at/wp-content/uploads/2018/08/SG-CP-02-1-1024x503.jpg" alt="" width="640" height="314" srcset="https://www.topohvar.at/wp-content/uploads/2018/08/SG-CP-02-1-1024x503.jpg 1024w, https://www.topohvar.at/wp-content/uploads/2018/08/SG-CP-02-1-300x147.jpg 300w, https://www.topohvar.at/wp-content/uploads/2018/08/SG-CP-02-1-768x377.jpg 768w" sizes="auto, (max-width: 640px) 100vw, 640px" /></p>
<p><strong>Ime / Name<br />
</strong>Kapela »Sv. Alojzija« / Kapelle des hl. Aloisius</p>
<p><strong>Code: </strong>SG-CP-02                                    <strong><a href="https://www.topohvar.at/orte/sg/sg-cp-01-2/"><img loading="lazy" decoding="async" class="alignnone wp-image-533 size-full" src="https://www.topohvar.at/wp-content/uploads/2018/07/push-l-30.jpg" alt="" width="61" height="30" /></a> <a href="https://www.topohvar.at/orte/sg/"><img loading="lazy" decoding="async" class="alignnone wp-image-535 size-full" src="https://www.topohvar.at/wp-content/uploads/2018/07/push-o-30.jpg" alt="" width="61" height="30" /></a> <a href="https://www.topohvar.at/orte/sg/sg-cp-05-1/"><img loading="lazy" decoding="async" class="alignnone wp-image-536 size-full" src="https://www.topohvar.at/wp-content/uploads/2018/07/push-r-30.jpg" alt="" width="61" height="30" /></a></strong></p>
<hr />
<p><strong>Adresa / Adresse<br />
</strong>Put od Starog Grada do Rudine / Weg von Stari Grad nach Rudina</p>
<p><strong>Lokacija / Position<a href="https://goo.gl/maps/7Ea45E6rrFUo1cbF6"><img loading="lazy" decoding="async" class="alignright wp-image-2240" src="https://www.topohvar.at/wp-content/uploads/2018/08/0534.jpg" alt="" width="134" height="100" /></a><br />
</strong><span style="color: #3366ff;"><a style="color: #3366ff;" href="https://goo.gl/maps/7Ea45E6rrFUo1cbF6">Latitude: N 43,19369°   Longitude: E 16,59955°</a> </span><strong><br />
</strong>Visina / Höhe: 72 m</p>
<p><strong>Kata starska čestica/ Grundstücke<br />
</strong>7762<div class='content-column one_half'><div style="padding-right:6px;"><p><strong>Datum snimanja / Erfassungsdatum<br />
</strong>23.05.2013 08:53:41</p>
<hr />
<p><strong>Informacije</strong></p>
<p>Na putu prema Rudine. O kapeli Sv. Alojzija ne znamo puno. Kada je sagrađena, teško je reći. Možda je možemo povezati s nastankom sela Rudine i gradnjom puta u 16./17. stoljeću. Radi se o isusovačkom svecu, Sv. Alojziju Gonzaga, koji je zaštitnik djece, mladeži i mladenačke nevinosti i čistoće. Njegovi atributi s kojima se ćesto prikazuje jesu mrtvačka glava, ljiljan i križ. Inaće, ime mu je u poku potpuno iskrivljeno što bi se moglo pripisati mletačkoj inačići njegova imena (Alviso?).</p></div></div><div class='content-column one_half last_column'><div style="padding-right:0px;padding-left:6px;"><p><strong>Stupanj zaštite / Schutzstellung<br />
</strong>&#8211;</p>
<hr />
<p><strong>Info</strong></p>
<p>An der Straße nach Rudine. Über die Kapelle des St. Aloysius ist nicht vie bekannt. Wann sie errichtet wurde ist schwer zu sagen. Vielleicht können wir die Bauzeit mit mit der Entstehung der Ortschaft Rudine im 16. / 17. Jh. in Verbindung bringen. Sie ist dem Jesuitenheiligen, St. Aloysius Gonzaga, der der Schutzpatron der Kinder, der Jugendlichen und der jugendlichen Unschuld und Reinheit ist. Seine Attribute mit denen er oft gezeigt wird sind ein Schädel, Lilien und ein Kreuz. Ansonsten ist sein Name ein Versuch, völlig verzerrt, was man auf die venezianische Version seines Namens zugeschreibt (Alviso?).</p></div></div><div class='clear_column'></div><div class='content-column one_half'><div style="padding-right:6px;"><p>Natpis na sliku:<br />
Aliozije Gonzaga, zaštitnik mladeži</p></div></div><div class='content-column one_half last_column'><div style="padding-right:0px;padding-left:6px;"><p>Inschrift auf dem Bild:<br />
Aliyza Gonzaga, der Beschützer der Jugend</p></div></div><div class='clear_column'></div></p>
<p style="text-align: right;"><span style="color: #3366ff;"><a style="color: #3366ff;" href="#seite_oben">natrag na vrh / Seitenanfang</a></span></p>
<hr />
<div class='content-column one_half'><div style="padding-right:6px;"><p><strong>Sv. Alojzije Gonzaga</strong></p>
<p>Aliozije se rodio 9. ožujka 1569. u Castiglioneu od oca don Ferrantea i majke dona Marte koja sinu dala pravi kršćanski odgoj. Ona mu je od malena usađivala ljubav prema molitvi i prema siromasima. Otac mu je priuštio odgoj u skladu sa svojim planovima. Tako je Alojzije jedno vrijeme proveo u vojničkom taboru učeći se praktično vojničom pozivu.</p></div></div><div class='content-column one_half last_column'><div style="padding-right:0px;padding-left:6px;"><p><strong>Der hl. Aloysius Gonzaga</strong></p>
<p>Aloysius wurde am 9. März 1569 in Castiglione geboren. Unter Vater Don Ferrante und seiner Mutter Dona Marte hatte er eine echte christliche Erziehung. Sie gab ihm von klein auf die Liebe zum Gebet und für die Armen. Nach seinen Plänen seines Vaters verbrachte Aloysius allerdings einige Zeit in einem Militärlager, um einen Soldatenberuf zu erlernen.</p></div></div><div class='clear_column'></div><div class='content-column one_half'><div style="padding-right:6px;"><p>Sljedeća etapa njegovog odgoja bila je Firenza. Tamo je, kao paž na dvoru Medici, stjecao odgoj i znanje vlastio djeci aristokratskih obitelji. Učio je latinski, talijanski i francuski. U 10 god. 25. ožujka 1578 na blagdan Blagovijesti u crkvi Presvete Bogorodice samoinicijativno je položio zavjet doživotne čistoće.</p></div></div><div class='content-column one_half last_column'><div style="padding-right:0px;padding-left:6px;"><p>Die nächste Phase seiner Erziehung war Florenz. Dort, am Medici-Hof, erlangte er Bildung und Wissen als Kinde aristokratischer Familien. Er lernte Latein, Italienisch und Französisch. Am 25. März 1578 verpflichtete er sich, anlässlich des Jahrestages der Segnung in der Kirche der Heiligen Jungfrau Maria, selbständig zum Gelübde der lebenslangen Reinheit.</p></div></div><div class='clear_column'></div><div class='content-column one_half'><div style="padding-right:6px;"><p>Njegov plemički položaj odvest će ga i u Mardrid na kraljevski dvor.</p></div></div><div class='content-column one_half last_column'><div style="padding-right:0px;padding-left:6px;"><p>Seine noble Position wird ihn auch an den königlichen Hof in Mardrid bringen.</p></div></div><div class='clear_column'></div><div class='content-column one_half'><div style="padding-right:6px;"><p>U studenome g. 1585. Alojzije se odrekao markgrofije u korist mlađega brata Rudolfa i stupio u isusovački novicijat u Rimu. Svršivši novicijat, započeo je više nauke na glasovitom isusovačkom sveučilistu Gregoriani. Tu se povjerio duhovnom vodstvu jednoga od najučenijih ljudi svog vremena Roberta Bellamina, kasnijeg kardinala i sveca.</p></div></div><div class='content-column one_half last_column'><div style="padding-right:0px;padding-left:6px;"><p>Im November 1585 verzichtete Alojzije auf die Markgrafwürde zugunsten seines jüngeren Bruders Rudolf und trat in das Jesuitenorden in Rom ein. Nachdem er das Noviziat absolviert hatte, begann er das Studium mehrerer Wissenschaften bei dem berühmten Jesuitenpater Gregoriani. Er vertraute dies der spirituellen Führung eines der begabtesten Menschen seiner Zeit mit Roberta Bellamina an, dem späteren Kardinal und Heiligen.</p></div></div><div class='clear_column'></div><div class='content-column one_half'><div style="padding-right:6px;"><p>Sve ga to nije uspjelo osvojiti. U dubini duše bio je Božji. Nažalost Alojzije je umro mlad u 23. godini  života vršeći djela milosrđa prema zaraženima od kuge. Blagdan Sv. Alojzija Gonzaga slavi se 21. Lipnja /VI/.</p></div></div><div class='content-column one_half last_column'><div style="padding-right:0px;padding-left:6px;"><p>Er hat es nicht geschafft, alles zu gewinnen. In den Tiefen seiner Seele war Gott. Aloysius starb bereits im Alter von 23 Jahren, als er das Opfer seiner Barmherzigkeit gegen die Pest wurde. Der Feiertag des Heiligen Aloysius Gonzaga feiert man am 21. Juni.</p></div></div><div class='clear_column'></div></p>
<p style="text-align: right;"><span style="color: #3366ff;"><a style="color: #3366ff;" href="#seite_oben">natrag na vrh / Seitenanfang</a></span></p>
<hr />
<p><strong>Linkovi / Links</strong></p>
<p><span style="color: #3366ff;"><a style="color: #3366ff;" href="https://www.topohvar.at/topo/orte/sg/sg-is-33-2/">Spomen ploča iznad ulaza / Gedenktafel über dem Eingang</a></span></p>
