{"id":22703,"date":"2019-05-15T20:31:43","date_gmt":"2019-05-15T18:31:43","guid":{"rendered":"https:\/\/www.topohvar.at\/topo\/?page_id=22703"},"modified":"2021-12-09T10:10:58","modified_gmt":"2021-12-09T09:10:58","slug":"vh-cs-03-1","status":"publish","type":"page","link":"https:\/\/www.topohvar.at\/topo\/orte\/vh\/vh-cs-03-1\/","title":{"rendered":"VRH &#8211; Kapelica \u00bbSv. Juraj (2)\u00ab"},"content":{"rendered":"<p><a name=\"seite_oben\"><\/a><br \/>\n<strong><img loading=\"lazy\" decoding=\"async\" class=\"alignnone wp-image-22775 size-large\" src=\"https:\/\/www.topohvar.at\/wp-content\/uploads\/2019\/05\/vh-cs-03-1-1024x503.jpg\" alt=\"\" width=\"640\" height=\"314\" srcset=\"https:\/\/www.topohvar.at\/wp-content\/uploads\/2019\/05\/vh-cs-03-1-1024x503.jpg 1024w, https:\/\/www.topohvar.at\/wp-content\/uploads\/2019\/05\/vh-cs-03-1-300x147.jpg 300w, https:\/\/www.topohvar.at\/wp-content\/uploads\/2019\/05\/vh-cs-03-1-768x377.jpg 768w, https:\/\/www.topohvar.at\/wp-content\/uploads\/2019\/05\/vh-cs-03-1.jpg 1080w\" sizes=\"auto, (max-width: 640px) 100vw, 640px\" \/><\/strong><\/p>\n<p><strong>Ime \/ Name<br \/>\n<\/strong>Kapelica \u00bbSv. Juraj (2)\u00ab \/ Bildstock des hl. Georg<\/p>\n<p><strong>Code: <\/strong>VH-CS-03\u00a0 \u00a0 \u00a0 \u00a0 \u00a0 \u00a0 \u00a0 \u00a0<strong>\u00a0 \u00a0 \u00a0 \u00a0 \u00a0 \u00a0 \u00a0 \u00a0 \u00a0 \u00a0 \u00a0 \u00a0 \u00a0 \u00a0 \u00a0\u00a0<a href=\"https:\/\/www.topohvar.at\/orte\/vh\/vh-cs-01-1\/\"><img loading=\"lazy\" decoding=\"async\" class=\"alignnone wp-image-533 size-full\" src=\"https:\/\/www.topohvar.at\/wp-content\/uploads\/2018\/07\/push-l-30.jpg\" alt=\"\" width=\"61\" height=\"30\" \/><\/a>\u00a0<a href=\"https:\/\/www.topohvar.at\/orte\/vh\/\"><img loading=\"lazy\" decoding=\"async\" class=\"alignnone wp-image-535 size-full\" src=\"https:\/\/www.topohvar.at\/wp-content\/uploads\/2018\/07\/push-o-30.jpg\" alt=\"\" width=\"61\" height=\"30\" \/><\/a>\u00a0<\/strong><\/p>\n<hr \/>\n<p><strong>Adresa \/ Adresse<br \/>\n<\/strong>Vrh, Dvori Sv. Jurja<\/p>\n<p><strong>Lokacija<\/strong><strong> \/ Position<a href=\"https:\/\/goo.gl\/maps\/bsaFLRYPv9dx1D6B9\"><img loading=\"lazy\" decoding=\"async\" class=\"alignright wp-image-22704\" src=\"https:\/\/www.topohvar.at\/wp-content\/uploads\/2019\/05\/2048.jpg\" alt=\"\" width=\"134\" height=\"100\" \/><\/a><br \/>\n<\/strong><span style=\"color: #3366ff;\"><a style=\"color: #3366ff;\" href=\"https:\/\/goo.gl\/maps\/bsaFLRYPv9dx1D6B9\">Latitude: N 43,13754\u00b0\u00a0 \u00a0 Longitude: E 16,72019\u00b0\u00a0<\/a><\/span><strong><br \/>\n<\/strong>Visina \/ H\u00f6he: 358\u00a0 m<\/p>\n<p><strong>Katastarska \u010destica<\/strong><strong> \/ Grundst\u00fccke<br \/>\n<\/strong>3043\/1 (Jelsa)<div class='content-column one_half'><div style=\"padding-right:6px;\"><p><strong>Datum snimanja \/ Erfassungsdatum<br \/>\n<\/strong>15.05.2019 15:25:14<\/p>\n<hr \/>\n<p><strong>Informacije<\/strong><\/p>\n<p>Kapelica integrirano je u obodni zid Dvori Sv. Jurja (sklop Frani\u010devi\u0107a).<\/p><\/div><\/div><div class='content-column one_half last_column'><div style=\"padding-right:0px;padding-left:6px;\"><p><strong>Stupanj za\u0161tite<\/strong><strong> \/ Schutzstellung<br \/>\n<\/strong>&#8211;<\/p>\n<hr \/>\n<p><strong>Info<\/strong><\/p>\n<p>Der Bildstock ist in die Umfassungsmauer des St. Georgs-Hofes (Geb\u00e4udekomplex Frani\u010devi\u0107) integriert.<\/p><\/div><\/div><div class='clear_column'><\/div><\/p>\n<p style=\"text-align: right;\"><span style=\"color: #3366ff;\"><a style=\"color: #3366ff;\" href=\"#seite_oben\">natrag na vrh \/ Seitenanfang<\/a><\/span><\/p>\n<hr \/>\n<p><strong>Linkovi \/ Links<\/strong><\/p>\n<p><span style=\"color: #3366ff;\"><a style=\"color: #3366ff;\" href=\"https:\/\/www.topohvar.at\/topo\/orte\/vh\/vh-tg-01-1\/\">Dvori Sv. Jurja \/ St. Georgshof<\/a><br \/>\n<a style=\"color: #3366ff;\" href=\"https:\/\/www.topohvar.at\/topo\/orte\/vh\/vh-tr-06-1\/\">Trim u dvori\u0161tu Sv. Jurja \/ Trim im St. Georgshof<\/a><br \/>\n<\/span><\/p>\n","protected":false},"excerpt":{"rendered":"<p>Ime \/ Name Kapelica \u00bbSv. Juraj (2)\u00ab \/ Bildstock des hl. Georg Code: VH-CS-03\u00a0 \u00a0 \u00a0 \u00a0 \u00a0 \u00a0 \u00a0 \u00a0\u00a0 \u00a0 \u00a0 \u00a0 \u00a0 \u00a0 \u00a0 \u00a0 \u00a0 \u00a0 \u00a0 \u00a0 \u00a0 \u00a0 \u00a0\u00a0\u00a0\u00a0 Adresa \/ Adresse Vrh, Dvori &hellip; <a href=\"https:\/\/www.topohvar.at\/topo\/orte\/vh\/vh-cs-03-1\/\">Weiterlesen <span class=\"meta-nav\">&rarr;<\/span><\/a><\/p>\n","protected":false},"author":1,"featured_media":0,"parent":131,"menu_order":0,"comment_status":"closed","ping_status":"closed","template":"","meta":{"footnotes":""},"class_list":["post-22703","page","type-page","status-publish","hentry"],"_links":{"self":[{"href":"https:\/\/www.topohvar.at\/topo\/wp-json\/wp\/v2\/pages\/22703","targetHints":{"allow":["GET"]}}],"collection":[{"href":"https:\/\/www.topohvar.at\/topo\/wp-json\/wp\/v2\/pages"}],"about":[{"href":"https:\/\/www.topohvar.at\/topo\/wp-json\/wp\/v2\/types\/page"}],"author":[{"embeddable":true,"href":"https:\/\/www.topohvar.at\/topo\/wp-json\/wp\/v2\/users\/1"}],"replies":[{"embeddable":true,"href":"https:\/\/www.topohvar.at\/topo\/wp-json\/wp\/v2\/comments?post=22703"}],"version-history":[{"count":11,"href":"https:\/\/www.topohvar.at\/topo\/wp-json\/wp\/v2\/pages\/22703\/revisions"}],"predecessor-version":[{"id":54963,"href":"https:\/\/www.topohvar.at\/topo\/wp-json\/wp\/v2\/pages\/22703\/revisions\/54963"}],"up":[{"embeddable":true,"href":"https:\/\/www.topohvar.at\/topo\/wp-json\/wp\/v2\/pages\/131"}],"wp:attachment":[{"href":"https:\/\/www.topohvar.at\/topo\/wp-json\/wp\/v2\/media?parent=22703"}],"curies":[{"name":"wp","href":"https:\/\/api.w.org\/{rel}","templated":true}]}}

<p><a name="seite_oben"></a><br />
<strong><img loading="lazy" decoding="async" class="alignnone wp-image-22775 size-large" src="https://www.topohvar.at/wp-content/uploads/2019/05/vh-cs-03-1-1024x503.jpg" alt="" width="640" height="314" srcset="https://www.topohvar.at/wp-content/uploads/2019/05/vh-cs-03-1-1024x503.jpg 1024w, https://www.topohvar.at/wp-content/uploads/2019/05/vh-cs-03-1-300x147.jpg 300w, https://www.topohvar.at/wp-content/uploads/2019/05/vh-cs-03-1-768x377.jpg 768w, https://www.topohvar.at/wp-content/uploads/2019/05/vh-cs-03-1.jpg 1080w" sizes="auto, (max-width: 640px) 100vw, 640px" /></strong></p>
<p><strong>Ime / Name<br />
</strong>Kapelica »Sv. Juraj (2)« / Bildstock des hl. Georg</p>
<p><strong>Code: </strong>VH-CS-03               <strong>                              <a href="https://www.topohvar.at/orte/vh/vh-cs-01-1/"><img loading="lazy" decoding="async" class="alignnone wp-image-533 size-full" src="https://www.topohvar.at/wp-content/uploads/2018/07/push-l-30.jpg" alt="" width="61" height="30" /></a> <a href="https://www.topohvar.at/orte/vh/"><img loading="lazy" decoding="async" class="alignnone wp-image-535 size-full" src="https://www.topohvar.at/wp-content/uploads/2018/07/push-o-30.jpg" alt="" width="61" height="30" /></a> </strong></p>
<hr />
<p><strong>Adresa / Adresse<br />
</strong>Vrh, Dvori Sv. Jurja</p>
<p><strong>Lokacija</strong><strong> / Position<a href="https://goo.gl/maps/bsaFLRYPv9dx1D6B9"><img loading="lazy" decoding="async" class="alignright wp-image-22704" src="https://www.topohvar.at/wp-content/uploads/2019/05/2048.jpg" alt="" width="134" height="100" /></a><br />
</strong><span style="color: #3366ff;"><a style="color: #3366ff;" href="https://goo.gl/maps/bsaFLRYPv9dx1D6B9">Latitude: N 43,13754°    Longitude: E 16,72019° </a></span><strong><br />
</strong>Visina / Höhe: 358  m</p>
<p><strong>Katastarska čestica</strong><strong> / Grundstücke<br />
</strong>3043/1 (Jelsa)<div class='content-column one_half'><div style="padding-right:6px;"><p><strong>Datum snimanja / Erfassungsdatum<br />
</strong>15.05.2019 15:25:14</p>
<hr />
<p><strong>Informacije</strong></p>
<p>Kapelica integrirano je u obodni zid Dvori Sv. Jurja (sklop Franičevića).</p></div></div><div class='content-column one_half last_column'><div style="padding-right:0px;padding-left:6px;"><p><strong>Stupanj zaštite</strong><strong> / Schutzstellung<br />
</strong>&#8211;</p>
<hr />
<p><strong>Info</strong></p>
<p>Der Bildstock ist in die Umfassungsmauer des St. Georgs-Hofes (Gebäudekomplex Franičević) integriert.</p></div></div><div class='clear_column'></div></p>
<p style="text-align: right;"><span style="color: #3366ff;"><a style="color: #3366ff;" href="#seite_oben">natrag na vrh / Seitenanfang</a></span></p>
<hr />
<p><strong>Linkovi / Links</strong></p>
<p><span style="color: #3366ff;"><a style="color: #3366ff;" href="https://www.topohvar.at/topo/orte/vh/vh-tg-01-1/">Dvori Sv. Jurja / St. Georgshof</a><br />
<a style="color: #3366ff;" href="https://www.topohvar.at/topo/orte/vh/vh-tr-06-1/">Trim u dvorištu Sv. Jurja / Trim im St. Georgshof</a><br />
</span></p>
