{"id":22709,"date":"2019-05-15T20:49:50","date_gmt":"2019-05-15T18:49:50","guid":{"rendered":"https:\/\/www.topohvar.at\/topo\/?page_id=22709"},"modified":"2023-08-14T18:48:37","modified_gmt":"2023-08-14T16:48:37","slug":"vh-tr-04-1","status":"publish","type":"page","link":"https:\/\/www.topohvar.at\/topo\/orte\/vh\/vh-tr-04-1\/","title":{"rendered":"VRH &#8211; Trim \u00bbVH-TR-04\u00ab"},"content":{"rendered":"<p><a name=\"seite_oben\"><\/a><br \/>\n<strong><img loading=\"lazy\" decoding=\"async\" class=\"aligncenter wp-image-23525 size-full\" src=\"https:\/\/www.topohvar.at\/wp-content\/uploads\/2019\/07\/vh-tr-04-5.jpg\" alt=\"\" width=\"1080\" height=\"530\" srcset=\"https:\/\/www.topohvar.at\/wp-content\/uploads\/2019\/07\/vh-tr-04-5.jpg 1080w, https:\/\/www.topohvar.at\/wp-content\/uploads\/2019\/07\/vh-tr-04-5-300x147.jpg 300w, https:\/\/www.topohvar.at\/wp-content\/uploads\/2019\/07\/vh-tr-04-5-768x377.jpg 768w, https:\/\/www.topohvar.at\/wp-content\/uploads\/2019\/07\/vh-tr-04-5-1024x503.jpg 1024w\" sizes=\"auto, (max-width: 1080px) 100vw, 1080px\" \/><\/strong><\/p>\n<p><strong>Ime \/ Name<br \/>\n<\/strong>Trim \u00bbVH-TR-04\u00ab<\/p>\n<p><strong>Code: <\/strong>VH-TR-04\u00a0 \u00a0 \u00a0 \u00a0 \u00a0 \u00a0 \u00a0 \u00a0<strong>\u00a0 \u00a0 \u00a0 \u00a0 \u00a0 \u00a0 \u00a0 \u00a0 \u00a0 <a href=\"https:\/\/www.topohvar.at\/orte\/vh\/vh-tr-00-1\/\"><img loading=\"lazy\" decoding=\"async\" class=\"alignnone wp-image-12300 size-full\" src=\"https:\/\/www.topohvar.at\/wp-content\/uploads\/2018\/09\/push-vor-30.jpg\" alt=\"\" width=\"61\" height=\"30\" \/><\/a> <a href=\"https:\/\/www.topohvar.at\/orte\/vh\/vh-tr-03-1\/\"><img loading=\"lazy\" decoding=\"async\" class=\"alignnone wp-image-533 size-full\" src=\"https:\/\/www.topohvar.at\/wp-content\/uploads\/2018\/07\/push-l-30.jpg\" alt=\"\" width=\"61\" height=\"30\" \/><\/a>\u00a0<a href=\"https:\/\/www.topohvar.at\/orte\/vh\/\"><img loading=\"lazy\" decoding=\"async\" class=\"alignnone wp-image-535 size-full\" src=\"https:\/\/www.topohvar.at\/wp-content\/uploads\/2018\/07\/push-o-30.jpg\" alt=\"\" width=\"61\" height=\"30\" \/><\/a>\u00a0<a href=\"https:\/\/www.topohvar.at\/orte\/vh\/vh-tr-05-1\/\"><img loading=\"lazy\" decoding=\"async\" class=\"alignnone wp-image-536 size-full\" src=\"https:\/\/www.topohvar.at\/wp-content\/uploads\/2018\/07\/push-r-30.jpg\" alt=\"\" width=\"61\" height=\"30\" \/><\/a><\/strong><\/p>\n<hr \/>\n<p><strong>Adresa \/ Adresse<br \/>\n<\/strong>Vrh, sklop A. Grgi\u010devi\u0107 \/ H\u00e4user\u00a0Grgi\u010devi\u0107<\/p>\n<p><strong>Lokacija<\/strong><strong> \/ Position<a href=\"https:\/\/goo.gl\/maps\/o8nEd9Fn4wkv377S8\"><img loading=\"lazy\" decoding=\"async\" class=\"alignright wp-image-6500\" src=\"https:\/\/www.topohvar.at\/wp-content\/uploads\/2018\/08\/1630.jpg\" alt=\"\" width=\"134\" height=\"100\" \/><\/a><br \/>\n<\/strong><span style=\"color: #3366ff;\"><a style=\"color: #3366ff;\" href=\"https:\/\/goo.gl\/maps\/o8nEd9Fn4wkv377S8\">Latitude: N 43,13837\u00b0\u00a0 \u00a0 Longitude: E 16,71986\u00b0<\/a>\u00a0<\/span><strong><br \/>\n<\/strong>Visina \/ H\u00f6he: 376 m<\/p>\n<p><strong>Katastarska \u010destica<\/strong><strong> \/ Grundst\u00fccke<br \/>\n<\/strong>3042\/7 (Jelsa)<div class='content-column one_half'><div style=\"padding-right:6px;\"><p><strong>Datum snimanja \/ Erfassungsdatum<br \/>\n<\/strong>15.05.2019 14:03:00<\/p>\n<hr \/>\n<p><strong>Informacije<\/strong><\/p>\n<p>Trim integriran u kompleksu zgrade Grgi\u010devi\u0107a.\u00a0Iznad ulaza u zgradu nalazi se reljefni kri\u017e.<\/p><\/div><\/div><div class='content-column one_half last_column'><div style=\"padding-right:0px;padding-left:6px;\"><p><strong>Stupanj za\u0161tite<\/strong><strong> \/ Schutzstellung<br \/>\n<\/strong>&#8211;<\/p>\n<hr \/>\n<p><strong>Info<\/strong><\/p>\n<p>Der Trim ist im Geb\u00e4udekomplex Grgi\u010devi\u0107 integriert. \u00dcber dem Eingang des Geb\u00e4udes befindet sich ein Reliefkreuz.<\/p><\/div><\/div><div class='clear_column'><\/div><div class='content-column one_half'><div style=\"padding-right:6px;\"><p>Pristup trimovima je jednom bio pokriven, a danas ovdje se krov sru\u0161io. Lijevo od ulaza u trim nalazi se dobro o\u010duvana pe\u0107nica.\u00a0U kru\u017enom interijeru nalazi se ni\u0161a. Trim je &#8211; kao i cijelo podru\u010dje &#8211; vi\u0161e ne koristi.<\/p><\/div><\/div><div class='content-column one_half last_column'><div style=\"padding-right:0px;padding-left:6px;\"><p>Der Zugang zum Trim war einst gedeckt, heute ist hier das Dach eingebrochen. Links neben dem Eingang zum Trim steht ein gut erhaltener Backofen. Im kreisrunden Innenraum befindet sich eine Wandnische. Der Trim wird &#8211; wie das gesamte Areal &#8211;\u00a0 nicht mehr genutzt.<\/p><\/div><\/div><div class='clear_column'><\/div><div class='content-column one_half'><div style=\"padding-right:6px;\"><p>Pokraj zgrade trim \u00bbVH-TR-05\u00ab<br \/>\nPored ulaza za imovini je prekrasna cisterna s prostorom za skupljanje vode (pjover).<\/p><\/div><\/div><div class='content-column one_half last_column'><div style=\"padding-right:0px;padding-left:6px;\"><p>Neben dem Geb\u00e4ude steht der Trim \u00bbVH-TR-05\u00ab.<br \/>\nNeben dem Zugang zur Liegenschaft befindet sich eine sch\u00f6ne Zisterne mit Wassersammelfl\u00e4che (Pjover).<\/p><\/div><\/div><div class='clear_column'><\/div><\/p>\n<div id=\"attachment_23529\" style=\"width: 920px\" class=\"wp-caption aligncenter\"><img loading=\"lazy\" decoding=\"async\" aria-describedby=\"caption-attachment-23529\" class=\"size-full wp-image-23529\" src=\"https:\/\/www.topohvar.at\/wp-content\/uploads\/2019\/07\/vh-tr-04-4.jpg\" alt=\"\" width=\"910\" height=\"450\" srcset=\"https:\/\/www.topohvar.at\/wp-content\/uploads\/2019\/07\/vh-tr-04-4.jpg 910w, https:\/\/www.topohvar.at\/wp-content\/uploads\/2019\/07\/vh-tr-04-4-300x148.jpg 300w, https:\/\/www.topohvar.at\/wp-content\/uploads\/2019\/07\/vh-tr-04-4-768x380.jpg 768w\" sizes=\"auto, (max-width: 910px) 100vw, 910px\" \/><p id=\"caption-attachment-23529\" class=\"wp-caption-text\">Ulaz \/ Eingang\u00a0 \u00a0 \u00a0 \u00a0 \u00a0 \u00a0 \u00a0 \u00a0 \u00a0 \u00a0 \u00a0 \u00a0 \u00a0 \u00a0 \u00a0 \u00a0 \u00a0 \u00a0 \u00a0 \u00a0 Pe\u0107nica ispred ulaza \/ Backofen vor dem Eingang<\/p><\/div>\n<div class='content-column one_half'><div style=\"padding-right:6px;\"><p>Dana 15.05.2019 trim je posje\u0107en i prona\u0111en je sljede\u0107i<\/p>\n<p>Lokacija: poljoprivredni sklop<br \/>\nPodzemlje: ravan<br \/>\nSklop: zgrada , kameni zid<br \/>\nUpotreba: ne koristi<br \/>\nStanje izgradnje: dobro sa\u010duvan<br \/>\nBroj prstenova trima: dva prstena<br \/>\nDodatni kameni prsten: nema kamenog prstena<br \/>\nStepeni\u0161te: nema stepenica<br \/>\nOblik kamena: uglast<br \/>\nPodru\u010dje ispred ulaza: kamena<br \/>\nVrata na stranicu: S (0\u00b0)<br \/>\nPromjer trima (cm): 530<br \/>\nVisina trima (cm): 350<br \/>\nVisina prstena (cm): prsten 1: 190 , prsten 2: 275<br \/>\nDebljina zida (cm): 90<br \/>\n\u0160irina vrata (cm): 90<br \/>\nVisina vrata (cm): 145<br \/>\n\u0160irina unutra (cm): 350<br \/>\nVisina unutra (cm): 330<br \/>\nVolumen iznutra (m3): 20,06<br \/>\nni\u0161a 1 (P\/\u0160\/V\/D) (cm): 110 \/ 15 \/ 25 \/ 60<\/p><\/div><\/div><div class='content-column one_half last_column'><div style=\"padding-right:0px;padding-left:6px;\"><p>Am 15.05.2019 wurde der Trim besucht und untersucht<\/p>\n<p>Standort: landwirtsch. Gemenge<br \/>\nUntergrund: eben<br \/>\nVerbunden mit: Geb\u00e4ude , Steinmauer<br \/>\nNutzung: ungenutzt<br \/>\nZustand: gut erhalten<br \/>\nRinge\/Stufen des Trim: zweistufig<br \/>\nZus\u00e4tzlicher Steinring: kein Steinring<br \/>\nStiege: keine Stufen<br \/>\nSteinform: kantig<br \/>\nEingangsbereich: Steine<br \/>\nEingangsseite: N (0\u00b0)<br \/>\nTrimdurchmesser (cm): 530<br \/>\nTrimh\u00f6he (cm): 350<br \/>\nStufen\/Ringh\u00f6he (cm): Ring 1: 190 , Ring 2: 275<br \/>\nWandst\u00e4rke: 90<br \/>\nT\u00fcrbreite (cm): 90<br \/>\nT\u00fcrh\u00f6he (cm): 145<br \/>\nInnenraumbreite (cm): 350<br \/>\nInnenraumh\u00f6he (cm): 330<br \/>\nRaumvolumen (m3): 20,06<br \/>\nNische 1 (P\/B\/H\/T) (cm): 110 \/ 15 \/ 25 \/ 60<\/p><\/div><\/div><div class='clear_column'><\/div><\/p>\n<p><img loading=\"lazy\" decoding=\"async\" class=\"aligncenter size-full wp-image-23528\" src=\"https:\/\/www.topohvar.at\/wp-content\/uploads\/2019\/07\/vh-tr-04-sca.jpg\" alt=\"\" width=\"640\" height=\"978\" srcset=\"https:\/\/www.topohvar.at\/wp-content\/uploads\/2019\/07\/vh-tr-04-sca.jpg 640w, https:\/\/www.topohvar.at\/wp-content\/uploads\/2019\/07\/vh-tr-04-sca-196x300.jpg 196w\" sizes=\"auto, (max-width: 640px) 100vw, 640px\" \/><\/p>\n<p style=\"text-align: right;\"><span style=\"color: #3366ff;\"><a style=\"color: #3366ff;\" href=\"#seite_oben\">natrag na vrh \/ Seitenanfang<\/a><\/span><\/p>\n<hr \/>\n<p><strong>Linkovi \/ Links<\/strong><\/p>\n<p><span style=\"color: #3366ff;\"><a style=\"color: #3366ff;\" href=\"https:\/\/www.topohvar.at\/topo\/orte\/vh\/vh-tg-02-1\/\">Sklop ku\u0107e \u00bbA. Grgi\u010devi\u0107\u00ab<\/a><br \/>\n<a style=\"color: #3366ff;\" href=\"https:\/\/www.topohvar.at\/topo\/orte\/vh\/vh-tr-05-1\/\">\u00a0Trim \u00bbVH-TR-05\u00ab<\/a><br \/>\n<a style=\"color: #3366ff;\" href=\"https:\/\/www.topohvar.at\/topo\/orte\/vh\/vh-ir-01-1\/\">\u00a0Reljefni kri\u017e na nadvratnuka \/ Reliefkreuz am T\u00fcr\u00fcberlager<\/a><br \/>\n<a style=\"color: #3366ff;\" href=\"https:\/\/www.topohvar.at\/topo\/orte\/vh\/vh-op-02-1\/\">\u00a0Cisterna s pjoverom \/ Zisterne mit Wassersammelfl\u00e4che<\/a><br \/>\n<\/span><\/p>\n","protected":false},"excerpt":{"rendered":"<p>Ime \/ Name Trim \u00bbVH-TR-04\u00ab Code: VH-TR-04\u00a0 \u00a0 \u00a0 \u00a0 \u00a0 \u00a0 \u00a0 \u00a0\u00a0 \u00a0 \u00a0 \u00a0 \u00a0 \u00a0 \u00a0 \u00a0 \u00a0 \u00a0\u00a0 Adresa \/ Adresse Vrh, sklop A. Grgi\u010devi\u0107 \/ H\u00e4user\u00a0Grgi\u010devi\u0107 Lokacija \/ Position Latitude: N 43,13837\u00b0\u00a0 \u00a0 Longitude: &hellip; <a href=\"https:\/\/www.topohvar.at\/topo\/orte\/vh\/vh-tr-04-1\/\">Weiterlesen <span class=\"meta-nav\">&rarr;<\/span><\/a><\/p>\n","protected":false},"author":1,"featured_media":0,"parent":131,"menu_order":0,"comment_status":"closed","ping_status":"closed","template":"","meta":{"footnotes":""},"class_list":["post-22709","page","type-page","status-publish","hentry"],"_links":{"self":[{"href":"https:\/\/www.topohvar.at\/topo\/wp-json\/wp\/v2\/pages\/22709","targetHints":{"allow":["GET"]}}],"collection":[{"href":"https:\/\/www.topohvar.at\/topo\/wp-json\/wp\/v2\/pages"}],"about":[{"href":"https:\/\/www.topohvar.at\/topo\/wp-json\/wp\/v2\/types\/page"}],"author":[{"embeddable":true,"href":"https:\/\/www.topohvar.at\/topo\/wp-json\/wp\/v2\/users\/1"}],"replies":[{"embeddable":true,"href":"https:\/\/www.topohvar.at\/topo\/wp-json\/wp\/v2\/comments?post=22709"}],"version-history":[{"count":18,"href":"https:\/\/www.topohvar.at\/topo\/wp-json\/wp\/v2\/pages\/22709\/revisions"}],"predecessor-version":[{"id":64178,"href":"https:\/\/www.topohvar.at\/topo\/wp-json\/wp\/v2\/pages\/22709\/revisions\/64178"}],"up":[{"embeddable":true,"href":"https:\/\/www.topohvar.at\/topo\/wp-json\/wp\/v2\/pages\/131"}],"wp:attachment":[{"href":"https:\/\/www.topohvar.at\/topo\/wp-json\/wp\/v2\/media?parent=22709"}],"curies":[{"name":"wp","href":"https:\/\/api.w.org\/{rel}","templated":true}]}}