{"id":2288,"date":"2018-08-02T13:17:59","date_gmt":"2018-08-02T11:17:59","guid":{"rendered":"https:\/\/www.topohvar.at\/?page_id=2288"},"modified":"2024-11-22T14:37:48","modified_gmt":"2024-11-22T13:37:48","slug":"sg-cs-09-2","status":"publish","type":"page","link":"https:\/\/www.topohvar.at\/topo\/orte\/sg\/sg-cs-09-2\/","title":{"rendered":"STARI GRAD &#8211; Kapelica \u00bbAndtija Du\u0161evi\u0107\u00ab"},"content":{"rendered":"<p><a name=\"seite_oben\"><\/a><br \/>\n<img loading=\"lazy\" decoding=\"async\" class=\"alignnone wp-image-2259 size-large\" src=\"https:\/\/www.topohvar.at\/wp-content\/uploads\/2018\/08\/SG-CS-09-1-1024x590.jpg\" alt=\"\" width=\"640\" height=\"369\" srcset=\"https:\/\/www.topohvar.at\/wp-content\/uploads\/2018\/08\/SG-CS-09-1-1024x590.jpg 1024w, https:\/\/www.topohvar.at\/wp-content\/uploads\/2018\/08\/SG-CS-09-1-300x173.jpg 300w, https:\/\/www.topohvar.at\/wp-content\/uploads\/2018\/08\/SG-CS-09-1-768x443.jpg 768w, https:\/\/www.topohvar.at\/wp-content\/uploads\/2018\/08\/SG-CS-09-1.jpg 1874w\" sizes=\"auto, (max-width: 640px) 100vw, 640px\" \/><\/p>\n<p><strong>Ime \/ Name<br \/>\n<\/strong>Kapelica \u00bbAndtija Du\u0161evi\u0107\u00ab \/ Bildstock\u00a0 des Anton Du\u0161evi\u0107<\/p>\n<p><strong>Code: <\/strong>SG-CS-09\u00a0 \u00a0 \u00a0 \u00a0 \u00a0 \u00a0 \u00a0 \u00a0 \u00a0 \u00a0 \u00a0 \u00a0 \u00a0 \u00a0 \u00a0 \u00a0 \u00a0 \u00a0\u00a0<strong><a href=\"https:\/\/www.topohvar.at\/orte\/sg\/sg-cs-12-1\/\"><img loading=\"lazy\" decoding=\"async\" class=\"alignnone wp-image-533 size-full\" src=\"https:\/\/www.topohvar.at\/wp-content\/uploads\/2018\/07\/push-l-30.jpg\" alt=\"\" width=\"61\" height=\"30\" \/><\/a> <a href=\"https:\/\/www.topohvar.at\/orte\/sg\/\"><img loading=\"lazy\" decoding=\"async\" class=\"alignnone wp-image-535 size-full\" src=\"https:\/\/www.topohvar.at\/wp-content\/uploads\/2018\/07\/push-o-30.jpg\" alt=\"\" width=\"61\" height=\"30\" \/><\/a> <a href=\"https:\/\/www.topohvar.at\/orte\/sg\/sg-cs-12-1-2\/\"><img loading=\"lazy\" decoding=\"async\" class=\"alignnone wp-image-536 size-full\" src=\"https:\/\/www.topohvar.at\/wp-content\/uploads\/2018\/07\/push-r-30.jpg\" alt=\"\" width=\"61\" height=\"30\" \/><\/a><\/strong><\/p>\n<hr \/>\n<p><strong>Adresa \/ Adresse<br \/>\n<\/strong>Na putu\u00a0u blizini Purkin Kuk<\/p>\n<p><strong>Lokacija \/ Position<a href=\"https:\/\/goo.gl\/maps\/ggNMjc2sV2vetbxp9\"><img loading=\"lazy\" decoding=\"async\" class=\"alignright wp-image-2346\" src=\"https:\/\/www.topohvar.at\/wp-content\/uploads\/2018\/08\/0543.jpg\" alt=\"\" width=\"134\" height=\"100\" \/><\/a><br \/>\n<\/strong><span style=\"color: #3366ff;\"><a style=\"color: #3366ff;\" href=\"https:\/\/goo.gl\/maps\/ggNMjc2sV2vetbxp9\">Latitude: N 43,16738\u00b0\u00a0 \u00a0Longitude: E 16,59684\u00b0<\/a> <\/span><strong><br \/>\n<\/strong>Visina \/ H\u00f6he: 303 m<\/p>\n<p><strong>Katastarska \u010destica \/ Grundst\u00fccke<br \/>\n<\/strong>134\/2<div class='content-column one_half'><div style=\"padding-right:6px;\"><p><strong>Datum snimanja \/ Erfassungsdatum<br \/>\n<\/strong>21.05.2014 11:29:23<\/p>\n<hr \/>\n<p><strong>Informacije<\/strong><\/p>\n<p>Kapelica obitelji Du\u017eevi\u0107-Pi\u0161tini iz 1917. godine stoji na platou Njivice.\u00a0Na dnu je plo\u010da sa sljede\u0107im natpisom:<\/p><\/div><\/div><div class='content-column one_half last_column'><div style=\"padding-right:0px;padding-left:6px;\"><p><strong>Stupanj za\u0161tite \/ Schutzstellung<br \/>\n<\/strong>&#8211;<\/p>\n<hr \/>\n<p><strong>Info<\/strong><\/p>\n<p>Auf dem Njivice-Plateau steht der Bildstock der Familie Du\u017eevi\u0107-Pi\u0161tini aus dem Jahr 1917. Am Sockel befindet sich eine Gedenktafel mit folgender Inschrift:<\/p><\/div><\/div><div class='clear_column'><\/div><div class='content-column one_half'><div style=\"padding-right:6px;\"><p style=\"text-align: center;\">1917<br \/>\nDU\u0160EVI\u0106<br \/>\nANDTIJA<\/p><\/div><\/div><div class='content-column one_half last_column'><div style=\"padding-right:0px;padding-left:6px;\"><p style=\"text-align: center;\">1917<br \/>\nDu\u0161evi\u0107<br \/>\nAnton<\/p><\/div><\/div><div class='clear_column'><\/div><\/p>\n<p style=\"text-align: right;\"><span style=\"color: #3366ff;\"><a style=\"color: #3366ff;\" href=\"#seite_oben\">natrag na vrh \/ Seitenanfang<\/a><\/span><\/p>\n<hr \/>\n<p><strong>Linkovi \/ Links<\/strong><\/p>\n<p>&#8211;<\/p>\n","protected":false},"excerpt":{"rendered":"<p>Ime \/ Name Kapelica \u00bbAndtija Du\u0161evi\u0107\u00ab \/ Bildstock\u00a0 des Anton Du\u0161evi\u0107 Code: SG-CS-09\u00a0 \u00a0 \u00a0 \u00a0 \u00a0 \u00a0 \u00a0 \u00a0 \u00a0 \u00a0 \u00a0 \u00a0 \u00a0 \u00a0 \u00a0 \u00a0 \u00a0 \u00a0\u00a0 Adresa \/ Adresse Na putu\u00a0u blizini Purkin Kuk Lokacija \/ &hellip; <a href=\"https:\/\/www.topohvar.at\/topo\/orte\/sg\/sg-cs-09-2\/\">Weiterlesen <span class=\"meta-nav\">&rarr;<\/span><\/a><\/p>\n","protected":false},"author":1,"featured_media":0,"parent":99,"menu_order":0,"comment_status":"closed","ping_status":"closed","template":"","meta":{"footnotes":""},"class_list":["post-2288","page","type-page","status-publish","hentry"],"_links":{"self":[{"href":"https:\/\/www.topohvar.at\/topo\/wp-json\/wp\/v2\/pages\/2288","targetHints":{"allow":["GET"]}}],"collection":[{"href":"https:\/\/www.topohvar.at\/topo\/wp-json\/wp\/v2\/pages"}],"about":[{"href":"https:\/\/www.topohvar.at\/topo\/wp-json\/wp\/v2\/types\/page"}],"author":[{"embeddable":true,"href":"https:\/\/www.topohvar.at\/topo\/wp-json\/wp\/v2\/users\/1"}],"replies":[{"embeddable":true,"href":"https:\/\/www.topohvar.at\/topo\/wp-json\/wp\/v2\/comments?post=2288"}],"version-history":[{"count":18,"href":"https:\/\/www.topohvar.at\/topo\/wp-json\/wp\/v2\/pages\/2288\/revisions"}],"predecessor-version":[{"id":70463,"href":"https:\/\/www.topohvar.at\/topo\/wp-json\/wp\/v2\/pages\/2288\/revisions\/70463"}],"up":[{"embeddable":true,"href":"https:\/\/www.topohvar.at\/topo\/wp-json\/wp\/v2\/pages\/99"}],"wp:attachment":[{"href":"https:\/\/www.topohvar.at\/topo\/wp-json\/wp\/v2\/media?parent=2288"}],"curies":[{"name":"wp","href":"https:\/\/api.w.org\/{rel}","templated":true}]}}

STARI GRAD &#8211; Kapelica »Andtija Dušević«

<p><a name="seite_oben"></a><br />
<img loading="lazy" decoding="async" class="alignnone wp-image-2259 size-large" src="https://www.topohvar.at/wp-content/uploads/2018/08/SG-CS-09-1-1024x590.jpg" alt="" width="640" height="369" srcset="https://www.topohvar.at/wp-content/uploads/2018/08/SG-CS-09-1-1024x590.jpg 1024w, https://www.topohvar.at/wp-content/uploads/2018/08/SG-CS-09-1-300x173.jpg 300w, https://www.topohvar.at/wp-content/uploads/2018/08/SG-CS-09-1-768x443.jpg 768w, https://www.topohvar.at/wp-content/uploads/2018/08/SG-CS-09-1.jpg 1874w" sizes="auto, (max-width: 640px) 100vw, 640px" /></p>
<p><strong>Ime / Name<br />
</strong>Kapelica »Andtija Dušević« / Bildstock  des Anton Dušević</p>
<p><strong>Code: </strong>SG-CS-09                                    <strong><a href="https://www.topohvar.at/orte/sg/sg-cs-12-1/"><img loading="lazy" decoding="async" class="alignnone wp-image-533 size-full" src="https://www.topohvar.at/wp-content/uploads/2018/07/push-l-30.jpg" alt="" width="61" height="30" /></a> <a href="https://www.topohvar.at/orte/sg/"><img loading="lazy" decoding="async" class="alignnone wp-image-535 size-full" src="https://www.topohvar.at/wp-content/uploads/2018/07/push-o-30.jpg" alt="" width="61" height="30" /></a> <a href="https://www.topohvar.at/orte/sg/sg-cs-12-1-2/"><img loading="lazy" decoding="async" class="alignnone wp-image-536 size-full" src="https://www.topohvar.at/wp-content/uploads/2018/07/push-r-30.jpg" alt="" width="61" height="30" /></a></strong></p>
<hr />
<p><strong>Adresa / Adresse<br />
</strong>Na putu u blizini Purkin Kuk</p>
<p><strong>Lokacija / Position<a href="https://goo.gl/maps/ggNMjc2sV2vetbxp9"><img loading="lazy" decoding="async" class="alignright wp-image-2346" src="https://www.topohvar.at/wp-content/uploads/2018/08/0543.jpg" alt="" width="134" height="100" /></a><br />
</strong><span style="color: #3366ff;"><a style="color: #3366ff;" href="https://goo.gl/maps/ggNMjc2sV2vetbxp9">Latitude: N 43,16738°   Longitude: E 16,59684°</a> </span><strong><br />
</strong>Visina / Höhe: 303 m</p>
<p><strong>Katastarska čestica / Grundstücke<br />
</strong>134/2<div class='content-column one_half'><div style="padding-right:6px;"><p><strong>Datum snimanja / Erfassungsdatum<br />
</strong>21.05.2014 11:29:23</p>
<hr />
<p><strong>Informacije</strong></p>
<p>Kapelica obitelji Dužević-Pištini iz 1917. godine stoji na platou Njivice. Na dnu je ploča sa sljedećim natpisom:</p></div></div><div class='content-column one_half last_column'><div style="padding-right:0px;padding-left:6px;"><p><strong>Stupanj zaštite / Schutzstellung<br />
</strong>&#8211;</p>
<hr />
<p><strong>Info</strong></p>
<p>Auf dem Njivice-Plateau steht der Bildstock der Familie Dužević-Pištini aus dem Jahr 1917. Am Sockel befindet sich eine Gedenktafel mit folgender Inschrift:</p></div></div><div class='clear_column'></div><div class='content-column one_half'><div style="padding-right:6px;"><p style="text-align: center;">1917<br />
DUŠEVIĆ<br />
ANDTIJA</p></div></div><div class='content-column one_half last_column'><div style="padding-right:0px;padding-left:6px;"><p style="text-align: center;">1917<br />
Dušević<br />
Anton</p></div></div><div class='clear_column'></div></p>
<p style="text-align: right;"><span style="color: #3366ff;"><a style="color: #3366ff;" href="#seite_oben">natrag na vrh / Seitenanfang</a></span></p>
<hr />
<p><strong>Linkovi / Links</strong></p>
<p>&#8211;</p>

<p>Ime / Name Kapelica »Andtija Dušević« / Bildstock  des Anton Dušević Code: SG-CS-09                                     Adresa / Adresse Na putu u blizini Purkin Kuk Lokacija / &hellip; <a href="https://www.topohvar.at/topo/orte/sg/sg-cs-09-2/">Weiterlesen <span class="meta-nav">&rarr;</span></a></p>
