{"id":2385,"date":"2018-08-02T17:05:00","date_gmt":"2018-08-02T15:05:00","guid":{"rendered":"https:\/\/www.topohvar.at\/?page_id=2385"},"modified":"2021-04-16T09:42:50","modified_gmt":"2021-04-16T07:42:50","slug":"sg-cz-03-2","status":"publish","type":"page","link":"https:\/\/www.topohvar.at\/topo\/orte\/sg\/sg-cz-03-2\/","title":{"rendered":"STARI GRAD &#8211; Kri\u017e \u00bbna Glavicu\u00ab"},"content":{"rendered":"<p><a name=\"seite_oben\"><br \/>\n<\/a><img loading=\"lazy\" decoding=\"async\" class=\"alignnone wp-image-2371 size-large\" src=\"https:\/\/www.topohvar.at\/wp-content\/uploads\/2018\/08\/SG-CZ-03-1-1024x503.jpg\" alt=\"\" width=\"640\" height=\"314\" srcset=\"https:\/\/www.topohvar.at\/wp-content\/uploads\/2018\/08\/SG-CZ-03-1-1024x503.jpg 1024w, https:\/\/www.topohvar.at\/wp-content\/uploads\/2018\/08\/SG-CZ-03-1-300x147.jpg 300w, https:\/\/www.topohvar.at\/wp-content\/uploads\/2018\/08\/SG-CZ-03-1-768x377.jpg 768w\" sizes=\"auto, (max-width: 640px) 100vw, 640px\" \/><\/p>\n<p><strong>Ime \/ Name<br \/>\n<\/strong>Kri\u017e \u00bbna Glavicu\u00ab \/ Kreuz am Glavica<\/p>\n<p><strong>Code: <\/strong>SG-CZ-03\u00a0 \u00a0 \u00a0 \u00a0 \u00a0 \u00a0 \u00a0 \u00a0 \u00a0 \u00a0 \u00a0 \u00a0 \u00a0 \u00a0 \u00a0 \u00a0 \u00a0 \u00a0\u00a0<strong><a href=\"https:\/\/www.topohvar.at\/orte\/sg\/sg-cz-08-2\/\"><img loading=\"lazy\" decoding=\"async\" class=\"alignnone wp-image-533 size-full\" src=\"https:\/\/www.topohvar.at\/wp-content\/uploads\/2018\/07\/push-l-30.jpg\" alt=\"\" width=\"61\" height=\"30\" \/><\/a> <a href=\"https:\/\/www.topohvar.at\/orte\/sg\/\"><img loading=\"lazy\" decoding=\"async\" class=\"alignnone wp-image-535 size-full\" src=\"https:\/\/www.topohvar.at\/wp-content\/uploads\/2018\/07\/push-o-30.jpg\" alt=\"\" width=\"61\" height=\"30\" \/><\/a> <a href=\"https:\/\/www.topohvar.at\/orte\/sg\/sg-cz-05-2\/\"><img loading=\"lazy\" decoding=\"async\" class=\"alignnone wp-image-536 size-full\" src=\"https:\/\/www.topohvar.at\/wp-content\/uploads\/2018\/07\/push-r-30.jpg\" alt=\"\" width=\"61\" height=\"30\" \/><\/a><\/strong><\/p>\n<hr \/>\n<p><strong>Adresa \/ Adresse<br \/>\n<\/strong>Stari Grad, Glavica<\/p>\n<p><strong>Lokacija \/ Position<a href=\"https:\/\/goo.gl\/maps\/aqgnNpwk1EoACp12A\"><img loading=\"lazy\" decoding=\"async\" class=\"alignright wp-image-2246\" src=\"https:\/\/www.topohvar.at\/wp-content\/uploads\/2018\/08\/0608.jpg\" alt=\"\" width=\"133\" height=\"100\" \/><\/a><br \/>\n<\/strong><span style=\"color: #3366ff;\"><a style=\"color: #3366ff;\" href=\"https:\/\/goo.gl\/maps\/aqgnNpwk1EoACp12A\">Latitude: N 43,19092\u00b0\u00a0 \u00a0Longitude: E 16,59565\u00b0<\/a> <\/span><strong><br \/>\n<\/strong>Visina \/ H\u00f6he: 117 m<\/p>\n<p><strong>Katastarska \u010destica \/ Grundst\u00fccke<br \/>\n<\/strong>7306<div class='content-column one_half'><div style=\"padding-right:6px;\"><p><strong>Datum snimanja \/ Erfassungsdatum<br \/>\n<\/strong>29.05.2013 08:46:46<\/p>\n<hr \/>\n<p><strong>Informacije<\/strong><\/p>\n<p>Stanovnici Staroga Grada 1900. godine na brdu Glavica sagradili su veliki kameni kri\u017e. Dva puta je uni\u0161ten, prvo od groma a potom uraganom 1943. godine. Obnovljen je 1990. zahvaljuju\u0107i Marinku Juri\u0107-Peretov.<\/p><\/div><\/div><div class='content-column one_half last_column'><div style=\"padding-right:0px;padding-left:6px;\"><p><strong>Stupanj za\u0161tite \/ Schutzstellung<br \/>\n<\/strong>&#8211;<\/p>\n<hr \/>\n<p><strong>Info<\/strong><\/p>\n<p>Im Jahre 1900 errichteten die Bewohner von Stari Grad ein gro\u00dfes Steinkreuz auf dem H\u00fcgel Glavica. Es wurde zweimal zerst\u00f6rt, zuerst durch Blitzschlag und dann durch einen Wirbelsturm im Jahr 1943. Im Jahr 1990 wurde es wieder erneuert, dank Marinko Juri\u0107-Peretov.<\/p><\/div><\/div><div class='clear_column'><\/div><div class='content-column one_half'><div style=\"padding-right:6px;\"><p>Plo\u010da na novaj bazi:<\/p>\n<p style=\"text-align: center;\">POD SJENOM KRILA SVOJIH<br \/>\nZASTITI NAS<br \/>\nO KRI\u017dU<br \/>\nNADO JEDINA<\/p><\/div><\/div><div class='content-column one_half last_column'><div style=\"padding-right:0px;padding-left:6px;\"><p>Gedenktafel am neuen Sockel:<\/p>\n<p style=\"text-align: center;\">Unter dem Schatten deiner Fl\u00fcgel<br \/>\nbesch\u00fctze uns<br \/>\no Kreuz<br \/>\neinzige Hoffnung<\/p><\/div><\/div><div class='clear_column'><\/div><div class='content-column one_half'><div style=\"padding-right:6px;\"><p>Natpis u staroj bazi:<\/p>\n<p>CREDENTIUM GAUDIUM NON CREDENTIUM POENA<br \/>\nSUB UMBRA ALARUM TUARUM PROTEGE NOS O CRUX SPES UNICA<br \/>\nNOS AUTEM GLORIARI OPORTET IN CRUCE D.N.J.C.<\/p><\/div><\/div><div class='content-column one_half last_column'><div style=\"padding-right:0px;padding-left:6px;\"><p>Inschrift am alten Sockel:<\/p>\n<p>Freude den Gl\u00e4ubigen, Strafe den Ungl\u00e4ubigen<br \/>\nUnter dem Schatten deiner Fl\u00fcgel besch\u00fctze uns o Kreuz, einzige Hoffnung<br \/>\nDar\u00fcber hinaus r\u00fchmen wir die Herrlichkeit des Kreuzes D.N.J.C.<\/p><\/div><\/div><div class='clear_column'><\/div><\/p>\n<hr \/>\n<div class='content-column one_third'><div style=\"padding-right:6px;\"><p>Oltar je izgra\u0111en od dijelova starog kri\u017ea 2006. godine u blizini novog kri\u017ea.<\/p><\/div><\/div><div class='content-column one_third'><div style=\"padding-right:6px;\"><p><img loading=\"lazy\" decoding=\"async\" class=\"aligncenter size-full wp-image-37936\" src=\"https:\/\/www.topohvar.at\/wp-content\/uploads\/2020\/05\/sg-cz-03-9.jpg\" alt=\"\" width=\"200\" height=\"193\" \/><\/p><\/div><\/div><div class='content-column one_third last_column'><div style=\"padding-right:0px;padding-left:6px;\"><p>Aus Teilen des alten Kreuzes wurde im Jahr 2006 in der N\u00e4he des neuen Kreuzes ein Altar errichtet.<\/p><\/div><\/div><div class='clear_column'><\/div><\/p>\n<p style=\"text-align: right;\"><span style=\"color: #3366ff;\"><a style=\"color: #3366ff;\" href=\"#seite_oben\">natrag na vrh \/ Seitenanfang<\/a><\/span><\/p>\n<hr \/>\n<p><strong>Linkovi \/ Links<\/strong><\/p>\n<p><span style=\"color: #3366ff;\"><a style=\"color: #3366ff;\" href=\"https:\/\/www.topohvar.at\/topo\/orte\/sg\/sg-is-30-2\/\">Spomen plo\u010da pod kri\u017eem \/ Gedenktafel unter dem Kreuz<\/a><br \/>\n<a style=\"color: #3366ff;\" href=\"https:\/\/www.topohvar.at\/topo\/orte\/sg\/sg-is-31-2\/\">Druga spomen plo\u010da pod kri\u017eem \/ Zweite Gedenktafel unter dem Kreuz (Marinko Juric)<\/a><br \/>\n<a style=\"color: #3366ff;\" href=\"https:\/\/www.topohvar.at\/topo\/orte\/sg\/sg-cp-01-2\/\">Kapela \u00bbIsusa Kristu\u00ab \/ Christuskapelle<\/a><br \/>\n<a style=\"color: #3366ff;\" href=\"https:\/\/www.topohvar.at\/topo\/orte\/sg\/sg-ip-12-2\/\">Informativna plo\u010da \u00bb60. godine\u00ab \/ Tafel \u00bb60 Jahre\u00ab<\/a><br \/>\n<a style=\"color: #3366ff;\" href=\"https:\/\/www.topohvar.at\/topo\/orte\/sg\/sg-in-37-1\/\">Natpis \u00bbna oltaru u Glavici\u00ab \/ Inschrift am Altar auf Glavica<\/a><br \/>\n<a style=\"color: #3366ff;\" href=\"https:\/\/www.topohvar.at\/topo\/orte\/sg\/sg-po-01-2\/\">Povijesni lokalitet \u00bbGlavica\u00ab \/ historische Lokalit\u00e4t Glavica<\/a><\/span><\/p>\n","protected":false},"excerpt":{"rendered":"<p>Ime \/ Name Kri\u017e \u00bbna Glavicu\u00ab \/ Kreuz am Glavica Code: SG-CZ-03\u00a0 \u00a0 \u00a0 \u00a0 \u00a0 \u00a0 \u00a0 \u00a0 \u00a0 \u00a0 \u00a0 \u00a0 \u00a0 \u00a0 \u00a0 \u00a0 \u00a0 \u00a0\u00a0 Adresa \/ Adresse Stari Grad, Glavica Lokacija \/ Position Latitude: N &hellip; <a href=\"https:\/\/www.topohvar.at\/topo\/orte\/sg\/sg-cz-03-2\/\">Weiterlesen <span class=\"meta-nav\">&rarr;<\/span><\/a><\/p>\n","protected":false},"author":1,"featured_media":0,"parent":99,"menu_order":0,"comment_status":"closed","ping_status":"closed","template":"","meta":{"footnotes":""},"class_list":["post-2385","page","type-page","status-publish","hentry"],"_links":{"self":[{"href":"https:\/\/www.topohvar.at\/topo\/wp-json\/wp\/v2\/pages\/2385","targetHints":{"allow":["GET"]}}],"collection":[{"href":"https:\/\/www.topohvar.at\/topo\/wp-json\/wp\/v2\/pages"}],"about":[{"href":"https:\/\/www.topohvar.at\/topo\/wp-json\/wp\/v2\/types\/page"}],"author":[{"embeddable":true,"href":"https:\/\/www.topohvar.at\/topo\/wp-json\/wp\/v2\/users\/1"}],"replies":[{"embeddable":true,"href":"https:\/\/www.topohvar.at\/topo\/wp-json\/wp\/v2\/comments?post=2385"}],"version-history":[{"count":15,"href":"https:\/\/www.topohvar.at\/topo\/wp-json\/wp\/v2\/pages\/2385\/revisions"}],"predecessor-version":[{"id":47964,"href":"https:\/\/www.topohvar.at\/topo\/wp-json\/wp\/v2\/pages\/2385\/revisions\/47964"}],"up":[{"embeddable":true,"href":"https:\/\/www.topohvar.at\/topo\/wp-json\/wp\/v2\/pages\/99"}],"wp:attachment":[{"href":"https:\/\/www.topohvar.at\/topo\/wp-json\/wp\/v2\/media?parent=2385"}],"curies":[{"name":"wp","href":"https:\/\/api.w.org\/{rel}","templated":true}]}}

STARI GRAD &#8211; Križ »na Glavicu«

<p><a name="seite_oben"><br />
</a><img loading="lazy" decoding="async" class="alignnone wp-image-2371 size-large" src="https://www.topohvar.at/wp-content/uploads/2018/08/SG-CZ-03-1-1024x503.jpg" alt="" width="640" height="314" srcset="https://www.topohvar.at/wp-content/uploads/2018/08/SG-CZ-03-1-1024x503.jpg 1024w, https://www.topohvar.at/wp-content/uploads/2018/08/SG-CZ-03-1-300x147.jpg 300w, https://www.topohvar.at/wp-content/uploads/2018/08/SG-CZ-03-1-768x377.jpg 768w" sizes="auto, (max-width: 640px) 100vw, 640px" /></p>
<p><strong>Ime / Name<br />
</strong>Križ »na Glavicu« / Kreuz am Glavica</p>
<p><strong>Code: </strong>SG-CZ-03                                    <strong><a href="https://www.topohvar.at/orte/sg/sg-cz-08-2/"><img loading="lazy" decoding="async" class="alignnone wp-image-533 size-full" src="https://www.topohvar.at/wp-content/uploads/2018/07/push-l-30.jpg" alt="" width="61" height="30" /></a> <a href="https://www.topohvar.at/orte/sg/"><img loading="lazy" decoding="async" class="alignnone wp-image-535 size-full" src="https://www.topohvar.at/wp-content/uploads/2018/07/push-o-30.jpg" alt="" width="61" height="30" /></a> <a href="https://www.topohvar.at/orte/sg/sg-cz-05-2/"><img loading="lazy" decoding="async" class="alignnone wp-image-536 size-full" src="https://www.topohvar.at/wp-content/uploads/2018/07/push-r-30.jpg" alt="" width="61" height="30" /></a></strong></p>
<hr />
<p><strong>Adresa / Adresse<br />
</strong>Stari Grad, Glavica</p>
<p><strong>Lokacija / Position<a href="https://goo.gl/maps/aqgnNpwk1EoACp12A"><img loading="lazy" decoding="async" class="alignright wp-image-2246" src="https://www.topohvar.at/wp-content/uploads/2018/08/0608.jpg" alt="" width="133" height="100" /></a><br />
</strong><span style="color: #3366ff;"><a style="color: #3366ff;" href="https://goo.gl/maps/aqgnNpwk1EoACp12A">Latitude: N 43,19092°   Longitude: E 16,59565°</a> </span><strong><br />
</strong>Visina / Höhe: 117 m</p>
<p><strong>Katastarska čestica / Grundstücke<br />
</strong>7306<div class='content-column one_half'><div style="padding-right:6px;"><p><strong>Datum snimanja / Erfassungsdatum<br />
</strong>29.05.2013 08:46:46</p>
<hr />
<p><strong>Informacije</strong></p>
<p>Stanovnici Staroga Grada 1900. godine na brdu Glavica sagradili su veliki kameni križ. Dva puta je uništen, prvo od groma a potom uraganom 1943. godine. Obnovljen je 1990. zahvaljujući Marinku Jurić-Peretov.</p></div></div><div class='content-column one_half last_column'><div style="padding-right:0px;padding-left:6px;"><p><strong>Stupanj zaštite / Schutzstellung<br />
</strong>&#8211;</p>
<hr />
<p><strong>Info</strong></p>
<p>Im Jahre 1900 errichteten die Bewohner von Stari Grad ein großes Steinkreuz auf dem Hügel Glavica. Es wurde zweimal zerstört, zuerst durch Blitzschlag und dann durch einen Wirbelsturm im Jahr 1943. Im Jahr 1990 wurde es wieder erneuert, dank Marinko Jurić-Peretov.</p></div></div><div class='clear_column'></div><div class='content-column one_half'><div style="padding-right:6px;"><p>Ploča na novaj bazi:</p>
<p style="text-align: center;">POD SJENOM KRILA SVOJIH<br />
ZASTITI NAS<br />
O KRIŽU<br />
NADO JEDINA</p></div></div><div class='content-column one_half last_column'><div style="padding-right:0px;padding-left:6px;"><p>Gedenktafel am neuen Sockel:</p>
<p style="text-align: center;">Unter dem Schatten deiner Flügel<br />
beschütze uns<br />
o Kreuz<br />
einzige Hoffnung</p></div></div><div class='clear_column'></div><div class='content-column one_half'><div style="padding-right:6px;"><p>Natpis u staroj bazi:</p>
<p>CREDENTIUM GAUDIUM NON CREDENTIUM POENA<br />
SUB UMBRA ALARUM TUARUM PROTEGE NOS O CRUX SPES UNICA<br />
NOS AUTEM GLORIARI OPORTET IN CRUCE D.N.J.C.</p></div></div><div class='content-column one_half last_column'><div style="padding-right:0px;padding-left:6px;"><p>Inschrift am alten Sockel:</p>
<p>Freude den Gläubigen, Strafe den Ungläubigen<br />
Unter dem Schatten deiner Flügel beschütze uns o Kreuz, einzige Hoffnung<br />
Darüber hinaus rühmen wir die Herrlichkeit des Kreuzes D.N.J.C.</p></div></div><div class='clear_column'></div></p>
<hr />
<div class='content-column one_third'><div style="padding-right:6px;"><p>Oltar je izgrađen od dijelova starog križa 2006. godine u blizini novog križa.</p></div></div><div class='content-column one_third'><div style="padding-right:6px;"><p><img loading="lazy" decoding="async" class="aligncenter size-full wp-image-37936" src="https://www.topohvar.at/wp-content/uploads/2020/05/sg-cz-03-9.jpg" alt="" width="200" height="193" /></p></div></div><div class='content-column one_third last_column'><div style="padding-right:0px;padding-left:6px;"><p>Aus Teilen des alten Kreuzes wurde im Jahr 2006 in der Nähe des neuen Kreuzes ein Altar errichtet.</p></div></div><div class='clear_column'></div></p>
<p style="text-align: right;"><span style="color: #3366ff;"><a style="color: #3366ff;" href="#seite_oben">natrag na vrh / Seitenanfang</a></span></p>
<hr />
<p><strong>Linkovi / Links</strong></p>
<p><span style="color: #3366ff;"><a style="color: #3366ff;" href="https://www.topohvar.at/topo/orte/sg/sg-is-30-2/">Spomen ploča pod križem / Gedenktafel unter dem Kreuz</a><br />
<a style="color: #3366ff;" href="https://www.topohvar.at/topo/orte/sg/sg-is-31-2/">Druga spomen ploča pod križem / Zweite Gedenktafel unter dem Kreuz (Marinko Juric)</a><br />
<a style="color: #3366ff;" href="https://www.topohvar.at/topo/orte/sg/sg-cp-01-2/">Kapela »Isusa Kristu« / Christuskapelle</a><br />
<a style="color: #3366ff;" href="https://www.topohvar.at/topo/orte/sg/sg-ip-12-2/">Informativna ploča »60. godine« / Tafel »60 Jahre«</a><br />
<a style="color: #3366ff;" href="https://www.topohvar.at/topo/orte/sg/sg-in-37-1/">Natpis »na oltaru u Glavici« / Inschrift am Altar auf Glavica</a><br />
<a style="color: #3366ff;" href="https://www.topohvar.at/topo/orte/sg/sg-po-01-2/">Povijesni lokalitet »Glavica« / historische Lokalität Glavica</a></span></p>

<p>Ime / Name Križ »na Glavicu« / Kreuz am Glavica Code: SG-CZ-03                                     Adresa / Adresse Stari Grad, Glavica Lokacija / Position Latitude: N &hellip; <a href="https://www.topohvar.at/topo/orte/sg/sg-cz-03-2/">Weiterlesen <span class="meta-nav">&rarr;</span></a></p>
