{"id":24354,"date":"2019-10-24T11:30:26","date_gmt":"2019-10-24T09:30:26","guid":{"rendered":"https:\/\/www.topohvar.at\/topo\/?page_id=24354"},"modified":"2021-05-12T09:38:13","modified_gmt":"2021-05-12T07:38:13","slug":"sa-tr-22-1","status":"publish","type":"page","link":"https:\/\/www.topohvar.at\/topo\/orte\/sa\/sa-tr-22-1\/","title":{"rendered":"SELCA (kod Starog Grada) &#8211; Trim \u00bbSA-TR-22\u00ab"},"content":{"rendered":"<p><a name=\"seite_oben\"><\/a><br \/>\n<img loading=\"lazy\" decoding=\"async\" class=\"alignleft wp-image-24357 size-large\" src=\"https:\/\/www.topohvar.at\/wp-content\/uploads\/2019\/10\/sa-tr-22-2-1024x503.jpg\" alt=\"\" width=\"640\" height=\"314\" srcset=\"https:\/\/www.topohvar.at\/wp-content\/uploads\/2019\/10\/sa-tr-22-2-1024x503.jpg 1024w, https:\/\/www.topohvar.at\/wp-content\/uploads\/2019\/10\/sa-tr-22-2-300x147.jpg 300w, https:\/\/www.topohvar.at\/wp-content\/uploads\/2019\/10\/sa-tr-22-2-768x377.jpg 768w, https:\/\/www.topohvar.at\/wp-content\/uploads\/2019\/10\/sa-tr-22-2.jpg 1080w\" sizes=\"auto, (max-width: 640px) 100vw, 640px\" \/><\/p>\n<p><strong>Ime \/ Name<br \/>\n<\/strong>Trim \u00bbSA-TR-22\u00ab<\/p>\n<p><strong>Code: <\/strong>SA-TR-22\u00a0 \u00a0 \u00a0 \u00a0 \u00a0 \u00a0 \u00a0 \u00a0 \u00a0 \u00a0 \u00a0 \u00a0 \u00a0 \u00a0 \u00a0 \u00a0 \u00a0 \u00a0 \u00a0 \u00a0 <strong><a href=\"https:\/\/www.topohvar.at\/orte\/sa\/sa-tr-00-1\/\"><img loading=\"lazy\" decoding=\"async\" class=\"alignnone wp-image-12300 size-full\" src=\"https:\/\/www.topohvar.at\/wp-content\/uploads\/2018\/09\/push-vor-30.jpg\" alt=\"\" width=\"61\" height=\"30\" \/><\/a><\/strong>\u00a0<strong><a href=\"https:\/\/www.topohvar.at\/orte\/sa\/sa-tr-12-1\/\"><img loading=\"lazy\" decoding=\"async\" class=\"alignnone wp-image-533 size-full\" src=\"https:\/\/www.topohvar.at\/wp-content\/uploads\/2018\/07\/push-l-30.jpg\" alt=\"\" width=\"61\" height=\"30\" \/><\/a> <a href=\"https:\/\/www.topohvar.at\/orte\/sa\/\"><img loading=\"lazy\" decoding=\"async\" class=\"alignnone wp-image-535 size-full\" src=\"https:\/\/www.topohvar.at\/wp-content\/uploads\/2018\/07\/push-o-30.jpg\" alt=\"\" width=\"61\" height=\"30\" \/><\/a> <a href=\"https:\/\/www.topohvar.at\/orte\/sa\/sa-tr-21-1\/\"><img loading=\"lazy\" decoding=\"async\" class=\"alignnone wp-image-536 size-full\" src=\"https:\/\/www.topohvar.at\/wp-content\/uploads\/2018\/07\/push-r-30.jpg\" alt=\"\" width=\"61\" height=\"30\" \/><\/a><\/strong><\/p>\n<hr \/>\n<p><strong>Adresa \/ Adresse<br \/>\n<\/strong>Selca (kod Starog Grada) Remik, iznad puta na Sv. Nikola \/ oberhalb des Weges nach Sv. Nikola<\/p>\n<p><strong>Lokacija \/ Position<a href=\"https:\/\/goo.gl\/maps\/Dn9DWbho89nwkQuH8\"><img loading=\"lazy\" decoding=\"async\" class=\"alignright wp-image-24352\" src=\"https:\/\/www.topohvar.at\/wp-content\/uploads\/2019\/10\/2089.jpg\" alt=\"\" width=\"133\" height=\"100\" \/><\/a><br \/>\n<\/strong><span style=\"color: #3366ff;\"><a style=\"color: #3366ff;\" href=\"https:\/\/goo.gl\/maps\/Dn9DWbho89nwkQuH8\">Latitude: N 43,15521\u00b0\u00a0 \u00a0Longitude: E 16,58239\u00b0<\/a> <\/span><strong><br \/>\n<\/strong>Visina \/ H\u00f6he: 497 m<\/p>\n<p><strong>Katastarska \u010destica \/ Grundst\u00fccke<br \/>\n<\/strong>624\/2, 624\/3 (DKP Starigrad) <div class='content-column one_half'><div style=\"padding-right:6px;\"><p><strong>Datum snimanja \/ Erfassungsdatum<br \/>\n<\/strong>12.10.2019 11:15:45<\/p>\n<hr \/>\n<p><strong>Informacije<\/strong><\/p>\n<p>Trim je na putu za planinu Remik. Desna strana dvostepena trima nalazi se u velikoj hrpi kamenja. Dobro je o\u010duvana, zidni su dijelovi djelomi\u010dno \u017ebukati u donjem podru\u010dju. Njegova lijeva strana poja\u010dana je dodatnim kamenim prstenom. U okrugloj unutra\u0161njosti nalaze se dvije zidne ni\u0161e. Koristi se trim<\/p><\/div><\/div><div class='content-column one_half last_column'><div style=\"padding-right:0px;padding-left:6px;\"><p><strong>Stupanj za\u0161tite \/ Schutzstellung<br \/>\n<\/strong>&#8211;<\/p>\n<hr \/>\n<p><strong>Info<\/strong><\/p>\n<p>Der Trim befindet sich bei einem Hochstand am Weg auf den Berg Remik. Der zweistufige Trim steckt mit seiner rechten Seite in einem gro\u00dfen Steinhaufen. Er ist gut erhalten, seine Wandfl\u00e4chen sind im unteren Bereich zum Teil verfugt. Seine linke Seite wird durch einem zus\u00e4tzlichen Steinring verst\u00e4rkt. Im runden Innenraum finden sich zwei Wandnischen. Der Trim wird genutzt.<\/p><\/div><\/div><div class='clear_column'><\/div><div class='content-column one_half'><div style=\"padding-right:6px;\"><div id=\"attachment_24840\" style=\"width: 310px\" class=\"wp-caption aligncenter\"><img loading=\"lazy\" decoding=\"async\" aria-describedby=\"caption-attachment-24840\" class=\"size-full wp-image-24840\" src=\"https:\/\/www.topohvar.at\/wp-content\/uploads\/2019\/12\/sa-tr-22-1.jpg\" alt=\"\" width=\"300\" height=\"300\" srcset=\"https:\/\/www.topohvar.at\/wp-content\/uploads\/2019\/12\/sa-tr-22-1.jpg 300w, https:\/\/www.topohvar.at\/wp-content\/uploads\/2019\/12\/sa-tr-22-1-150x150.jpg 150w\" sizes=\"auto, (max-width: 300px) 100vw, 300px\" \/><p id=\"caption-attachment-24840\" class=\"wp-caption-text\">Ulaz \/ Eingang<\/p><\/div>\n<p>Dana 12.10.2019 trim je posje\u0107en i prona\u0111en je sljede\u0107i<\/p>\n<p>Lokacija: livada, vrba<br \/>\nPodzemlje: sklon<br \/>\nSklop: bri\u017ena kamena gomila<br \/>\nUpotreba: malo se koristi<br \/>\nStanje izgradnje: dobro sa\u010duvan<br \/>\nBroj prstenova trima: dva prstena<br \/>\nDodatni kameni prsten: kameni prsten djelomi\u010dno<br \/>\nStepeni\u0161te: nema stepenica<br \/>\nOblik kamena: zaokru\u017een<br \/>\nPodru\u010dje ispred ulaza: za\u0161ti\u0107en<br \/>\nVrata na stranicu: JZ (240\u00b0)<br \/>\nPromjer trima (cm): 400<br \/>\nVisina trima (cm): 260<br \/>\nVisina prstena (cm): prsten 1: 160 , prsten 2: 220<br \/>\nDebljina zida (cm): 70<br \/>\n\u0160irina vrata (cm): 60<br \/>\nVisina vrata (cm): 95<br \/>\n\u0160irina unutra (cm): 230 &#8211; 260<br \/>\nVisina unutra (cm): 250<br \/>\nVolumen iznutra (m3): 6,91<br \/>\nni\u0161a 1 (P\/\u0160\/V\/D) (cm): 40 \/ 30 \/ 35 \/ 40<br \/>\nni\u0161a 2 (P\/\u0160\/V\/D) (cm): 70 \/ 25 \/ 30 \/ 35<\/p><\/div><\/div><div class='content-column one_half last_column'><div style=\"padding-right:0px;padding-left:6px;\"><div id=\"attachment_24841\" style=\"width: 310px\" class=\"wp-caption aligncenter\"><img loading=\"lazy\" decoding=\"async\" aria-describedby=\"caption-attachment-24841\" class=\"size-full wp-image-24841\" src=\"https:\/\/www.topohvar.at\/wp-content\/uploads\/2019\/12\/sa-tr-22-3.jpg\" alt=\"\" width=\"300\" height=\"300\" srcset=\"https:\/\/www.topohvar.at\/wp-content\/uploads\/2019\/12\/sa-tr-22-3.jpg 300w, https:\/\/www.topohvar.at\/wp-content\/uploads\/2019\/12\/sa-tr-22-3-150x150.jpg 150w\" sizes=\"auto, (max-width: 300px) 100vw, 300px\" \/><p id=\"caption-attachment-24841\" class=\"wp-caption-text\">Pogled na sjeverozapad \/ Blick nach Nordwest<\/p><\/div>\n<p>Am 12.10.2019 wurde der Trim besucht und untersucht<\/p>\n<p>Standort: Wiese, Weide<br \/>\nUntergrund: geneigt<br \/>\nVerbunden mit: Steinhaufen geordnet<br \/>\nNutzung: kaum genutzt<br \/>\nZustand: gut erhalten<br \/>\nRinge\/Stufen des Trim: zweistufig<br \/>\nZus\u00e4tzlicher Steinring: Steinring teilweise<br \/>\nStiege: keine Stufen<br \/>\nSteinform: rundlich<br \/>\nEingangsbereich: gesch\u00fctzt<br \/>\nEingangsseite: SW (240\u00b0)<br \/>\nTrimdurchmesser (cm): 400<br \/>\nTrimh\u00f6he (cm): 260<br \/>\nStufen\/Ringh\u00f6he (cm): Ring 1: 160 , Ring 2: 220<br \/>\nWandst\u00e4rke: 70<br \/>\nT\u00fcrbreite (cm): 60<br \/>\nT\u00fcrh\u00f6he (cm): 95<br \/>\nInnenraumbreite (cm): 230 &#8211; 260<br \/>\nInnenraumh\u00f6he (cm): 250<br \/>\nRaumvolumen (m3): 6,91<br \/>\nNische 1 (P\/B\/H\/T) (cm): 40 \/ 30 \/ 35 \/ 40<br \/>\nNische 2 (P\/B\/H\/T) (cm): 70 \/ 25 \/ 30 \/ 35<\/p><\/div><\/div><div class='clear_column'><\/div><\/p>\n<p><img loading=\"lazy\" decoding=\"async\" class=\"aligncenter size-full wp-image-24838\" src=\"https:\/\/www.topohvar.at\/wp-content\/uploads\/2019\/12\/sa-tr-22-sc.jpg\" alt=\"\" width=\"600\" height=\"903\" srcset=\"https:\/\/www.topohvar.at\/wp-content\/uploads\/2019\/12\/sa-tr-22-sc.jpg 600w, https:\/\/www.topohvar.at\/wp-content\/uploads\/2019\/12\/sa-tr-22-sc-199x300.jpg 199w\" sizes=\"auto, (max-width: 600px) 100vw, 600px\" \/><\/p>\n<p style=\"text-align: right;\"><a href=\"#seite_oben\">natrag na vrh \/ Seitenanfang<\/a><\/p>\n<hr \/>\n<p><strong>Linkovi \/ Links<\/strong><\/p>\n<p>&#8211;<\/p>\n","protected":false},"excerpt":{"rendered":"<p>Ime \/ Name Trim \u00bbSA-TR-22\u00ab Code: SA-TR-22\u00a0 \u00a0 \u00a0 \u00a0 \u00a0 \u00a0 \u00a0 \u00a0 \u00a0 \u00a0 \u00a0 \u00a0 \u00a0 \u00a0 \u00a0 \u00a0 \u00a0 \u00a0 \u00a0 \u00a0 \u00a0 Adresa \/ Adresse Selca (kod Starog Grada) Remik, iznad puta na Sv. Nikola &hellip; <a href=\"https:\/\/www.topohvar.at\/topo\/orte\/sa\/sa-tr-22-1\/\">Weiterlesen <span class=\"meta-nav\">&rarr;<\/span><\/a><\/p>\n","protected":false},"author":1,"featured_media":0,"parent":95,"menu_order":0,"comment_status":"closed","ping_status":"closed","template":"","meta":{"footnotes":""},"class_list":["post-24354","page","type-page","status-publish","hentry"],"_links":{"self":[{"href":"https:\/\/www.topohvar.at\/topo\/wp-json\/wp\/v2\/pages\/24354","targetHints":{"allow":["GET"]}}],"collection":[{"href":"https:\/\/www.topohvar.at\/topo\/wp-json\/wp\/v2\/pages"}],"about":[{"href":"https:\/\/www.topohvar.at\/topo\/wp-json\/wp\/v2\/types\/page"}],"author":[{"embeddable":true,"href":"https:\/\/www.topohvar.at\/topo\/wp-json\/wp\/v2\/users\/1"}],"replies":[{"embeddable":true,"href":"https:\/\/www.topohvar.at\/topo\/wp-json\/wp\/v2\/comments?post=24354"}],"version-history":[{"count":14,"href":"https:\/\/www.topohvar.at\/topo\/wp-json\/wp\/v2\/pages\/24354\/revisions"}],"predecessor-version":[{"id":49125,"href":"https:\/\/www.topohvar.at\/topo\/wp-json\/wp\/v2\/pages\/24354\/revisions\/49125"}],"up":[{"embeddable":true,"href":"https:\/\/www.topohvar.at\/topo\/wp-json\/wp\/v2\/pages\/95"}],"wp:attachment":[{"href":"https:\/\/www.topohvar.at\/topo\/wp-json\/wp\/v2\/media?parent=24354"}],"curies":[{"name":"wp","href":"https:\/\/api.w.org\/{rel}","templated":true}]}}

<p><a name="seite_oben"></a><br />
<img loading="lazy" decoding="async" class="alignleft wp-image-24357 size-large" src="https://www.topohvar.at/wp-content/uploads/2019/10/sa-tr-22-2-1024x503.jpg" alt="" width="640" height="314" srcset="https://www.topohvar.at/wp-content/uploads/2019/10/sa-tr-22-2-1024x503.jpg 1024w, https://www.topohvar.at/wp-content/uploads/2019/10/sa-tr-22-2-300x147.jpg 300w, https://www.topohvar.at/wp-content/uploads/2019/10/sa-tr-22-2-768x377.jpg 768w, https://www.topohvar.at/wp-content/uploads/2019/10/sa-tr-22-2.jpg 1080w" sizes="auto, (max-width: 640px) 100vw, 640px" /></p>
<p><strong>Ime / Name<br />
</strong>Trim »SA-TR-22«</p>
<p><strong>Code: </strong>SA-TR-22                                        <strong><a href="https://www.topohvar.at/orte/sa/sa-tr-00-1/"><img loading="lazy" decoding="async" class="alignnone wp-image-12300 size-full" src="https://www.topohvar.at/wp-content/uploads/2018/09/push-vor-30.jpg" alt="" width="61" height="30" /></a></strong> <strong><a href="https://www.topohvar.at/orte/sa/sa-tr-12-1/"><img loading="lazy" decoding="async" class="alignnone wp-image-533 size-full" src="https://www.topohvar.at/wp-content/uploads/2018/07/push-l-30.jpg" alt="" width="61" height="30" /></a> <a href="https://www.topohvar.at/orte/sa/"><img loading="lazy" decoding="async" class="alignnone wp-image-535 size-full" src="https://www.topohvar.at/wp-content/uploads/2018/07/push-o-30.jpg" alt="" width="61" height="30" /></a> <a href="https://www.topohvar.at/orte/sa/sa-tr-21-1/"><img loading="lazy" decoding="async" class="alignnone wp-image-536 size-full" src="https://www.topohvar.at/wp-content/uploads/2018/07/push-r-30.jpg" alt="" width="61" height="30" /></a></strong></p>
<hr />
<p><strong>Adresa / Adresse<br />
</strong>Selca (kod Starog Grada) Remik, iznad puta na Sv. Nikola / oberhalb des Weges nach Sv. Nikola</p>
<p><strong>Lokacija / Position<a href="https://goo.gl/maps/Dn9DWbho89nwkQuH8"><img loading="lazy" decoding="async" class="alignright wp-image-24352" src="https://www.topohvar.at/wp-content/uploads/2019/10/2089.jpg" alt="" width="133" height="100" /></a><br />
</strong><span style="color: #3366ff;"><a style="color: #3366ff;" href="https://goo.gl/maps/Dn9DWbho89nwkQuH8">Latitude: N 43,15521°   Longitude: E 16,58239°</a> </span><strong><br />
</strong>Visina / Höhe: 497 m</p>
<p><strong>Katastarska čestica / Grundstücke<br />
</strong>624/2, 624/3 (DKP Starigrad) <div class='content-column one_half'><div style="padding-right:6px;"><p><strong>Datum snimanja / Erfassungsdatum<br />
</strong>12.10.2019 11:15:45</p>
<hr />
<p><strong>Informacije</strong></p>
<p>Trim je na putu za planinu Remik. Desna strana dvostepena trima nalazi se u velikoj hrpi kamenja. Dobro je očuvana, zidni su dijelovi djelomično žbukati u donjem području. Njegova lijeva strana pojačana je dodatnim kamenim prstenom. U okrugloj unutrašnjosti nalaze se dvije zidne niše. Koristi se trim</p></div></div><div class='content-column one_half last_column'><div style="padding-right:0px;padding-left:6px;"><p><strong>Stupanj zaštite / Schutzstellung<br />
</strong>&#8211;</p>
<hr />
<p><strong>Info</strong></p>
<p>Der Trim befindet sich bei einem Hochstand am Weg auf den Berg Remik. Der zweistufige Trim steckt mit seiner rechten Seite in einem großen Steinhaufen. Er ist gut erhalten, seine Wandflächen sind im unteren Bereich zum Teil verfugt. Seine linke Seite wird durch einem zusätzlichen Steinring verstärkt. Im runden Innenraum finden sich zwei Wandnischen. Der Trim wird genutzt.</p></div></div><div class='clear_column'></div><div class='content-column one_half'><div style="padding-right:6px;"><div id="attachment_24840" style="width: 310px" class="wp-caption aligncenter"><img loading="lazy" decoding="async" aria-describedby="caption-attachment-24840" class="size-full wp-image-24840" src="https://www.topohvar.at/wp-content/uploads/2019/12/sa-tr-22-1.jpg" alt="" width="300" height="300" srcset="https://www.topohvar.at/wp-content/uploads/2019/12/sa-tr-22-1.jpg 300w, https://www.topohvar.at/wp-content/uploads/2019/12/sa-tr-22-1-150x150.jpg 150w" sizes="auto, (max-width: 300px) 100vw, 300px" /><p id="caption-attachment-24840" class="wp-caption-text">Ulaz / Eingang</p></div>
<p>Dana 12.10.2019 trim je posjećen i pronađen je sljedeći</p>
<p>Lokacija: livada, vrba<br />
Podzemlje: sklon<br />
Sklop: brižna kamena gomila<br />
Upotreba: malo se koristi<br />
Stanje izgradnje: dobro sačuvan<br />
Broj prstenova trima: dva prstena<br />
Dodatni kameni prsten: kameni prsten djelomično<br />
Stepenište: nema stepenica<br />
Oblik kamena: zaokružen<br />
Područje ispred ulaza: zaštićen<br />
Vrata na stranicu: JZ (240°)<br />
Promjer trima (cm): 400<br />
Visina trima (cm): 260<br />
Visina prstena (cm): prsten 1: 160 , prsten 2: 220<br />
Debljina zida (cm): 70<br />
Širina vrata (cm): 60<br />
Visina vrata (cm): 95<br />
Širina unutra (cm): 230 &#8211; 260<br />
Visina unutra (cm): 250<br />
Volumen iznutra (m3): 6,91<br />
niša 1 (P/Š/V/D) (cm): 40 / 30 / 35 / 40<br />
niša 2 (P/Š/V/D) (cm): 70 / 25 / 30 / 35</p></div></div><div class='content-column one_half last_column'><div style="padding-right:0px;padding-left:6px;"><div id="attachment_24841" style="width: 310px" class="wp-caption aligncenter"><img loading="lazy" decoding="async" aria-describedby="caption-attachment-24841" class="size-full wp-image-24841" src="https://www.topohvar.at/wp-content/uploads/2019/12/sa-tr-22-3.jpg" alt="" width="300" height="300" srcset="https://www.topohvar.at/wp-content/uploads/2019/12/sa-tr-22-3.jpg 300w, https://www.topohvar.at/wp-content/uploads/2019/12/sa-tr-22-3-150x150.jpg 150w" sizes="auto, (max-width: 300px) 100vw, 300px" /><p id="caption-attachment-24841" class="wp-caption-text">Pogled na sjeverozapad / Blick nach Nordwest</p></div>
<p>Am 12.10.2019 wurde der Trim besucht und untersucht</p>
<p>Standort: Wiese, Weide<br />
Untergrund: geneigt<br />
Verbunden mit: Steinhaufen geordnet<br />
Nutzung: kaum genutzt<br />
Zustand: gut erhalten<br />
Ringe/Stufen des Trim: zweistufig<br />
Zusätzlicher Steinring: Steinring teilweise<br />
Stiege: keine Stufen<br />
Steinform: rundlich<br />
Eingangsbereich: geschützt<br />
Eingangsseite: SW (240°)<br />
Trimdurchmesser (cm): 400<br />
Trimhöhe (cm): 260<br />
Stufen/Ringhöhe (cm): Ring 1: 160 , Ring 2: 220<br />
Wandstärke: 70<br />
Türbreite (cm): 60<br />
Türhöhe (cm): 95<br />
Innenraumbreite (cm): 230 &#8211; 260<br />
Innenraumhöhe (cm): 250<br />
Raumvolumen (m3): 6,91<br />
Nische 1 (P/B/H/T) (cm): 40 / 30 / 35 / 40<br />
Nische 2 (P/B/H/T) (cm): 70 / 25 / 30 / 35</p></div></div><div class='clear_column'></div></p>
<p><img loading="lazy" decoding="async" class="aligncenter size-full wp-image-24838" src="https://www.topohvar.at/wp-content/uploads/2019/12/sa-tr-22-sc.jpg" alt="" width="600" height="903" srcset="https://www.topohvar.at/wp-content/uploads/2019/12/sa-tr-22-sc.jpg 600w, https://www.topohvar.at/wp-content/uploads/2019/12/sa-tr-22-sc-199x300.jpg 199w" sizes="auto, (max-width: 600px) 100vw, 600px" /></p>
<p style="text-align: right;"><a href="#seite_oben">natrag na vrh / Seitenanfang</a></p>
<hr />
<p><strong>Linkovi / Links</strong></p>
<p>&#8211;</p>
