{"id":24412,"date":"2019-10-24T17:57:49","date_gmt":"2019-10-24T15:57:49","guid":{"rendered":"https:\/\/www.topohvar.at\/topo\/?page_id=24412"},"modified":"2021-05-12T09:24:26","modified_gmt":"2021-05-12T07:24:26","slug":"sa-tr-24-1","status":"publish","type":"page","link":"https:\/\/www.topohvar.at\/topo\/orte\/sa\/sa-tr-24-1\/","title":{"rendered":"SELCA (kod Starog Grada) &#8211; Trim \u00bbSA-TR-24\u00ab"},"content":{"rendered":"<p><a name=\"seite_oben\"><\/a><br \/>\n<img loading=\"lazy\" decoding=\"async\" class=\"alignleft wp-image-24416 size-large\" src=\"https:\/\/www.topohvar.at\/wp-content\/uploads\/2019\/10\/sa-tr-24-2-1024x503.jpg\" alt=\"\" width=\"640\" height=\"314\" srcset=\"https:\/\/www.topohvar.at\/wp-content\/uploads\/2019\/10\/sa-tr-24-2-1024x503.jpg 1024w, https:\/\/www.topohvar.at\/wp-content\/uploads\/2019\/10\/sa-tr-24-2-300x147.jpg 300w, https:\/\/www.topohvar.at\/wp-content\/uploads\/2019\/10\/sa-tr-24-2-768x377.jpg 768w, https:\/\/www.topohvar.at\/wp-content\/uploads\/2019\/10\/sa-tr-24-2.jpg 1080w\" sizes=\"auto, (max-width: 640px) 100vw, 640px\" \/><\/p>\n<p><strong>Ime \/ Name<br \/>\n<\/strong>Trim \u00bbSA-TR-24\u00ab<\/p>\n<p><strong>Code: <\/strong>SA-TR-24\u00a0 \u00a0 \u00a0 \u00a0 \u00a0 \u00a0 \u00a0 \u00a0 \u00a0 \u00a0 \u00a0 \u00a0 \u00a0 \u00a0 \u00a0 \u00a0 \u00a0 \u00a0 \u00a0 \u00a0 <strong><a href=\"https:\/\/www.topohvar.at\/orte\/sa\/sa-tr-00-1\/\"><img loading=\"lazy\" decoding=\"async\" class=\"alignnone wp-image-12300 size-full\" src=\"https:\/\/www.topohvar.at\/wp-content\/uploads\/2018\/09\/push-vor-30.jpg\" alt=\"\" width=\"61\" height=\"30\" \/><\/a><\/strong><strong>\u00a0<a href=\"https:\/\/www.topohvar.at\/orte\/sa\/sa-tr-25-1\/\"><img loading=\"lazy\" decoding=\"async\" class=\"alignnone wp-image-533 size-full\" src=\"https:\/\/www.topohvar.at\/wp-content\/uploads\/2018\/07\/push-l-30.jpg\" alt=\"\" width=\"61\" height=\"30\" \/><\/a> <a href=\"https:\/\/www.topohvar.at\/orte\/sa\/\"><img loading=\"lazy\" decoding=\"async\" class=\"alignnone wp-image-535 size-full\" src=\"https:\/\/www.topohvar.at\/wp-content\/uploads\/2018\/07\/push-o-30.jpg\" alt=\"\" width=\"61\" height=\"30\" \/><\/a> <a href=\"https:\/\/www.topohvar.at\/orte\/sa\/sa-tr-04-1\/\"><img loading=\"lazy\" decoding=\"async\" class=\"alignnone wp-image-536 size-full\" src=\"https:\/\/www.topohvar.at\/wp-content\/uploads\/2018\/07\/push-r-30.jpg\" alt=\"\" width=\"61\" height=\"30\" \/><\/a><\/strong><\/p>\n<hr \/>\n<p><strong>Adresa \/ Adresse<br \/>\n<\/strong>Selca (kod Starog Grada), pod Borovik \/ unterhalb von Borovik<\/p>\n<p><strong>Lokacija \/ Position<a href=\"https:\/\/goo.gl\/maps\/iDJyQ5JoQL2Ge5P18\"><img loading=\"lazy\" decoding=\"async\" class=\"alignright wp-image-24413\" src=\"https:\/\/www.topohvar.at\/wp-content\/uploads\/2019\/10\/2097.jpg\" alt=\"\" width=\"133\" height=\"100\" \/><\/a><br \/>\n<\/strong><span style=\"color: #3366ff;\"><a style=\"color: #3366ff;\" href=\"https:\/\/goo.gl\/maps\/iDJyQ5JoQL2Ge5P18\">Latitude: N 43,16261\u00b0\u00a0 \u00a0Longitude: E 16,59702\u00b0<\/a> <\/span><strong><br \/>\n<\/strong>Visina \/ H\u00f6he: 310 m<\/p>\n<p><strong>Katastarska \u010destica \/ Grundst\u00fccke<br \/>\n<\/strong>266 (DKP Starigrad)<div class='content-column one_half'><div style=\"padding-right:6px;\"><p><strong>Datum snimanja \/ Erfassungsdatum<br \/>\n<\/strong>15.10.2019 15:11:35<\/p>\n<hr \/>\n<p><strong>Informacije<\/strong><\/p>\n<p>Trim se nalazi u \u0161umi sjeverno od stare staze od Borovika do Selca. Stra\u017enja strana dvostepena trima o\u0161te\u0107ena je. Njegov je ulaz bio obrastao grmljem. Trim se vi\u0161e ne koristi.<\/p><\/div><\/div><div class='content-column one_half last_column'><div style=\"padding-right:0px;padding-left:6px;\"><p><strong>Stupanj za\u0161tite \/ Schutzstellung<br \/>\n<\/strong>&#8211;<\/p>\n<hr \/>\n<p><strong>Info<\/strong><\/p>\n<p>Der Trim befindet sich im Wald n\u00f6rdlich des alten Weges von Borovik nach Selca. Die R\u00fcckseite des zweistufigen Trims ist besch\u00e4digt. Sein Eingang war durch Buschwerk verwachsen. Der Trim wird nicht mehr genutzt.<\/p><\/div><\/div><div class='clear_column'><\/div><div class='content-column one_half'><div style=\"padding-right:6px;\"><div id=\"attachment_24896\" style=\"width: 310px\" class=\"wp-caption aligncenter\"><img loading=\"lazy\" decoding=\"async\" aria-describedby=\"caption-attachment-24896\" class=\"size-full wp-image-24896\" src=\"https:\/\/www.topohvar.at\/wp-content\/uploads\/2019\/12\/sa-tr-24-1.jpg\" alt=\"\" width=\"300\" height=\"300\" srcset=\"https:\/\/www.topohvar.at\/wp-content\/uploads\/2019\/12\/sa-tr-24-1.jpg 300w, https:\/\/www.topohvar.at\/wp-content\/uploads\/2019\/12\/sa-tr-24-1-150x150.jpg 150w\" sizes=\"auto, (max-width: 300px) 100vw, 300px\" \/><p id=\"caption-attachment-24896\" class=\"wp-caption-text\">Ulaz \/ Eingang<\/p><\/div>\n<p>Dana 15.10.2019 trim je posje\u0107en i prona\u0111en je sljede\u0107i<\/p>\n<p>Lokacija: \u0161uma<br \/>\nPodzemlje: ravan<br \/>\nSklop: izoliran<br \/>\nUpotreba: ne koristi<br \/>\nStanje izgradnje: mali dijelovi su se sru\u0161ili<br \/>\nBroj prstenova trima: dva prstena<br \/>\nDodatni kameni prsten: nema kamenog prstena<br \/>\nStepeni\u0161te: nema stepenica<br \/>\nOblik kamena: uglast<br \/>\nPodru\u010dje ispred ulaza: zarastao<br \/>\nVrata na stranicu: SZ (300\u00b0)<br \/>\nPromjer trima (cm): 490<br \/>\nVisina trima (cm): 270<br \/>\nVisina prstena (cm): prsten 1: 160 , prsten 2: 230<br \/>\nDebljina zida (cm): 120<br \/>\n\u0160irina vrata (cm): 75<br \/>\nVisina vrata (cm): 110<br \/>\n\u0160irina unutra (cm): 230 &#8211; 250<br \/>\nVisina unutra (cm): 250<br \/>\nVolumen iznutra (m3): 7,12<br \/>\nNema ni\u0161e<\/p><\/div><\/div><div class='content-column one_half last_column'><div style=\"padding-right:0px;padding-left:6px;\"><div id=\"attachment_24897\" style=\"width: 310px\" class=\"wp-caption aligncenter\"><img loading=\"lazy\" decoding=\"async\" aria-describedby=\"caption-attachment-24897\" class=\"size-full wp-image-24897\" src=\"https:\/\/www.topohvar.at\/wp-content\/uploads\/2019\/12\/sa-tr-24-3.jpg\" alt=\"\" width=\"300\" height=\"300\" srcset=\"https:\/\/www.topohvar.at\/wp-content\/uploads\/2019\/12\/sa-tr-24-3.jpg 300w, https:\/\/www.topohvar.at\/wp-content\/uploads\/2019\/12\/sa-tr-24-3-150x150.jpg 150w\" sizes=\"auto, (max-width: 300px) 100vw, 300px\" \/><p id=\"caption-attachment-24897\" class=\"wp-caption-text\">Pogled na sjeveroistok \/ Blick nach Nordost<\/p><\/div>\n<p>Am 15.10.2019 wurde der Trim besucht und untersucht<\/p>\n<p>Standort: Wald<br \/>\nUntergrund: eben<br \/>\nVerbunden mit: freistehend<br \/>\nNutzung: ungenutzt<br \/>\nZustand: kleine Teile abgest\u00fcrzt<br \/>\nRinge\/Stufen des Trim: zweistufig<br \/>\nZus\u00e4tzlicher Steinring: kein Steinring<br \/>\nStiege: keine Stufen<br \/>\nSteinform: kantig<br \/>\nEingangsbereich: verwachsen<br \/>\nEingangsseite: NW (300\u00b0)<br \/>\nTrimdurchmesser (cm): 490<br \/>\nTrimh\u00f6he (cm): 270<br \/>\nStufen\/Ringh\u00f6he (cm): Ring 1: 160 , Ring 2: 230<br \/>\nWandst\u00e4rke: 120<br \/>\nT\u00fcrbreite (cm): 75<br \/>\nT\u00fcrh\u00f6he (cm): 110<br \/>\nInnenraumbreite (cm): 230 &#8211; 250<br \/>\nInnenraumh\u00f6he (cm): 250<br \/>\nRaumvolumen (m3): 7,12<br \/>\nKeine Nische<\/p><\/div><\/div><div class='clear_column'><\/div><\/p>\n<p><img loading=\"lazy\" decoding=\"async\" class=\"aligncenter size-full wp-image-24895\" src=\"https:\/\/www.topohvar.at\/wp-content\/uploads\/2019\/12\/sa-tr-24-sc.jpg\" alt=\"\" width=\"600\" height=\"910\" srcset=\"https:\/\/www.topohvar.at\/wp-content\/uploads\/2019\/12\/sa-tr-24-sc.jpg 600w, https:\/\/www.topohvar.at\/wp-content\/uploads\/2019\/12\/sa-tr-24-sc-198x300.jpg 198w\" sizes=\"auto, (max-width: 600px) 100vw, 600px\" \/><\/p>\n<p style=\"text-align: right;\"><a href=\"#seite_oben\">natrag na vrh \/ Seitenanfang<\/a><\/p>\n<hr \/>\n<p><strong>Linkovi \/ Links<\/strong><\/p>\n<p>&#8211;<\/p>\n","protected":false},"excerpt":{"rendered":"<p>Ime \/ Name Trim \u00bbSA-TR-24\u00ab Code: SA-TR-24\u00a0 \u00a0 \u00a0 \u00a0 \u00a0 \u00a0 \u00a0 \u00a0 \u00a0 \u00a0 \u00a0 \u00a0 \u00a0 \u00a0 \u00a0 \u00a0 \u00a0 \u00a0 \u00a0 \u00a0 \u00a0 Adresa \/ Adresse Selca (kod Starog Grada), pod Borovik \/ unterhalb von Borovik &hellip; <a href=\"https:\/\/www.topohvar.at\/topo\/orte\/sa\/sa-tr-24-1\/\">Weiterlesen <span class=\"meta-nav\">&rarr;<\/span><\/a><\/p>\n","protected":false},"author":1,"featured_media":0,"parent":95,"menu_order":0,"comment_status":"closed","ping_status":"closed","template":"","meta":{"footnotes":""},"class_list":["post-24412","page","type-page","status-publish","hentry"],"_links":{"self":[{"href":"https:\/\/www.topohvar.at\/topo\/wp-json\/wp\/v2\/pages\/24412","targetHints":{"allow":["GET"]}}],"collection":[{"href":"https:\/\/www.topohvar.at\/topo\/wp-json\/wp\/v2\/pages"}],"about":[{"href":"https:\/\/www.topohvar.at\/topo\/wp-json\/wp\/v2\/types\/page"}],"author":[{"embeddable":true,"href":"https:\/\/www.topohvar.at\/topo\/wp-json\/wp\/v2\/users\/1"}],"replies":[{"embeddable":true,"href":"https:\/\/www.topohvar.at\/topo\/wp-json\/wp\/v2\/comments?post=24412"}],"version-history":[{"count":12,"href":"https:\/\/www.topohvar.at\/topo\/wp-json\/wp\/v2\/pages\/24412\/revisions"}],"predecessor-version":[{"id":49110,"href":"https:\/\/www.topohvar.at\/topo\/wp-json\/wp\/v2\/pages\/24412\/revisions\/49110"}],"up":[{"embeddable":true,"href":"https:\/\/www.topohvar.at\/topo\/wp-json\/wp\/v2\/pages\/95"}],"wp:attachment":[{"href":"https:\/\/www.topohvar.at\/topo\/wp-json\/wp\/v2\/media?parent=24412"}],"curies":[{"name":"wp","href":"https:\/\/api.w.org\/{rel}","templated":true}]}}

<p><a name="seite_oben"></a><br />
<img loading="lazy" decoding="async" class="alignleft wp-image-24416 size-large" src="https://www.topohvar.at/wp-content/uploads/2019/10/sa-tr-24-2-1024x503.jpg" alt="" width="640" height="314" srcset="https://www.topohvar.at/wp-content/uploads/2019/10/sa-tr-24-2-1024x503.jpg 1024w, https://www.topohvar.at/wp-content/uploads/2019/10/sa-tr-24-2-300x147.jpg 300w, https://www.topohvar.at/wp-content/uploads/2019/10/sa-tr-24-2-768x377.jpg 768w, https://www.topohvar.at/wp-content/uploads/2019/10/sa-tr-24-2.jpg 1080w" sizes="auto, (max-width: 640px) 100vw, 640px" /></p>
<p><strong>Ime / Name<br />
</strong>Trim »SA-TR-24«</p>
<p><strong>Code: </strong>SA-TR-24                                        <strong><a href="https://www.topohvar.at/orte/sa/sa-tr-00-1/"><img loading="lazy" decoding="async" class="alignnone wp-image-12300 size-full" src="https://www.topohvar.at/wp-content/uploads/2018/09/push-vor-30.jpg" alt="" width="61" height="30" /></a></strong><strong> <a href="https://www.topohvar.at/orte/sa/sa-tr-25-1/"><img loading="lazy" decoding="async" class="alignnone wp-image-533 size-full" src="https://www.topohvar.at/wp-content/uploads/2018/07/push-l-30.jpg" alt="" width="61" height="30" /></a> <a href="https://www.topohvar.at/orte/sa/"><img loading="lazy" decoding="async" class="alignnone wp-image-535 size-full" src="https://www.topohvar.at/wp-content/uploads/2018/07/push-o-30.jpg" alt="" width="61" height="30" /></a> <a href="https://www.topohvar.at/orte/sa/sa-tr-04-1/"><img loading="lazy" decoding="async" class="alignnone wp-image-536 size-full" src="https://www.topohvar.at/wp-content/uploads/2018/07/push-r-30.jpg" alt="" width="61" height="30" /></a></strong></p>
<hr />
<p><strong>Adresa / Adresse<br />
</strong>Selca (kod Starog Grada), pod Borovik / unterhalb von Borovik</p>
<p><strong>Lokacija / Position<a href="https://goo.gl/maps/iDJyQ5JoQL2Ge5P18"><img loading="lazy" decoding="async" class="alignright wp-image-24413" src="https://www.topohvar.at/wp-content/uploads/2019/10/2097.jpg" alt="" width="133" height="100" /></a><br />
</strong><span style="color: #3366ff;"><a style="color: #3366ff;" href="https://goo.gl/maps/iDJyQ5JoQL2Ge5P18">Latitude: N 43,16261°   Longitude: E 16,59702°</a> </span><strong><br />
</strong>Visina / Höhe: 310 m</p>
<p><strong>Katastarska čestica / Grundstücke<br />
</strong>266 (DKP Starigrad)<div class='content-column one_half'><div style="padding-right:6px;"><p><strong>Datum snimanja / Erfassungsdatum<br />
</strong>15.10.2019 15:11:35</p>
<hr />
<p><strong>Informacije</strong></p>
<p>Trim se nalazi u šumi sjeverno od stare staze od Borovika do Selca. Stražnja strana dvostepena trima oštećena je. Njegov je ulaz bio obrastao grmljem. Trim se više ne koristi.</p></div></div><div class='content-column one_half last_column'><div style="padding-right:0px;padding-left:6px;"><p><strong>Stupanj zaštite / Schutzstellung<br />
</strong>&#8211;</p>
<hr />
<p><strong>Info</strong></p>
<p>Der Trim befindet sich im Wald nördlich des alten Weges von Borovik nach Selca. Die Rückseite des zweistufigen Trims ist beschädigt. Sein Eingang war durch Buschwerk verwachsen. Der Trim wird nicht mehr genutzt.</p></div></div><div class='clear_column'></div><div class='content-column one_half'><div style="padding-right:6px;"><div id="attachment_24896" style="width: 310px" class="wp-caption aligncenter"><img loading="lazy" decoding="async" aria-describedby="caption-attachment-24896" class="size-full wp-image-24896" src="https://www.topohvar.at/wp-content/uploads/2019/12/sa-tr-24-1.jpg" alt="" width="300" height="300" srcset="https://www.topohvar.at/wp-content/uploads/2019/12/sa-tr-24-1.jpg 300w, https://www.topohvar.at/wp-content/uploads/2019/12/sa-tr-24-1-150x150.jpg 150w" sizes="auto, (max-width: 300px) 100vw, 300px" /><p id="caption-attachment-24896" class="wp-caption-text">Ulaz / Eingang</p></div>
<p>Dana 15.10.2019 trim je posjećen i pronađen je sljedeći</p>
<p>Lokacija: šuma<br />
Podzemlje: ravan<br />
Sklop: izoliran<br />
Upotreba: ne koristi<br />
Stanje izgradnje: mali dijelovi su se srušili<br />
Broj prstenova trima: dva prstena<br />
Dodatni kameni prsten: nema kamenog prstena<br />
Stepenište: nema stepenica<br />
Oblik kamena: uglast<br />
Područje ispred ulaza: zarastao<br />
Vrata na stranicu: SZ (300°)<br />
Promjer trima (cm): 490<br />
Visina trima (cm): 270<br />
Visina prstena (cm): prsten 1: 160 , prsten 2: 230<br />
Debljina zida (cm): 120<br />
Širina vrata (cm): 75<br />
Visina vrata (cm): 110<br />
Širina unutra (cm): 230 &#8211; 250<br />
Visina unutra (cm): 250<br />
Volumen iznutra (m3): 7,12<br />
Nema niše</p></div></div><div class='content-column one_half last_column'><div style="padding-right:0px;padding-left:6px;"><div id="attachment_24897" style="width: 310px" class="wp-caption aligncenter"><img loading="lazy" decoding="async" aria-describedby="caption-attachment-24897" class="size-full wp-image-24897" src="https://www.topohvar.at/wp-content/uploads/2019/12/sa-tr-24-3.jpg" alt="" width="300" height="300" srcset="https://www.topohvar.at/wp-content/uploads/2019/12/sa-tr-24-3.jpg 300w, https://www.topohvar.at/wp-content/uploads/2019/12/sa-tr-24-3-150x150.jpg 150w" sizes="auto, (max-width: 300px) 100vw, 300px" /><p id="caption-attachment-24897" class="wp-caption-text">Pogled na sjeveroistok / Blick nach Nordost</p></div>
<p>Am 15.10.2019 wurde der Trim besucht und untersucht</p>
<p>Standort: Wald<br />
Untergrund: eben<br />
Verbunden mit: freistehend<br />
Nutzung: ungenutzt<br />
Zustand: kleine Teile abgestürzt<br />
Ringe/Stufen des Trim: zweistufig<br />
Zusätzlicher Steinring: kein Steinring<br />
Stiege: keine Stufen<br />
Steinform: kantig<br />
Eingangsbereich: verwachsen<br />
Eingangsseite: NW (300°)<br />
Trimdurchmesser (cm): 490<br />
Trimhöhe (cm): 270<br />
Stufen/Ringhöhe (cm): Ring 1: 160 , Ring 2: 230<br />
Wandstärke: 120<br />
Türbreite (cm): 75<br />
Türhöhe (cm): 110<br />
Innenraumbreite (cm): 230 &#8211; 250<br />
Innenraumhöhe (cm): 250<br />
Raumvolumen (m3): 7,12<br />
Keine Nische</p></div></div><div class='clear_column'></div></p>
<p><img loading="lazy" decoding="async" class="aligncenter size-full wp-image-24895" src="https://www.topohvar.at/wp-content/uploads/2019/12/sa-tr-24-sc.jpg" alt="" width="600" height="910" srcset="https://www.topohvar.at/wp-content/uploads/2019/12/sa-tr-24-sc.jpg 600w, https://www.topohvar.at/wp-content/uploads/2019/12/sa-tr-24-sc-198x300.jpg 198w" sizes="auto, (max-width: 600px) 100vw, 600px" /></p>
<p style="text-align: right;"><a href="#seite_oben">natrag na vrh / Seitenanfang</a></p>
<hr />
<p><strong>Linkovi / Links</strong></p>
<p>&#8211;</p>
