{"id":24420,"date":"2019-10-24T18:11:03","date_gmt":"2019-10-24T16:11:03","guid":{"rendered":"https:\/\/www.topohvar.at\/topo\/?page_id=24420"},"modified":"2021-05-12T09:23:23","modified_gmt":"2021-05-12T07:23:23","slug":"sa-tr-25-1","status":"publish","type":"page","link":"https:\/\/www.topohvar.at\/topo\/orte\/sa\/sa-tr-25-1\/","title":{"rendered":"SELCA (kod Starog Grada) &#8211; Trim \u00bbSA-TR-25\u00ab"},"content":{"rendered":"<p><a name=\"seite_oben\"><\/a><br \/>\n<img loading=\"lazy\" decoding=\"async\" class=\"alignleft wp-image-24424 size-large\" src=\"https:\/\/www.topohvar.at\/wp-content\/uploads\/2019\/10\/sa-tr-25-2-1024x503.jpg\" alt=\"\" width=\"640\" height=\"314\" srcset=\"https:\/\/www.topohvar.at\/wp-content\/uploads\/2019\/10\/sa-tr-25-2-1024x503.jpg 1024w, https:\/\/www.topohvar.at\/wp-content\/uploads\/2019\/10\/sa-tr-25-2-300x147.jpg 300w, https:\/\/www.topohvar.at\/wp-content\/uploads\/2019\/10\/sa-tr-25-2-768x377.jpg 768w, https:\/\/www.topohvar.at\/wp-content\/uploads\/2019\/10\/sa-tr-25-2.jpg 1080w\" sizes=\"auto, (max-width: 640px) 100vw, 640px\" \/><\/p>\n<p><strong>Ime \/ Name<br \/>\n<\/strong>Trim \u00bbSA-TR-25\u00ab<\/p>\n<p><strong>Code: <\/strong>SA-TR-25\u00a0 \u00a0 \u00a0 \u00a0 \u00a0 \u00a0 \u00a0 \u00a0 \u00a0 \u00a0 \u00a0 \u00a0 \u00a0 \u00a0 \u00a0 \u00a0 \u00a0 \u00a0 \u00a0 \u00a0 <strong><a href=\"https:\/\/www.topohvar.at\/orte\/sa\/sa-tr-00-1\/\"><img loading=\"lazy\" decoding=\"async\" class=\"alignnone wp-image-12300 size-full\" src=\"https:\/\/www.topohvar.at\/wp-content\/uploads\/2018\/09\/push-vor-30.jpg\" alt=\"\" width=\"61\" height=\"30\" \/><\/a><\/strong>\u00a0<strong><a href=\"https:\/\/www.topohvar.at\/orte\/sa\/sa-tr-09-1\/\"><img loading=\"lazy\" decoding=\"async\" class=\"alignnone wp-image-533 size-full\" src=\"https:\/\/www.topohvar.at\/wp-content\/uploads\/2018\/07\/push-l-30.jpg\" alt=\"\" width=\"61\" height=\"30\" \/><\/a> <a href=\"https:\/\/www.topohvar.at\/orte\/sa\/\"><img loading=\"lazy\" decoding=\"async\" class=\"alignnone wp-image-535 size-full\" src=\"https:\/\/www.topohvar.at\/wp-content\/uploads\/2018\/07\/push-o-30.jpg\" alt=\"\" width=\"61\" height=\"30\" \/><\/a> <a href=\"https:\/\/www.topohvar.at\/orte\/sa\/sa-tr-24-1\/\"><img loading=\"lazy\" decoding=\"async\" class=\"alignnone wp-image-536 size-full\" src=\"https:\/\/www.topohvar.at\/wp-content\/uploads\/2018\/07\/push-r-30.jpg\" alt=\"\" width=\"61\" height=\"30\" \/><\/a><\/strong><\/p>\n<hr \/>\n<p><strong>Adresa \/ Adresse<br \/>\n<\/strong>Selca (kod Starog Grada), pod Borovik \/ unterhalb von Borovik<\/p>\n<p><strong>Lokacija \/ Position<a href=\"https:\/\/goo.gl\/maps\/4UyFmbFDATSx73UY7\"><img loading=\"lazy\" decoding=\"async\" class=\"alignright wp-image-24421\" src=\"https:\/\/www.topohvar.at\/wp-content\/uploads\/2019\/10\/2098.jpg\" alt=\"\" width=\"133\" height=\"100\" \/><\/a><br \/>\n<\/strong><span style=\"color: #3366ff;\"><a style=\"color: #3366ff;\" href=\"https:\/\/goo.gl\/maps\/4UyFmbFDATSx73UY7\">Latitude: N 43,16360\u00b0\u00a0 \u00a0Longitude: E 16,59546\u00b0<\/a> <\/span><strong><br \/>\n<\/strong>Visina \/ H\u00f6he: 302 m<\/p>\n<p><strong>Katastarska \u010destica \/ Grundst\u00fccke<br \/>\n<\/strong>220\/3 (DKP Starigrad)<div class='content-column one_half'><div style=\"padding-right:6px;\"><p><strong>Datum snimanja \/ Erfassungsdatum<br \/>\n<\/strong>16.10.2019 14:48:52<\/p>\n<hr \/>\n<p><strong>Informacije<\/strong><\/p>\n<p>Trim se nalazi u nekada\u0161njoj kultiviranoj zemlji sjeverno od stare rute od Borovika do Selca. Desna strana dvostepena trima je labava i prijeti opasnost od uru\u0161avanja, lijeva strana je u gomili kamenja. Njegov je ulaz bio obrastao grmljem. Trim se vi\u0161e ne koristi.<\/p><\/div><\/div><div class='content-column one_half last_column'><div style=\"padding-right:0px;padding-left:6px;\"><p><strong>Stupanj za\u0161tite \/ Schutzstellung<br \/>\n<\/strong>&#8211;<\/p>\n<hr \/>\n<p><strong>Info<\/strong><\/p>\n<p>Der Trim befindet sich im ehemaligen Kulturland n\u00f6rdlich des alten Weges von Borovik nach Selca. Die rechte Seite des zweistufigen Trims ist locker und einsturzgef\u00e4hrdet, die linke Seite steckt in einem Steinhaufen. Sein Eingang war durch Buschwerk verwachsen. Der Trim wird nicht mehr genutzt.<\/p><\/div><\/div><div class='clear_column'><\/div><div class='content-column one_half'><div style=\"padding-right:6px;\"><div id=\"attachment_24908\" style=\"width: 310px\" class=\"wp-caption aligncenter\"><img loading=\"lazy\" decoding=\"async\" aria-describedby=\"caption-attachment-24908\" class=\"size-full wp-image-24908\" src=\"https:\/\/www.topohvar.at\/wp-content\/uploads\/2019\/12\/sa-tr-25-1.jpg\" alt=\"\" width=\"300\" height=\"300\" srcset=\"https:\/\/www.topohvar.at\/wp-content\/uploads\/2019\/12\/sa-tr-25-1.jpg 300w, https:\/\/www.topohvar.at\/wp-content\/uploads\/2019\/12\/sa-tr-25-1-150x150.jpg 150w\" sizes=\"auto, (max-width: 300px) 100vw, 300px\" \/><p id=\"caption-attachment-24908\" class=\"wp-caption-text\">Ulaz \/ Eingang<\/p><\/div>\n<p>Dana 16.10.2019 trim je posje\u0107en i prona\u0111en je sljede\u0107i<\/p>\n<p>Lokacija: grmlje<br \/>\nPodzemlje: ravan<br \/>\nSklop: nesre\u0111na kamena gomila<br \/>\nUpotreba: ne koristi<br \/>\nStanje izgradnje: lo\u0161e, prekriven vegetacijom<br \/>\nBroj prstenova trima: dva prstena<br \/>\nDodatni kameni prsten: nema kamenog prstena<br \/>\nStepeni\u0161te: nema stepenica<br \/>\nOblik kamena: uglast<br \/>\nPodru\u010dje ispred ulaza: zarastao<br \/>\nVrata na stranicu: Z (260\u00b0)<br \/>\nPromjer trima (cm): 320<br \/>\nVisina trima (cm): 200<br \/>\nVisina prstena (cm): prsten 1: 105 , prsten 2: 160<br \/>\nDebljina zida (cm): 75<br \/>\n\u0160irina vrata (cm): 45<br \/>\nVisina vrata (cm): 80<br \/>\n\u0160irina unutra (cm): 170<br \/>\nVisina unutra (cm): 190<br \/>\nVolumen iznutra (m3): 2,62<br \/>\nNema ni\u0161e<\/p><\/div><\/div><div class='content-column one_half last_column'><div style=\"padding-right:0px;padding-left:6px;\"><div id=\"attachment_24909\" style=\"width: 310px\" class=\"wp-caption aligncenter\"><img loading=\"lazy\" decoding=\"async\" aria-describedby=\"caption-attachment-24909\" class=\"size-full wp-image-24909\" src=\"https:\/\/www.topohvar.at\/wp-content\/uploads\/2019\/12\/sa-tr-25-4.jpg\" alt=\"\" width=\"300\" height=\"300\" srcset=\"https:\/\/www.topohvar.at\/wp-content\/uploads\/2019\/12\/sa-tr-25-4.jpg 300w, https:\/\/www.topohvar.at\/wp-content\/uploads\/2019\/12\/sa-tr-25-4-150x150.jpg 150w\" sizes=\"auto, (max-width: 300px) 100vw, 300px\" \/><p id=\"caption-attachment-24909\" class=\"wp-caption-text\">Pogled na sjeverno \/ Blick nach Norden<\/p><\/div>\n<p>Am 16.10.2019 wurde der Trim besucht und untersucht<\/p>\n<p>Standort: Buschwerk<br \/>\nUntergrund: eben<br \/>\nVerbunden mit: Steinhaufen ungeordnet<br \/>\nNutzung: ungenutzt<br \/>\nZustand: schlecht, verwachsen<br \/>\nRinge\/Stufen des Trim: zweistufig<br \/>\nZus\u00e4tzlicher Steinring: kein Steinring<br \/>\nStiege: keine Stufen<br \/>\nSteinform: kantig<br \/>\nEingangsbereich: verwachsen<br \/>\nEingangsseite: W (260\u00b0)<br \/>\nTrimdurchmesser (cm): 320<br \/>\nTrimh\u00f6he (cm): 200<br \/>\nStufen\/Ringh\u00f6he (cm): Ring 1: 105 , Ring 2: 160<br \/>\nWandst\u00e4rke: 75<br \/>\nT\u00fcrbreite (cm): 45<br \/>\nT\u00fcrh\u00f6he (cm): 80<br \/>\nInnenraumbreite (cm): 170<br \/>\nInnenraumh\u00f6he (cm): 190<br \/>\nRaumvolumen (m3): 2,62<br \/>\nKeine Nische<\/p><\/div><\/div><div class='clear_column'><\/div><\/p>\n<p><img loading=\"lazy\" decoding=\"async\" class=\"aligncenter size-full wp-image-24905\" src=\"https:\/\/www.topohvar.at\/wp-content\/uploads\/2019\/12\/sa-tr-25-sc.jpg\" alt=\"\" width=\"600\" height=\"917\" srcset=\"https:\/\/www.topohvar.at\/wp-content\/uploads\/2019\/12\/sa-tr-25-sc.jpg 600w, https:\/\/www.topohvar.at\/wp-content\/uploads\/2019\/12\/sa-tr-25-sc-196x300.jpg 196w\" sizes=\"auto, (max-width: 600px) 100vw, 600px\" \/><\/p>\n<p style=\"text-align: right;\"><a href=\"#seite_oben\">natrag na vrh \/ Seitenanfang<\/a><\/p>\n<hr \/>\n<p><strong>Linkovi \/ Links<\/strong><\/p>\n<p>&#8211;<\/p>\n","protected":false},"excerpt":{"rendered":"<p>Ime \/ Name Trim \u00bbSA-TR-25\u00ab Code: SA-TR-25\u00a0 \u00a0 \u00a0 \u00a0 \u00a0 \u00a0 \u00a0 \u00a0 \u00a0 \u00a0 \u00a0 \u00a0 \u00a0 \u00a0 \u00a0 \u00a0 \u00a0 \u00a0 \u00a0 \u00a0 \u00a0 Adresa \/ Adresse Selca (kod Starog Grada), pod Borovik \/ unterhalb von Borovik &hellip; <a href=\"https:\/\/www.topohvar.at\/topo\/orte\/sa\/sa-tr-25-1\/\">Weiterlesen <span class=\"meta-nav\">&rarr;<\/span><\/a><\/p>\n","protected":false},"author":1,"featured_media":0,"parent":95,"menu_order":0,"comment_status":"closed","ping_status":"closed","template":"","meta":{"footnotes":""},"class_list":["post-24420","page","type-page","status-publish","hentry"],"_links":{"self":[{"href":"https:\/\/www.topohvar.at\/topo\/wp-json\/wp\/v2\/pages\/24420","targetHints":{"allow":["GET"]}}],"collection":[{"href":"https:\/\/www.topohvar.at\/topo\/wp-json\/wp\/v2\/pages"}],"about":[{"href":"https:\/\/www.topohvar.at\/topo\/wp-json\/wp\/v2\/types\/page"}],"author":[{"embeddable":true,"href":"https:\/\/www.topohvar.at\/topo\/wp-json\/wp\/v2\/users\/1"}],"replies":[{"embeddable":true,"href":"https:\/\/www.topohvar.at\/topo\/wp-json\/wp\/v2\/comments?post=24420"}],"version-history":[{"count":12,"href":"https:\/\/www.topohvar.at\/topo\/wp-json\/wp\/v2\/pages\/24420\/revisions"}],"predecessor-version":[{"id":49109,"href":"https:\/\/www.topohvar.at\/topo\/wp-json\/wp\/v2\/pages\/24420\/revisions\/49109"}],"up":[{"embeddable":true,"href":"https:\/\/www.topohvar.at\/topo\/wp-json\/wp\/v2\/pages\/95"}],"wp:attachment":[{"href":"https:\/\/www.topohvar.at\/topo\/wp-json\/wp\/v2\/media?parent=24420"}],"curies":[{"name":"wp","href":"https:\/\/api.w.org\/{rel}","templated":true}]}}

<p><a name="seite_oben"></a><br />
<img loading="lazy" decoding="async" class="alignleft wp-image-24424 size-large" src="https://www.topohvar.at/wp-content/uploads/2019/10/sa-tr-25-2-1024x503.jpg" alt="" width="640" height="314" srcset="https://www.topohvar.at/wp-content/uploads/2019/10/sa-tr-25-2-1024x503.jpg 1024w, https://www.topohvar.at/wp-content/uploads/2019/10/sa-tr-25-2-300x147.jpg 300w, https://www.topohvar.at/wp-content/uploads/2019/10/sa-tr-25-2-768x377.jpg 768w, https://www.topohvar.at/wp-content/uploads/2019/10/sa-tr-25-2.jpg 1080w" sizes="auto, (max-width: 640px) 100vw, 640px" /></p>
<p><strong>Ime / Name<br />
</strong>Trim »SA-TR-25«</p>
<p><strong>Code: </strong>SA-TR-25                                        <strong><a href="https://www.topohvar.at/orte/sa/sa-tr-00-1/"><img loading="lazy" decoding="async" class="alignnone wp-image-12300 size-full" src="https://www.topohvar.at/wp-content/uploads/2018/09/push-vor-30.jpg" alt="" width="61" height="30" /></a></strong> <strong><a href="https://www.topohvar.at/orte/sa/sa-tr-09-1/"><img loading="lazy" decoding="async" class="alignnone wp-image-533 size-full" src="https://www.topohvar.at/wp-content/uploads/2018/07/push-l-30.jpg" alt="" width="61" height="30" /></a> <a href="https://www.topohvar.at/orte/sa/"><img loading="lazy" decoding="async" class="alignnone wp-image-535 size-full" src="https://www.topohvar.at/wp-content/uploads/2018/07/push-o-30.jpg" alt="" width="61" height="30" /></a> <a href="https://www.topohvar.at/orte/sa/sa-tr-24-1/"><img loading="lazy" decoding="async" class="alignnone wp-image-536 size-full" src="https://www.topohvar.at/wp-content/uploads/2018/07/push-r-30.jpg" alt="" width="61" height="30" /></a></strong></p>
<hr />
<p><strong>Adresa / Adresse<br />
</strong>Selca (kod Starog Grada), pod Borovik / unterhalb von Borovik</p>
<p><strong>Lokacija / Position<a href="https://goo.gl/maps/4UyFmbFDATSx73UY7"><img loading="lazy" decoding="async" class="alignright wp-image-24421" src="https://www.topohvar.at/wp-content/uploads/2019/10/2098.jpg" alt="" width="133" height="100" /></a><br />
</strong><span style="color: #3366ff;"><a style="color: #3366ff;" href="https://goo.gl/maps/4UyFmbFDATSx73UY7">Latitude: N 43,16360°   Longitude: E 16,59546°</a> </span><strong><br />
</strong>Visina / Höhe: 302 m</p>
<p><strong>Katastarska čestica / Grundstücke<br />
</strong>220/3 (DKP Starigrad)<div class='content-column one_half'><div style="padding-right:6px;"><p><strong>Datum snimanja / Erfassungsdatum<br />
</strong>16.10.2019 14:48:52</p>
<hr />
<p><strong>Informacije</strong></p>
<p>Trim se nalazi u nekadašnjoj kultiviranoj zemlji sjeverno od stare rute od Borovika do Selca. Desna strana dvostepena trima je labava i prijeti opasnost od urušavanja, lijeva strana je u gomili kamenja. Njegov je ulaz bio obrastao grmljem. Trim se više ne koristi.</p></div></div><div class='content-column one_half last_column'><div style="padding-right:0px;padding-left:6px;"><p><strong>Stupanj zaštite / Schutzstellung<br />
</strong>&#8211;</p>
<hr />
<p><strong>Info</strong></p>
<p>Der Trim befindet sich im ehemaligen Kulturland nördlich des alten Weges von Borovik nach Selca. Die rechte Seite des zweistufigen Trims ist locker und einsturzgefährdet, die linke Seite steckt in einem Steinhaufen. Sein Eingang war durch Buschwerk verwachsen. Der Trim wird nicht mehr genutzt.</p></div></div><div class='clear_column'></div><div class='content-column one_half'><div style="padding-right:6px;"><div id="attachment_24908" style="width: 310px" class="wp-caption aligncenter"><img loading="lazy" decoding="async" aria-describedby="caption-attachment-24908" class="size-full wp-image-24908" src="https://www.topohvar.at/wp-content/uploads/2019/12/sa-tr-25-1.jpg" alt="" width="300" height="300" srcset="https://www.topohvar.at/wp-content/uploads/2019/12/sa-tr-25-1.jpg 300w, https://www.topohvar.at/wp-content/uploads/2019/12/sa-tr-25-1-150x150.jpg 150w" sizes="auto, (max-width: 300px) 100vw, 300px" /><p id="caption-attachment-24908" class="wp-caption-text">Ulaz / Eingang</p></div>
<p>Dana 16.10.2019 trim je posjećen i pronađen je sljedeći</p>
<p>Lokacija: grmlje<br />
Podzemlje: ravan<br />
Sklop: nesređna kamena gomila<br />
Upotreba: ne koristi<br />
Stanje izgradnje: loše, prekriven vegetacijom<br />
Broj prstenova trima: dva prstena<br />
Dodatni kameni prsten: nema kamenog prstena<br />
Stepenište: nema stepenica<br />
Oblik kamena: uglast<br />
Područje ispred ulaza: zarastao<br />
Vrata na stranicu: Z (260°)<br />
Promjer trima (cm): 320<br />
Visina trima (cm): 200<br />
Visina prstena (cm): prsten 1: 105 , prsten 2: 160<br />
Debljina zida (cm): 75<br />
Širina vrata (cm): 45<br />
Visina vrata (cm): 80<br />
Širina unutra (cm): 170<br />
Visina unutra (cm): 190<br />
Volumen iznutra (m3): 2,62<br />
Nema niše</p></div></div><div class='content-column one_half last_column'><div style="padding-right:0px;padding-left:6px;"><div id="attachment_24909" style="width: 310px" class="wp-caption aligncenter"><img loading="lazy" decoding="async" aria-describedby="caption-attachment-24909" class="size-full wp-image-24909" src="https://www.topohvar.at/wp-content/uploads/2019/12/sa-tr-25-4.jpg" alt="" width="300" height="300" srcset="https://www.topohvar.at/wp-content/uploads/2019/12/sa-tr-25-4.jpg 300w, https://www.topohvar.at/wp-content/uploads/2019/12/sa-tr-25-4-150x150.jpg 150w" sizes="auto, (max-width: 300px) 100vw, 300px" /><p id="caption-attachment-24909" class="wp-caption-text">Pogled na sjeverno / Blick nach Norden</p></div>
<p>Am 16.10.2019 wurde der Trim besucht und untersucht</p>
<p>Standort: Buschwerk<br />
Untergrund: eben<br />
Verbunden mit: Steinhaufen ungeordnet<br />
Nutzung: ungenutzt<br />
Zustand: schlecht, verwachsen<br />
Ringe/Stufen des Trim: zweistufig<br />
Zusätzlicher Steinring: kein Steinring<br />
Stiege: keine Stufen<br />
Steinform: kantig<br />
Eingangsbereich: verwachsen<br />
Eingangsseite: W (260°)<br />
Trimdurchmesser (cm): 320<br />
Trimhöhe (cm): 200<br />
Stufen/Ringhöhe (cm): Ring 1: 105 , Ring 2: 160<br />
Wandstärke: 75<br />
Türbreite (cm): 45<br />
Türhöhe (cm): 80<br />
Innenraumbreite (cm): 170<br />
Innenraumhöhe (cm): 190<br />
Raumvolumen (m3): 2,62<br />
Keine Nische</p></div></div><div class='clear_column'></div></p>
<p><img loading="lazy" decoding="async" class="aligncenter size-full wp-image-24905" src="https://www.topohvar.at/wp-content/uploads/2019/12/sa-tr-25-sc.jpg" alt="" width="600" height="917" srcset="https://www.topohvar.at/wp-content/uploads/2019/12/sa-tr-25-sc.jpg 600w, https://www.topohvar.at/wp-content/uploads/2019/12/sa-tr-25-sc-196x300.jpg 196w" sizes="auto, (max-width: 600px) 100vw, 600px" /></p>
<p style="text-align: right;"><a href="#seite_oben">natrag na vrh / Seitenanfang</a></p>
<hr />
<p><strong>Linkovi / Links</strong></p>
<p>&#8211;</p>
