{"id":25577,"date":"2019-12-28T07:53:52","date_gmt":"2019-12-28T06:53:52","guid":{"rendered":"https:\/\/www.topohvar.at\/topo\/?page_id=25577"},"modified":"2020-03-28T10:27:39","modified_gmt":"2020-03-28T09:27:39","slug":"br-ir-01-1","status":"publish","type":"page","link":"https:\/\/www.topohvar.at\/topo\/orte\/br\/br-ir-01-1\/","title":{"rendered":"Brusje &#8211; Dvije glave na ku\u0107u Hure"},"content":{"rendered":"<p><strong><img loading=\"lazy\" decoding=\"async\" class=\"aligncenter wp-image-25583 size-full\" src=\"https:\/\/www.topohvar.at\/wp-content\/uploads\/2019\/12\/br-ir-01-1.jpg\" alt=\"\" width=\"640\" height=\"314\" srcset=\"https:\/\/www.topohvar.at\/wp-content\/uploads\/2019\/12\/br-ir-01-1.jpg 640w, https:\/\/www.topohvar.at\/wp-content\/uploads\/2019\/12\/br-ir-01-1-300x147.jpg 300w\" sizes=\"auto, (max-width: 640px) 100vw, 640px\" \/><\/strong><\/p>\n<p><strong>Ime \/ Name<br \/>\n<\/strong>Dvije glave na ku\u0107u Hure \/ Zwei K\u00f6pfe am Haus Hure<\/p>\n<p><strong>Code: <\/strong>BR-IR-01\u00a0 \u00a0 \u00a0 \u00a0 \u00a0 \u00a0 \u00a0 \u00a0 \u00a0 \u00a0 \u00a0 \u00a0 \u00a0 \u00a0 \u00a0 \u00a0 \u00a0 \u00a0\u00a0\u00a0 \u00a0 \u00a0\u00a0<strong> <a href=\"https:\/\/www.topohvar.at\/orte\/br\/\"><img loading=\"lazy\" decoding=\"async\" class=\"alignnone wp-image-535 size-full\" src=\"https:\/\/www.topohvar.at\/wp-content\/uploads\/2018\/07\/push-o-30.jpg\" alt=\"\" width=\"61\" height=\"30\" \/><\/a> <\/strong><\/p>\n<hr \/>\n<p><strong>Adresa \/ Adresse<br \/>\n<\/strong>Brusje, Molo Bonda, ku\u0107a Hure<\/p>\n<p><strong>Lokalna polo\u017eaj \/ Position<a href=\"https:\/\/goo.gl\/maps\/gKUcmbfS3pUFzgYR6\"><img loading=\"lazy\" decoding=\"async\" class=\"alignright wp-image-1039\" src=\"https:\/\/www.topohvar.at\/wp-content\/uploads\/2018\/07\/1168.jpg\" alt=\"\" width=\"134\" height=\"100\" \/><\/a><br \/>\n<\/strong><span style=\"color: #3366ff;\"><a style=\"color: #3366ff;\" href=\"https:\/\/goo.gl\/maps\/gKUcmbfS3pUFzgYR6\">Latitude: N 43,19027\u00b0\u00a0 \u00a0Longitude: E 16,48722\u00b0<\/a> <\/span><strong><br \/>\n<\/strong>Visina \/ H\u00f6he: 320 m<\/p>\n<p><strong>Zemlji\u0161te \/ Grundst\u00fccke<br \/>\n<\/strong>*230<div class='content-column one_half'><div style=\"padding-right:6px;\"><p><strong>Datum snimanja \/ Erfassungsdatum<br \/>\n<\/strong>25.10.2014 16:08:44<\/p>\n<hr \/>\n<p><strong>Informacije<\/strong><\/p>\n<p>Dva reljefa ugra\u0111ena su u pro\u010delje ku\u0107e. Vjeruje se da glave\/lica predstavljaju Juraja Hure i njegovu \u017eenu Marijon.<\/p><\/div><\/div><div class='content-column one_half last_column'><div style=\"padding-right:0px;padding-left:6px;\"><p><strong>Za\u0161titni polo\u017eaj \/ Schutzstellung<br \/>\n<\/strong>&#8211;<\/p>\n<hr \/>\n<p><strong>Info<\/strong><\/p>\n<p>In die Hausfassade sind zwei Reliefs eingemauert. Die K\u00f6pfe\/Gesichter sollen\u00a0 vermutlich\u00a0Juraj Hure und seine Frau Marijon darstellen.<\/p><\/div><\/div><div class='clear_column'><\/div><div class='content-column one_half'><div style=\"padding-right:6px;\"><p>Dvije sli\u010dne glave nalaze se u ku\u0107i Vrankovi\u0107-Plenkovi\u0107 u napu\u0161tenom zaseoku Borovik.<\/p><\/div><\/div><div class='content-column one_half last_column'><div style=\"padding-right:0px;padding-left:6px;\"><p>Zwei \u00e4hnliche K\u00f6pfe befinden sich am Haus Vrankovi\u0107-Plenkovi\u0107 im verlassenen Weiler Borovik.<\/p><\/div><\/div><div class='clear_column'><\/div><\/p>\n<hr \/>\n<p><strong>Linkovi \/ Links<\/strong><\/p>\n<p><span style=\"color: #3366ff;\"><a style=\"color: #3366ff;\" href=\"https:\/\/www.topohvar.at\/topo\/orte\/br\/br-is-07-2\/\">Spomen plo\u010da \u00bbna ku\u0107u Hure\u00ab \/ Gedenktafel am Haus Hure<\/a><br \/>\n<a style=\"color: #3366ff;\" href=\"https:\/\/www.topohvar.at\/topo\/orte\/br\/br-tg-04-2\/\">Ku\u0107a \/ Haus \u00bbHure\u00ab<\/a><br \/>\n<a style=\"color: #3366ff;\" href=\"https:\/\/www.topohvar.at\/topo\/orte\/do\/do-ir-02-2\/\">Dol, Borovik &#8211; reljef \u00bbDvije glave\u00ab \/ Relief \u00bbzwei K\u00f6pfe\u00ab<\/a><\/span><\/p>\n","protected":false},"excerpt":{"rendered":"<p>Ime \/ Name Dvije glave na ku\u0107u Hure \/ Zwei K\u00f6pfe am Haus Hure Code: BR-IR-01\u00a0 \u00a0 \u00a0 \u00a0 \u00a0 \u00a0 \u00a0 \u00a0 \u00a0 \u00a0 \u00a0 \u00a0 \u00a0 \u00a0 \u00a0 \u00a0 \u00a0 \u00a0\u00a0\u00a0 \u00a0 \u00a0\u00a0 Adresa \/ Adresse Brusje, Molo &hellip; <a href=\"https:\/\/www.topohvar.at\/topo\/orte\/br\/br-ir-01-1\/\">Weiterlesen <span class=\"meta-nav\">&rarr;<\/span><\/a><\/p>\n","protected":false},"author":1,"featured_media":0,"parent":65,"menu_order":0,"comment_status":"closed","ping_status":"closed","template":"","meta":{"footnotes":""},"class_list":["post-25577","page","type-page","status-publish","hentry"],"_links":{"self":[{"href":"https:\/\/www.topohvar.at\/topo\/wp-json\/wp\/v2\/pages\/25577","targetHints":{"allow":["GET"]}}],"collection":[{"href":"https:\/\/www.topohvar.at\/topo\/wp-json\/wp\/v2\/pages"}],"about":[{"href":"https:\/\/www.topohvar.at\/topo\/wp-json\/wp\/v2\/types\/page"}],"author":[{"embeddable":true,"href":"https:\/\/www.topohvar.at\/topo\/wp-json\/wp\/v2\/users\/1"}],"replies":[{"embeddable":true,"href":"https:\/\/www.topohvar.at\/topo\/wp-json\/wp\/v2\/comments?post=25577"}],"version-history":[{"count":10,"href":"https:\/\/www.topohvar.at\/topo\/wp-json\/wp\/v2\/pages\/25577\/revisions"}],"predecessor-version":[{"id":34373,"href":"https:\/\/www.topohvar.at\/topo\/wp-json\/wp\/v2\/pages\/25577\/revisions\/34373"}],"up":[{"embeddable":true,"href":"https:\/\/www.topohvar.at\/topo\/wp-json\/wp\/v2\/pages\/65"}],"wp:attachment":[{"href":"https:\/\/www.topohvar.at\/topo\/wp-json\/wp\/v2\/media?parent=25577"}],"curies":[{"name":"wp","href":"https:\/\/api.w.org\/{rel}","templated":true}]}}