{"id":28355,"date":"2020-01-14T19:19:31","date_gmt":"2020-01-14T18:19:31","guid":{"rendered":"https:\/\/www.topohvar.at\/topo\/?page_id=28355"},"modified":"2024-07-06T16:13:57","modified_gmt":"2024-07-06T14:13:57","slug":"su-pu-02-1","status":"publish","type":"page","link":"https:\/\/www.topohvar.at\/topo\/orte\/su\/su-pu-02-1\/","title":{"rendered":"SU\u0106URAJ &#8211; Objekt \u00bbLuka Su\u0107uraj\u00ab"},"content":{"rendered":"<p><a name=\"seite_oben\"><\/a><strong><img loading=\"lazy\" decoding=\"async\" class=\"alignnone wp-image-28357 size-large\" src=\"https:\/\/www.topohvar.at\/wp-content\/uploads\/2020\/01\/su-pu-02-1-1024x503.jpg\" alt=\"\" width=\"640\" height=\"314\" srcset=\"https:\/\/www.topohvar.at\/wp-content\/uploads\/2020\/01\/su-pu-02-1-1024x503.jpg 1024w, https:\/\/www.topohvar.at\/wp-content\/uploads\/2020\/01\/su-pu-02-1-300x147.jpg 300w, https:\/\/www.topohvar.at\/wp-content\/uploads\/2020\/01\/su-pu-02-1-768x377.jpg 768w, https:\/\/www.topohvar.at\/wp-content\/uploads\/2020\/01\/su-pu-02-1.jpg 1100w\" sizes=\"auto, (max-width: 640px) 100vw, 640px\" \/><\/strong><\/p>\n<p><strong>Ime \/ Name<br \/>\n<\/strong>Objekt \u00bbLuka Su\u0107uraj\u00ab \/ Hafen\u00a0Su\u0107uraj<\/p>\n<p><strong>Code: <\/strong>SU-PU-02\u00a0 \u00a0 \u00a0 \u00a0 \u00a0 \u00a0 \u00a0 \u00a0 \u00a0 \u00a0 \u00a0 \u00a0 \u00a0 \u00a0 \u00a0 \u00a0<strong><a href=\"https:\/\/www.topohvar.at\/orte\/su\/su-os-01-1\/\"><img loading=\"lazy\" decoding=\"async\" class=\"alignnone wp-image-12300 size-full\" src=\"https:\/\/www.topohvar.at\/wp-content\/uploads\/2018\/09\/push-vor-30.jpg\" alt=\"\" width=\"61\" height=\"30\" \/><\/a> <a href=\"https:\/\/www.topohvar.at\/topo\/orte\/su\/su-pu-06-1\/\"><img loading=\"lazy\" decoding=\"async\" class=\"alignnone wp-image-533 size-full\" src=\"https:\/\/www.topohvar.at\/wp-content\/uploads\/2018\/07\/push-l-30.jpg\" alt=\"\" width=\"61\" height=\"30\" \/><\/a> <a href=\"https:\/\/www.topohvar.at\/orte\/su\/\"><img loading=\"lazy\" decoding=\"async\" class=\"alignnone wp-image-535 size-full\" src=\"https:\/\/www.topohvar.at\/wp-content\/uploads\/2018\/07\/push-o-30.jpg\" alt=\"\" width=\"61\" height=\"30\" \/><\/a> <a href=\"https:\/\/www.topohvar.at\/topo\/orte\/su\/su-pu-01-1\/\"><img loading=\"lazy\" decoding=\"async\" class=\"alignnone wp-image-536 size-full\" src=\"https:\/\/www.topohvar.at\/wp-content\/uploads\/2018\/07\/push-r-30.jpg\" alt=\"\" width=\"61\" height=\"30\" \/><\/a>\u00a0<a href=\"https:\/\/www.topohvar.at\/orte\/su\/su-ov-01-1\/\"><img loading=\"lazy\" decoding=\"async\" class=\"alignnone wp-image-12299 size-full\" src=\"https:\/\/www.topohvar.at\/wp-content\/uploads\/2018\/09\/push-next-30.jpg\" alt=\"\" width=\"61\" height=\"30\" \/><\/a><\/strong><\/p>\n<hr \/>\n<p><strong>Adresa \/ Adresse<br \/>\n<\/strong>Su\u0107uraj, Luka<\/p>\n<p><strong>Lokacija \/ Position<a href=\"https:\/\/goo.gl\/maps\/rDxQh5ECcke3rsze7\"><img loading=\"lazy\" decoding=\"async\" class=\"alignright wp-image-28356\" src=\"https:\/\/www.topohvar.at\/wp-content\/uploads\/2020\/01\/2109.jpg\" alt=\"\" width=\"134\" height=\"100\" \/><\/a><br \/>\n<\/strong><span style=\"color: #3366ff;\"><a style=\"color: #3366ff;\" href=\"https:\/\/goo.gl\/maps\/rDxQh5ECcke3rsze7\">Latitude: N 43,12516\u00b0\u00a0 \u00a0Longitude: E 17,18853\u00b0<\/a> <\/span><strong><br \/>\n<\/strong>Visina \/ H\u00f6he: 0 m<\/p>\n<p><strong>Katastarska \u010destica <\/strong><strong>\/ Grundst\u00fccke<br \/>\n<\/strong>&#8211; <div class='content-column one_half'><div style=\"padding-right:6px;\"><p><strong>Datum snimanja \/ Erfassungsdatum<br \/>\n<\/strong>10.04.2019 19:40:00<\/p>\n<hr \/>\n<p><strong>Informacije<\/strong><\/p>\n<p>Tradicionalni naziv za su\u0107uransku luku je \u201egusarska luka&#8220;. Ovo ime ona je stekla najvi\u0161e zahvaljuju\u0107i Neretljanima, jednom od hrvatskih plemena koja su u 7. stolje\u0107u do\u0161la na more. Naselili su podru\u010dje oko rijeke Neretve i Makarskog primorja, a vrlo brzo su postali vrsni pomorci i po\u010deli se baviti gusarenjem, za \u0161to im je duboka i skrivena \u201egusarska luka&#8220; bila izuzetno pogodna. U ovo vrijeme stanovni\u0161tvo je \u017eivjelo uz zapadni rub su\u0107uranskog polja, malo dalje od luke.<\/p><\/div><\/div><div class='content-column one_half last_column'><div style=\"padding-right:0px;padding-left:6px;\"><p><strong>Stupanj za\u0161tite<\/strong><strong> \/ Schutzstellung<br \/>\n<\/strong>&#8211;<\/p>\n<hr \/>\n<p><strong>Info<\/strong><\/p>\n<p>Der traditionelle Name f\u00fcr den Hafen von Su\u0107uraj\u00a0\u00a0ist \u201ePiratenhafen&#8220;. Seinen Namen erhielt er vor allem von den Neretvanern, einem der kroatischen St\u00e4mme, die im 7. Jh. ans Meer kamen. Sie bewohnten das Gebiet um den Fluss Neretva und die K\u00fcste von Makarska. Sie wurden bald zu hervorragenden Seefahrern und begannen sich mit Piraterie zu besch\u00e4ftigen, wof\u00fcr der tiefe und versteckte &#8222;Piratenhafen&#8220; \u00e4u\u00dferst geeignet war. Zu dieser Zeit lebte die Bev\u00f6lkerung am westlichen Rand des Su\u0107uraner-Feldes, etwas weiter vom Hafen entfernt.<\/p><\/div><\/div><div class='clear_column'><\/div><\/p>\n<hr \/>\n<div class='content-column one_half'><div style=\"padding-right:6px;\"><p>Luka Su\u0107uraj je mala trajektna i ribarska luka. Iza velikog lukobrana je pristani\u0161te za trajekt do kopna (Drevnik). Na lukobranu je kip sv. Nicholas. Za jahte je na drvenom pristani\u0161tu iza trajektnog pristani\u0161ta predvi\u0111eno oko 9 mjesta za privez. Struja i voda su dostupni. Nakon toga slijedi ribarska luka za stanovnike mjesta koja je za\u0161ti\u0107ena jo\u0161 jednim kratkim lukobranom.<\/p><\/div><\/div><div class='content-column one_half last_column'><div style=\"padding-right:0px;padding-left:6px;\"><p>Der Hafen von Su\u0107uraj\u00a0\u00a0ist ein kleiner F\u00e4hr- und Fischereihafen. Hinter dem gro\u00dfen Wellenbrecher befindet sich der Anleger f\u00fcr die F\u00e4hre zum Festland (Drevnik). Am Wellenbrecher steht eine Statue des hl. Nikolaus. F\u00fcr Yachten stehen ca. 9 Muringpl\u00e4tze am Holzsteg hinter dem F\u00e4hranleger zur Verf\u00fcgung. Strom und Wasser ist vorhanden. Daran schlie\u00dft der Fischereihafen f\u00fcr die Bewohner\u00a0 des Ortes der durch eine weitere kurze Mole gesch\u00fctzt ist.<\/p><\/div><\/div><div class='clear_column'><\/div><\/p>\n<p><img loading=\"lazy\" decoding=\"async\" class=\"aligncenter size-medium wp-image-28377\" src=\"https:\/\/www.topohvar.at\/wp-content\/uploads\/2020\/01\/su-pu-01-10-300x188.jpg\" alt=\"\" width=\"300\" height=\"188\" srcset=\"https:\/\/www.topohvar.at\/wp-content\/uploads\/2020\/01\/su-pu-01-10-300x188.jpg 300w, https:\/\/www.topohvar.at\/wp-content\/uploads\/2020\/01\/su-pu-01-10-768x480.jpg 768w, https:\/\/www.topohvar.at\/wp-content\/uploads\/2020\/01\/su-pu-01-10.jpg 800w\" sizes=\"auto, (max-width: 300px) 100vw, 300px\" \/><\/p>\n<hr \/>\n<div class='content-column one_half'><div style=\"padding-right:6px;\"><p>O tome izvje\u0161tava arheolog Nik\u0161a Vujnovi\u0107 (izvor Facebook):<br \/>\nLukobran zvan Punpurela u luci Su\u0107uraj izgra\u0111en prije 150 godina da bi se luka za\u0161titila od vjetrova iz ju\u017enog kvrdranta. Bio je duga\u010dak oko 120 metara. Na sjevernoj strani su mogli pristajati brodovi, ali samo na isto\u010dnom dijelu gdje je dubina dozvoljavala privez\u00a0brodova do 2 metra dubine. Ju\u017eni dio lukobrana je valobran koji je slo\u017een od velikih blokova kamena koji se vadio uz obalu od sjeverne strane luke. Prema sje\u0107anju Evice Slavi\u0107 zabilje\u017eio sam da le tu informaciju dobila od Ante Ka\u010di\u0107a Bartulovi\u0107a zvanog Penta (1867.-1950) koji je kao desetogodi\u0161njak bio prisutan kada se valobran s lukobranom gradio. I danas vidimo tragove va\u0111enja kamena na podru\u010dju od Pofortice (ispod mleta\u010dke Fortice) pa sve do Punte tj. Rta Su\u0107uraj.<\/p><\/div><\/div><div class='content-column one_half last_column'><div style=\"padding-right:0px;padding-left:6px;\"><p>Der Arch\u00e4ologe Niksa Vujnovi\u0107 berichtet dazu (Quelle Facebook):<br \/>\nDer Wellenbrecher Punpurela im Hafen von Su\u0107uraj wurde vor 150 Jahren gebaut, um den Hafen vor Winden aus dem s\u00fcdlichen Viertel zu sch\u00fctzen. Er war etwa 120 Meter lang. Schiffe konnten auf der Nordseite anlegen, jedoch nur im \u00f6stlichen Teil, wo die Tiefe das Anlegen von Schiffen mit einer Tiefe von bis zu 2 Metern erm\u00f6glichte. Der s\u00fcdliche Teil des Wellenbrechers besteht aus gro\u00dfen Steinbl\u00f6cken, die entlang der K\u00fcste von der Nordseite des Hafens aus abgebaut wurden. Laut Evica Slavi\u0107s Erinnerung habe ich festgestellt, dass sie diese Informationen von Ante Ka\u010di\u0107 Bartulovi\u0107, bekannt als Penta (1867-1950), erhielt, der als Zehnj\u00e4hriger beim Bau des Wellenbrechers dabei war. Noch heute sehen wir Spuren des Steinabbaus in der Gegend von Pofortica (unterhalb der venezianischen Fortica) bis nach Punta, d.h. Kap Su\u0107uraj.<\/p><\/div><\/div><div class='clear_column'><\/div><\/p>\n<p style=\"text-align: right;\"><span style=\"color: #3366ff;\"><a style=\"color: #3366ff;\" href=\"#seite_oben\">natrag na vrh \/ Seitenanfang<\/a><\/span><\/p>\n<hr \/>\n<p><strong>Linkovi \/ Links<\/strong><\/p>\n<p><span style=\"color: #3366ff;\"><a style=\"color: #3366ff;\" href=\"https:\/\/www.topohvar.at\/topo\/orte\/su\/su-os-02-1\/\">Objekt \u00bbSvjetionik Luka Su\u0107uraj \/ Leuchtfeuer Hafen Su\u0107uraj\u00ab<\/a><br \/>\n<a style=\"color: #3366ff;\" href=\"https:\/\/www.topohvar.at\/topo\/orte\/su\/su-oi-00-1\/\">Objekt \u00bbBitve u luci Su\u0107urju\u00ab \/ Poller im Hafen Su\u0107uraj<\/a><br \/>\n<\/span><span style=\"color: #3366ff;\"><a style=\"color: #3366ff;\" href=\"https:\/\/www.topohvar.at\/topo\/orte\/su\/su-mo-04-1\/\">Kip \u00bbSv. Nikole na pumpureli (lukobrana)\u00ab \/ Statue des hl. Nikolaus am Wellenbrecher<\/a><br \/>\n<a style=\"color: #3366ff;\" href=\"https:\/\/www.topohvar.at\/topo\/orte\/su\/su-mo-05-1\/\">Grafit \u00bbVeliki grafit na pumpureli\u00ab \/ Gro\u00dfes Graffiti am Wellenbrecher<\/a><br \/>\n<a style=\"color: #3366ff;\" href=\"https:\/\/www.topohvar.at\/orte\/su\/su-pu-01-1\/\">Objekt \u00bbProjekt \u2013 nova luka za javni promet\u00ab \/ Projekt \u2013 neuer F\u00e4hrhafen<\/a><br \/>\n<a style=\"color: #3366ff;\" href=\"https:\/\/www.topohvar.at\/topo\/orte\/su\/su-au-30-1\/#su-43\">Uvala \/ Bucht Luka Su\u0107uraj<\/a><\/span><\/p>\n","protected":false},"excerpt":{"rendered":"<p>Ime \/ Name Objekt \u00bbLuka Su\u0107uraj\u00ab \/ Hafen\u00a0Su\u0107uraj Code: SU-PU-02\u00a0 \u00a0 \u00a0 \u00a0 \u00a0 \u00a0 \u00a0 \u00a0 \u00a0 \u00a0 \u00a0 \u00a0 \u00a0 \u00a0 \u00a0 \u00a0 \u00a0 Adresa \/ Adresse Su\u0107uraj, Luka Lokacija \/ Position Latitude: N 43,12516\u00b0\u00a0 \u00a0Longitude: E 17,18853\u00b0 &hellip; <a href=\"https:\/\/www.topohvar.at\/topo\/orte\/su\/su-pu-02-1\/\">Weiterlesen <span class=\"meta-nav\">&rarr;<\/span><\/a><\/p>\n","protected":false},"author":1,"featured_media":0,"parent":103,"menu_order":0,"comment_status":"closed","ping_status":"closed","template":"","meta":{"footnotes":""},"class_list":["post-28355","page","type-page","status-publish","hentry"],"_links":{"self":[{"href":"https:\/\/www.topohvar.at\/topo\/wp-json\/wp\/v2\/pages\/28355","targetHints":{"allow":["GET"]}}],"collection":[{"href":"https:\/\/www.topohvar.at\/topo\/wp-json\/wp\/v2\/pages"}],"about":[{"href":"https:\/\/www.topohvar.at\/topo\/wp-json\/wp\/v2\/types\/page"}],"author":[{"embeddable":true,"href":"https:\/\/www.topohvar.at\/topo\/wp-json\/wp\/v2\/users\/1"}],"replies":[{"embeddable":true,"href":"https:\/\/www.topohvar.at\/topo\/wp-json\/wp\/v2\/comments?post=28355"}],"version-history":[{"count":26,"href":"https:\/\/www.topohvar.at\/topo\/wp-json\/wp\/v2\/pages\/28355\/revisions"}],"predecessor-version":[{"id":69064,"href":"https:\/\/www.topohvar.at\/topo\/wp-json\/wp\/v2\/pages\/28355\/revisions\/69064"}],"up":[{"embeddable":true,"href":"https:\/\/www.topohvar.at\/topo\/wp-json\/wp\/v2\/pages\/103"}],"wp:attachment":[{"href":"https:\/\/www.topohvar.at\/topo\/wp-json\/wp\/v2\/media?parent=28355"}],"curies":[{"name":"wp","href":"https:\/\/api.w.org\/{rel}","templated":true}]}}