{"id":28383,"date":"2020-01-15T08:53:27","date_gmt":"2020-01-15T07:53:27","guid":{"rendered":"https:\/\/www.topohvar.at\/topo\/?page_id=28383"},"modified":"2022-01-15T17:33:20","modified_gmt":"2022-01-15T16:33:20","slug":"je-pu-05-1","status":"publish","type":"page","link":"https:\/\/www.topohvar.at\/topo\/orte\/je\/je-pu-05-1\/","title":{"rendered":"JELSA &#8211; Objekt \u00bbLuka Jelsa\u00ab"},"content":{"rendered":"<p><a name=\"seite_oben\"><\/a><br \/>\n<strong><img loading=\"lazy\" decoding=\"async\" class=\"aligncenter wp-image-28393 size-large\" src=\"https:\/\/www.topohvar.at\/wp-content\/uploads\/2020\/01\/je-pu-05-1-1024x503.jpg\" alt=\"\" width=\"640\" height=\"314\" srcset=\"https:\/\/www.topohvar.at\/wp-content\/uploads\/2020\/01\/je-pu-05-1-1024x503.jpg 1024w, https:\/\/www.topohvar.at\/wp-content\/uploads\/2020\/01\/je-pu-05-1-300x147.jpg 300w, https:\/\/www.topohvar.at\/wp-content\/uploads\/2020\/01\/je-pu-05-1-768x377.jpg 768w, https:\/\/www.topohvar.at\/wp-content\/uploads\/2020\/01\/je-pu-05-1.jpg 1080w\" sizes=\"auto, (max-width: 640px) 100vw, 640px\" \/><\/strong><\/p>\n<p><strong>Ime \/ Name<br \/>\n<\/strong>Objekt \u00bbLuka Jelsa\u00ab \/ Hafen Jelsa<\/p>\n<p><strong>Code: <\/strong>JE-PU-05\u00a0 \u00a0 \u00a0 \u00a0 \u00a0 \u00a0 \u00a0 \u00a0 \u00a0 \u00a0 \u00a0 \u00a0 \u00a0 \u00a0 \u00a0 \u00a0 \u00a0 \u00a0 \u00a0 \u00a0\u00a0<a href=\"https:\/\/www.topohvar.at\/orte\/je\/je-os-01-1\/\"><img loading=\"lazy\" decoding=\"async\" class=\"alignnone wp-image-12300 size-full\" src=\"https:\/\/www.topohvar.at\/wp-content\/uploads\/2018\/09\/push-vor-30.jpg\" alt=\"\" width=\"61\" height=\"30\" \/><\/a>\u00a0<strong><a href=\"https:\/\/www.topohvar.at\/orte\/je\/je-pu-04-1\/\"><img loading=\"lazy\" decoding=\"async\" class=\"alignnone wp-image-533 size-full\" src=\"https:\/\/www.topohvar.at\/wp-content\/uploads\/2018\/07\/push-l-30.jpg\" alt=\"\" width=\"61\" height=\"30\" \/><\/a> <a href=\"https:\/\/www.topohvar.at\/orte\/je\/\"><img loading=\"lazy\" decoding=\"async\" class=\"alignnone wp-image-535 size-full\" src=\"https:\/\/www.topohvar.at\/wp-content\/uploads\/2018\/07\/push-o-30.jpg\" alt=\"\" width=\"61\" height=\"30\" \/><\/a> <a href=\"https:\/\/www.topohvar.at\/orte\/je\/je-pu-07-1\/\"><img loading=\"lazy\" decoding=\"async\" class=\"alignnone wp-image-536 size-full\" src=\"https:\/\/www.topohvar.at\/wp-content\/uploads\/2018\/07\/push-r-30.jpg\" alt=\"\" width=\"61\" height=\"30\" \/><\/a>\u00a0<a href=\"https:\/\/www.topohvar.at\/orte\/je\/je-ov-01-1\/\"><img loading=\"lazy\" decoding=\"async\" class=\"alignnone wp-image-12299 size-full\" src=\"https:\/\/www.topohvar.at\/wp-content\/uploads\/2018\/09\/push-next-30.jpg\" alt=\"\" width=\"61\" height=\"30\" \/><\/a><\/strong><\/p>\n<hr \/>\n<p><strong>Adresa \/ Adresse<br \/>\n<\/strong>Jelsa, Luka<\/p>\n<p><strong>Lokacija\u00a0 \/ Position<a href=\"https:\/\/goo.gl\/maps\/uRPFYuie9H5uK432A\"><img loading=\"lazy\" decoding=\"async\" class=\"alignright wp-image-28384\" src=\"https:\/\/www.topohvar.at\/wp-content\/uploads\/2020\/01\/2110.jpg\" alt=\"\" width=\"134\" height=\"100\" \/><\/a><br \/>\n<\/strong><span style=\"color: #3366ff;\"><a style=\"color: #3366ff;\" href=\"https:\/\/goo.gl\/maps\/uRPFYuie9H5uK432A\">Latitude: N 43,16245\u00b0\u00a0 \u00a0Longitude: E 16,69489\u00b0<\/a><\/span><br \/>\nVisina \/ H\u00f6he: 0 m<\/p>\n<p><strong>Katastarska \u010destica \/ Grundst\u00fccke<br \/>\n<\/strong>&#8211; <div class='content-column one_half'><div style=\"padding-right:6px;\"><p><strong>Datum snimanja \/ Erfassungsdatum<br \/>\n<\/strong>17.10.2018 11:00:00<\/p>\n<hr \/>\n<p><strong>Informacije<\/strong><\/p>\n<p>Luka Jelsa posljednjih godina temeljito je obnovljena. Za\u0161ti\u0107en je sjevernim i ju\u017enim lukobranom, samo kod Bore trebali biste ga brzo napustiti.Ju\u017eni lukobran je obnovljen i produ\u017een u 2016. &#8211; 2017. Na sjevernoj strani ispred lu\u010dke kapetanije mo\u017eete prona\u0107i privezi\u0161ta, struju i vodu. Luka Jelsa ukupno ima 54 mooringa (za sidrenje jedrilica, motornih jahti i katamarana). Na sjevernoj obali je 21, a na ju\u017enoj obali su 33 mooringa i dubine preko 4,5 metara. Na ju\u017enoj strani nalaze se pristani\u0161ta za brojne izletni\u010dke brodove koji posje\u0107uju Jelsu. Vezovi lokalnog stanovni\u0161tva nalaze se na zapadnoj i jugozapadnoj strani, kao i na sjevernom lukobranom.<\/p><\/div><\/div><div class='content-column one_half last_column'><div style=\"padding-right:0px;padding-left:6px;\"><p><strong>Stupanj za\u0161tite \/ Schutzstellung<br \/>\n<\/strong>&#8211;<\/p>\n<hr \/>\n<p><strong>Info<\/strong><\/p>\n<p>Der Hafen von Jelsa wurde in den letzten Jahren gr\u00fcndlich erneuert. Er ist durch eine n\u00f6rdliche und eine s\u00fcdliche Mole gesch\u00fctzt, nur bei Bora sollte man ihn schnell verlassen.. Der s\u00fcdliche Wellenbrecher wurde in den Jahren 2016 &#8211; 2017 renoviert und verl\u00e4ngert. An der Nordseite vor dem Hafenamt findet man Muringleinen, Strom und Wasser. Der Hafen von Jelsa verf\u00fcgt \u00fcber insgesamt 54 Liegepl\u00e4tze (zum Ankern von Segelbooten, Motoryachten und Katamaranen). Es gibt 21 Liegepl\u00e4tze an der Nordk\u00fcste und 33 Liegepl\u00e4tze an der S\u00fcdk\u00fcste auf 4,5 Meter Wassertiefe. An der S\u00fcdseite befinden sich Anlegestellen f\u00fcr die vielen Ausflugsboote die Jelsa besuchen. An der West- und S\u00fcdwestseite sowie bei der n\u00f6rdlichen Mole befinden sich die Liegepl\u00e4tze der einheimischen Bev\u00f6lkerung.<\/p><\/div><\/div><div class='clear_column'><\/div><\/p>\n<div id=\"attachment_28544\" style=\"width: 630px\" class=\"wp-caption aligncenter\"><img loading=\"lazy\" decoding=\"async\" aria-describedby=\"caption-attachment-28544\" class=\"wp-image-28544 size-full\" src=\"https:\/\/www.topohvar.at\/wp-content\/uploads\/2020\/01\/je-pu-05-10.jpg\" alt=\"\" width=\"620\" height=\"838\" srcset=\"https:\/\/www.topohvar.at\/wp-content\/uploads\/2020\/01\/je-pu-05-10.jpg 620w, https:\/\/www.topohvar.at\/wp-content\/uploads\/2020\/01\/je-pu-05-10-222x300.jpg 222w\" sizes=\"auto, (max-width: 620px) 100vw, 620px\" \/><p id=\"caption-attachment-28544\" class=\"wp-caption-text\">Razvojne faze luke \/ Entwicklungsstadien des Hafens<br \/>(OTOK HVAR \u2013 Miro A. Mihovilovi\u0107 i suradnici)<\/p><\/div>\n<p style=\"text-align: right;\"><a href=\"#seite_oben\">natrag na vrh \/ Seitenanfang<\/a><\/p>\n<hr \/>\n<p><strong>Linkovi \/ Links<\/strong><\/p>\n<p><span style=\"color: #3366ff;\"><a style=\"color: #3366ff;\" href=\"https:\/\/www.topohvar.at\/topo\/orte\/je\/je-pu-04-1\/\">Objekt \u00bbJu\u017eni lukobran\u00ab \/ S\u00fcdmole<\/a><br \/>\n<a style=\"color: #3366ff;\" href=\"https:\/\/www.topohvar.at\/topo\/orte\/je\/je-os-03-1\/\">Objekt \u00bbSvjetionik Novi gat\u00ab \/\u00a0Objekt \u00bbLeuchtfeuer Novi gat\u00ab<\/a><br \/>\n<a style=\"color: #3366ff;\" href=\"https:\/\/www.topohvar.at\/topo\/orte\/je\/je-os-01-1\/\">Objekt \u00bbSvjetionik Jelsa \u2013 sjeverni gat\u00ab \/ Leuchtfeuer Jelsa \u2013 Nordmole<\/a><br \/>\n<a style=\"color: #3366ff;\" href=\"https:\/\/www.topohvar.at\/topo\/orte\/je\/je-ob-03-1\/\">Objekt \u00bbPismo J E L S A\u00ab\u00a0 \/ Schriftzug JELSA<\/a><br \/>\n<a style=\"color: #3366ff;\" href=\"https:\/\/www.topohvar.at\/topo\/orte\/je\/je-ob-04-1\/\">Objekt \u00bbDio stari zid pristani\u0161ta s stepenicom\u00ab \/ Teil der alten Hafenmauer<\/a><br \/>\n<a style=\"color: #3366ff;\" href=\"https:\/\/www.topohvar.at\/topo\/orte\/je\/je-ob-05-1\/\">Objekt \u00bbOvalna baza\u00ab \/ ovale Basis<\/a><br \/>\n<a style=\"color: #3366ff;\" href=\"https:\/\/www.topohvar.at\/topo\/orte\/je\/je-ob-02-1\/\">Objekt \u00bbRu\u017ea vjetrova\u00ab \/ Windrose<\/a><br \/>\n<a style=\"color: #3366ff;\" href=\"https:\/\/www.topohvar.at\/orte\/je\/je-ob-08-1\/\">Objekt \u00bbKamene u\u0161ice\u00ab \/ Stein\u00f6sen<\/a><br \/>\n<a style=\"color: #3366ff;\" href=\"https:\/\/www.topohvar.at\/topo\/orte\/je\/je-oi-00-1\/\">Objekt \u00bbBitve u luci Jelsa\u00ab \/ Poller im Hafen Jelsa<\/a><br \/>\n<\/span><span style=\"color: #3366ff;\"><a style=\"color: #3366ff;\" href=\"https:\/\/www.topohvar.at\/topo\/orte\/je\/je-mo-06-1\/\">Skulptura \u00bbNa\u0161 tovor\u00ab \/ Skulptur \u00bbUnser Esel\u00ab<\/a><br \/>\n<a style=\"color: #3366ff;\" href=\"https:\/\/www.topohvar.at\/topo\/orte\/je\/je-mo-09-1\/\">Skulptura \u00bbGaleb\u00ab \/ Skulptur\u00a0\u00bbM\u00f6ve\u00ab am Novi Gat<\/a><br \/>\n<\/span><\/p>\n","protected":false},"excerpt":{"rendered":"<p>Ime \/ Name Objekt \u00bbLuka Jelsa\u00ab \/ Hafen Jelsa Code: JE-PU-05\u00a0 \u00a0 \u00a0 \u00a0 \u00a0 \u00a0 \u00a0 \u00a0 \u00a0 \u00a0 \u00a0 \u00a0 \u00a0 \u00a0 \u00a0 \u00a0 \u00a0 \u00a0 \u00a0 \u00a0\u00a0\u00a0 \u00a0 Adresa \/ Adresse Jelsa, Luka Lokacija\u00a0 \/ Position Latitude: &hellip; <a href=\"https:\/\/www.topohvar.at\/topo\/orte\/je\/je-pu-05-1\/\">Weiterlesen <span class=\"meta-nav\">&rarr;<\/span><\/a><\/p>\n","protected":false},"author":1,"featured_media":0,"parent":85,"menu_order":0,"comment_status":"closed","ping_status":"closed","template":"","meta":{"footnotes":""},"class_list":["post-28383","page","type-page","status-publish","hentry"],"_links":{"self":[{"href":"https:\/\/www.topohvar.at\/topo\/wp-json\/wp\/v2\/pages\/28383","targetHints":{"allow":["GET"]}}],"collection":[{"href":"https:\/\/www.topohvar.at\/topo\/wp-json\/wp\/v2\/pages"}],"about":[{"href":"https:\/\/www.topohvar.at\/topo\/wp-json\/wp\/v2\/types\/page"}],"author":[{"embeddable":true,"href":"https:\/\/www.topohvar.at\/topo\/wp-json\/wp\/v2\/users\/1"}],"replies":[{"embeddable":true,"href":"https:\/\/www.topohvar.at\/topo\/wp-json\/wp\/v2\/comments?post=28383"}],"version-history":[{"count":22,"href":"https:\/\/www.topohvar.at\/topo\/wp-json\/wp\/v2\/pages\/28383\/revisions"}],"predecessor-version":[{"id":55900,"href":"https:\/\/www.topohvar.at\/topo\/wp-json\/wp\/v2\/pages\/28383\/revisions\/55900"}],"up":[{"embeddable":true,"href":"https:\/\/www.topohvar.at\/topo\/wp-json\/wp\/v2\/pages\/85"}],"wp:attachment":[{"href":"https:\/\/www.topohvar.at\/topo\/wp-json\/wp\/v2\/media?parent=28383"}],"curies":[{"name":"wp","href":"https:\/\/api.w.org\/{rel}","templated":true}]}}