{"id":2870,"date":"2018-08-04T17:45:51","date_gmt":"2018-08-04T15:45:51","guid":{"rendered":"https:\/\/www.topohvar.at\/?page_id=2870"},"modified":"2025-05-13T19:29:13","modified_gmt":"2025-05-13T17:29:13","slug":"sg-ip-01-2","status":"publish","type":"page","link":"https:\/\/www.topohvar.at\/topo\/orte\/sg\/sg-ip-01-2\/","title":{"rendered":"STARI GRAD &#8211; Informativna plo\u010da \u00bbpovijest polja\u00ab"},"content":{"rendered":"<p><a name=\"seite_oben\"><\/a><br \/>\n<img loading=\"lazy\" decoding=\"async\" class=\"alignnone wp-image-2855 size-large\" src=\"https:\/\/www.topohvar.at\/wp-content\/uploads\/2018\/08\/SG-IP-01-1-1024x503.jpg\" alt=\"\" width=\"640\" height=\"314\" srcset=\"https:\/\/www.topohvar.at\/wp-content\/uploads\/2018\/08\/SG-IP-01-1-1024x503.jpg 1024w, https:\/\/www.topohvar.at\/wp-content\/uploads\/2018\/08\/SG-IP-01-1-300x147.jpg 300w, https:\/\/www.topohvar.at\/wp-content\/uploads\/2018\/08\/SG-IP-01-1-768x377.jpg 768w\" sizes=\"auto, (max-width: 640px) 100vw, 640px\" \/><\/p>\n<p><strong>Ime \/ Name<br \/>\n<\/strong>Informativna plo\u010da \u00bbpovijest polja\u00ab \/ Infotafel historisches Feld<\/p>\n<p><strong>Code: <\/strong>SG-IP-01\u00a0 \u00a0 \u00a0 \u00a0 \u00a0 \u00a0 \u00a0 \u00a0 \u00a0 \u00a0 \u00a0 \u00a0 \u00a0 \u00a0 \u00a0 \u00a0 \u00a0 \u00a0\u00a0<strong><a href=\"https:\/\/www.topohvar.at\/orte\/sg\/sg-ih-00-0\/\"><img loading=\"lazy\" decoding=\"async\" class=\"alignnone wp-image-533 size-full\" src=\"https:\/\/www.topohvar.at\/wp-content\/uploads\/2018\/07\/push-l-30.jpg\" alt=\"\" width=\"61\" height=\"30\" \/><\/a> <a href=\"https:\/\/www.topohvar.at\/orte\/sg\/\"><img loading=\"lazy\" decoding=\"async\" class=\"alignnone wp-image-535 size-full\" src=\"https:\/\/www.topohvar.at\/wp-content\/uploads\/2018\/07\/push-o-30.jpg\" alt=\"\" width=\"61\" height=\"30\" \/><\/a> <a href=\"https:\/\/www.topohvar.at\/orte\/sg\/sg-ip-03-2\/\"><img loading=\"lazy\" decoding=\"async\" class=\"alignnone wp-image-536 size-full\" src=\"https:\/\/www.topohvar.at\/wp-content\/uploads\/2018\/07\/push-r-30.jpg\" alt=\"\" width=\"61\" height=\"30\" \/><\/a>\u00a0<a href=\"https:\/\/www.topohvar.at\/orte\/sg\/sg-is-19-2\/\"><img loading=\"lazy\" decoding=\"async\" class=\"alignnone wp-image-12299 size-full\" src=\"https:\/\/www.topohvar.at\/wp-content\/uploads\/2018\/09\/push-next-30.jpg\" alt=\"\" width=\"61\" height=\"30\" \/><\/a><\/strong><\/p>\n<hr \/>\n<p><strong>Adresa \/ Adresse<br \/>\n<\/strong>Stari Grad, Polje \/ Stari Grader Ebene<\/p>\n<p><strong>Lokacija \/ Position<a href=\"https:\/\/goo.gl\/maps\/rwiHL6ZGmK5sW36L9\"><img loading=\"lazy\" decoding=\"async\" class=\"alignright wp-image-2908\" src=\"https:\/\/www.topohvar.at\/wp-content\/uploads\/2018\/08\/0553.jpg\" alt=\"\" width=\"134\" height=\"100\" \/><\/a><br \/>\n<\/strong><span style=\"color: #3366ff;\"><a style=\"color: #3366ff;\" href=\"https:\/\/goo.gl\/maps\/rwiHL6ZGmK5sW36L9\">Latitude: N 43,18420\u00b0\u00a0 \u00a0Longitude: E 16,61872\u00b0<\/a> <\/span><strong><br \/>\n<\/strong>Visina \/ H\u00f6he: 18 m<\/p>\n<p><strong>Katastarska \u010destica \/ Grundst\u00fccke<br \/>\n<\/strong>6249<div class='content-column one_half'><div style=\"padding-right:6px;\"><p><strong>Datum snimanja \/ Erfassungsdatum<br \/>\n<\/strong>17.05.2013 12:59:48<\/p>\n<hr \/>\n<p><strong>Informacije<\/strong><\/p>\n<p>Starogradsko polje, dugo 6 i \u0161iroko 2 km, najve\u0107e je polje na hrvatskim otocima. Ovaj kulturni krajolik, oblikovan tisu\u0107lje\u0107ima, mijenjao je ime kako su se mijenjali i njegovi gospodari: gr\u010dki H\u00f5ra Faru (X\u03c9\u03c1\u03b1 \u03a6\u03b1\u03c1\u03bf\u03c5), rimski Ager Pharensis, srednjovjekovni Campus Sancti Stephani (Polje Sv. Stjepana).<\/p><\/div><\/div><div class='content-column one_half last_column'><div style=\"padding-right:0px;padding-left:6px;\"><p><strong>Stupanj za\u0161tite \/ Schutzstellung<br \/>\n<\/strong>&#8211;<\/p>\n<hr \/>\n<p><strong>Info<\/strong><\/p>\n<p>Die Stari Grader Ebene, 6 km lang und 2 km breit, ist das gr\u00f6\u00dfte Feld auf den kroatischen Inseln. Diese Kulturlandschaft, in tausenden von Jahren geformt, \u00e4nderte ihren Namen je nach den den Namen ihrer Bewohner. Griechisch <em>Hora Faro (X\u03c9\u03c1\u03b1 \u03a6\u03b1\u03c1\u03bf\u03c5)<\/em>, r\u00f6misch <em>Ager Pharensis<\/em> und im Mittelalter <em>Campus Sancti Stephani (das Feld des hl. Stefan)<\/em>.<\/p><\/div><\/div><div class='clear_column'><\/div><div class='content-column one_half'><div style=\"padding-right:6px;\"><p>Ono je oduvijek bilo zasa\u0111eno vinovom lozom i maslinom, a u antici i srednjem vijeku sijalo se \u017eito. Osnovnu geometriju su mu zadali gr\u010dki kolonisti prije 2400 godina: pravilnom mre\u017eom putova i zuhozida podijeljeno je na pravokutne parcele 1 x 5 stadija (oko 180 x 900 m). Ishodi\u0161na to\u010dka, od koje je po\u010dela izmjera polja, zvana omfalos, \u0161to na gr\u010dkom zna\u010di pupak, nalazi se u blizini jedine bare u polju &#8211; Dra\u010device.<\/p><\/div><\/div><div class='content-column one_half last_column'><div style=\"padding-right:0px;padding-left:6px;\"><p>Es wurde immer schon mit Weinreben und Olivenb\u00e4umen bepflanzt, in der Antike und im Mittelalter gl\u00e4nzte das Korn. Die Grundgeometrie gaben ihr die griechischen Kolonisten vor 2400 Jahren: Die rechteckigen Parzellen im Ausma\u00df von 1 x 5 Stadien (ca. 180 x 900 m) waren durch ein regelm\u00e4\u00dfiges Netz von Stra\u00dfen und Trockenmauern unterteilt. Der Ausgangspunkt, von dem aus die Vermessung der Felder begann, wurde <em>omphalos<\/em> genannt, das bedeutet im Griechischen <em>Bauchnabel<\/em>. Er befindet sich in der N\u00e4he des Teiches <em>Dra\u010devica<\/em>.<\/p><\/div><\/div><div class='clear_column'><\/div><div class='content-column one_half'><div style=\"padding-right:6px;\"><p>Nakon \u0161to su \u017edrijebom vlasnicima dodijeljene parcele, oni su ozna\u010davali svoju zemlju postavljanjem kamena me\u0111a\u0161a. Zemlja Matija (sina) Pitejeva uklesano je na gr\u010dkom jeziku u, za sada, jedinom prona\u0111enom me\u0111a\u0161u iz farske hore. Grci nisu zauzeli \u010ditav otok domoodnom stanovni\u0161tvu, koje je i dalje \u017eivjelo u svojim utrv\u0111enim naseljima &#8211; gradinama, no dr\u017eali su njegov najpolodniji, centralni dio.<\/p><\/div><\/div><div class='content-column one_half last_column'><div style=\"padding-right:0px;padding-left:6px;\"><p>Nach der Verlosung wurden die Grundst\u00fccke den Eigent\u00fcmern zugeordnet, die ihr Land durch Grenzsteine markierten. Am Grundst\u00fcck des Matija (Sohn) Pytheas fand sich ein auf Griechisch geschriebener Grenzstein &#8211; der bis jetzt einzige gefundene Grenzstein am Faroser Feld. Die Griechen nahmen nicht die ganze Insel mit ihrer einheimischen Bev\u00f6lkerung, die immer noch in ihren befestigten Siedlungen lebte, in Besitz sondern beschr\u00e4nkten sich auf seinen fruchtbarsten, zentralen Teil.<\/p><\/div><\/div><div class='clear_column'><\/div><div class='content-column one_half'><div style=\"padding-right:6px;\"><p>Da bi za\u0161titili polje, koje ich je hranilo i bilo izvor ekonomskog prosperiteta, organizirali su obrambeni sustav od tri kule (na polo\u017eajima Maslinovik, Tor i Purkin Kuk) me\u0111u kojima je postojala vizualna komunikacija.<\/p><\/div><\/div><div class='content-column one_half last_column'><div style=\"padding-right:0px;padding-left:6px;\"><p>Um das Feld, das als Quelle des wirtschaftlichen Wohlstands galt, zu sch\u00fctzen, wurde ein Abwehrsystem aus drei T\u00fcrmen (Maslinovik, Tor und Purkin Kuk), mit denen visuelle Kommunikation erfolgte, eingerichtet.<\/p><\/div><\/div><div class='clear_column'><\/div><div class='content-column one_half'><div style=\"padding-right:6px;\"><p>Od I. st. pr. Kr. Gr\u010dka parcelacija Starogradskog polja do\u017eivljava promjene. Rimljani mnoge parcele dijele na manje jedinice, a na mjestima gr\u010dkih manjih gospodarskih imanja podi\u017eu se ville rustice, \u0161to se vidi na polo\u017eaju Kupinovik. Ovdje je prvi zemlju posjedovao Grk Komon (sin) Filoksenidov \u010diji je nadgrobni natpis tu prona\u0111en, a zatim se na istom mjestu podi\u017ee veliki gospodarski kompleks s presama za proizvodnju ulija i vina.<\/p><\/div><\/div><div class='content-column one_half last_column'><div style=\"padding-right:0px;padding-left:6px;\"><p>Ab dem ersten Jahrhundert vor Chr. ver\u00e4nderte sich die griechische Parzellierung am Stari Grader Feld. Die R\u00f6mer hatten die Grundst\u00fccke in viele kleinere Einheiten aufgeteilt, und landwirtschaftliche Wirtschaftseinheiten sog. <em>villa rusica<\/em> errichtet, wie noch heute am Ort <em>Kupinovik<\/em> zu sehen ist. Das erste Land besa\u00df hier der Grieche Komon (Sohn) Filoxenid dessen Grabstein dort gefunden wurde. Hier findet sich ein gro\u00dfer landwirtschaftlicher Komplex mit Pressen zur Herstellung von \u00d6l und Wein.<\/p><\/div><\/div><div class='clear_column'><\/div><div class='content-column one_half'><div style=\"padding-right:6px;\"><p>Za dugog rimskog mira polje je bilo ure\u0111eni sustav veleposjeda s brojnim bogatim gospodarsko-ladanjskim imanjima. Kroz srednji vijek su se, zbog neprekinute obrade zemlje, o\u010duvali anti\u010dki putovi koje navodi Hvarski statut 1331. godine kao stare putove (via antiqua). Zapisana su i imena vlasnika vinograda unutar polja &#8211; Desislav, Gojmir, Grdo\u0161, Grub\u0161a, Hranko, Hvali\u0161a, Premil, Prvo\u0161, i drugi, koja svjedo\u010de o potpunoj slavenizaciji otoka.<\/p><\/div><\/div><div class='content-column one_half last_column'><div style=\"padding-right:0px;padding-left:6px;\"><p>In der langen r\u00f6mischen Friedensperiode entstand am Stari Grader Feld ein System zahlreicher landwirtschaftlicher G\u00fcter. W\u00e4hrend des gesamten Mittelalters wurden &#8211; aufgrund der kontinuierlichen Bewirtschaftung der Felder \u2013 die antiken Wege erhalten, wie das Statut aus dem Jahre 1331 betreffend der alten Wege (via antiqua) vermerkt. Erhalten sind aus dieser Zeit die Namen der Besitzer von hier gelegenen Weinbergen: Desislav, Gojmir, Grdo\u0161, Grub\u0161a, Hranko, Hvali\u0161a, Premil, Prvo\u0161 und andere, die eine vollst\u00e4ndige Slawisierung der Insel bezeugen.<\/p><\/div><\/div><div class='clear_column'><\/div><div class='content-column one_half'><div style=\"padding-right:6px;\"><p>Na ju\u017enom rubu, gdje se polje uzdi\u017ee prema hrptu otoka, formiraju se najstarija hvarska sela: Dol Sv. Marije i Dol Sv. Ane, te Vrbanj, zavi\u010daj pu\u010dkog vo\u0111e Matije Ivani\u0107a. Na isto\u010dnom je rubu polja ljupka Vrboska, nastala u XV. st. kao luka Vrbanja.<\/p><\/div><\/div><div class='content-column one_half last_column'><div style=\"padding-right:0px;padding-left:6px;\"><p>Am S\u00fcdrand, wo das Feld gegen den Bergr\u00fccken der Insel ansteigt, befinden sich die \u00e4ltesten D\u00f6rfer der Insel Hvar: Dol Sv. Maria, Dol Sv. Anne und Vrbanj, die Heimat des Volksf\u00fchrers Matij Ivani\u0107. Am \u00f6stlichen Rand entstand im 15. Jh. das liebliche Vrboska als Hafenort des Dorfes Vrbanj.<\/p><\/div><\/div><div class='clear_column'><\/div><div class='content-column one_half'><div style=\"padding-right:6px;\"><p>Starogradsko polje je sedmi hrvatski lokalitit upisan na UNESCO-vu Listu svjetske ba\u0161tine.<\/p><\/div><\/div><div class='content-column one_half last_column'><div style=\"padding-right:0px;padding-left:6px;\"><p>Die Ebene von Stari Grad wurde als siebenter kroatischer Standort zum Weltkulturerbe der UNESCO erkl\u00e4rt.<\/p><\/div><\/div><div class='clear_column'><\/div><\/p>\n<p style=\"text-align: right;\"><a href=\"#seite_oben\">natrag na vrh \/ Seitenanfang<\/a><\/p>\n<hr \/>\n<p><strong>Linkovi \/ Links<\/strong><\/p>\n<p><span style=\"color: #3366ff;\"><a style=\"color: #3366ff;\" href=\"https:\/\/www.topohvar.at\/topo\/orte\/sg\/sg-po-19-1\/\">Starogradsko Polje \/ Starigrader Feld<\/a><\/span><\/p>\n","protected":false},"excerpt":{"rendered":"<p>Ime \/ Name Informativna plo\u010da \u00bbpovijest polja\u00ab \/ Infotafel historisches Feld Code: SG-IP-01\u00a0 \u00a0 \u00a0 \u00a0 \u00a0 \u00a0 \u00a0 \u00a0 \u00a0 \u00a0 \u00a0 \u00a0 \u00a0 \u00a0 \u00a0 \u00a0 \u00a0 \u00a0\u00a0 \u00a0 Adresa \/ Adresse Stari Grad, Polje \/ Stari Grader &hellip; <a href=\"https:\/\/www.topohvar.at\/topo\/orte\/sg\/sg-ip-01-2\/\">Weiterlesen <span class=\"meta-nav\">&rarr;<\/span><\/a><\/p>\n","protected":false},"author":1,"featured_media":0,"parent":99,"menu_order":0,"comment_status":"closed","ping_status":"closed","template":"","meta":{"footnotes":""},"class_list":["post-2870","page","type-page","status-publish","hentry"],"_links":{"self":[{"href":"https:\/\/www.topohvar.at\/topo\/wp-json\/wp\/v2\/pages\/2870","targetHints":{"allow":["GET"]}}],"collection":[{"href":"https:\/\/www.topohvar.at\/topo\/wp-json\/wp\/v2\/pages"}],"about":[{"href":"https:\/\/www.topohvar.at\/topo\/wp-json\/wp\/v2\/types\/page"}],"author":[{"embeddable":true,"href":"https:\/\/www.topohvar.at\/topo\/wp-json\/wp\/v2\/users\/1"}],"replies":[{"embeddable":true,"href":"https:\/\/www.topohvar.at\/topo\/wp-json\/wp\/v2\/comments?post=2870"}],"version-history":[{"count":21,"href":"https:\/\/www.topohvar.at\/topo\/wp-json\/wp\/v2\/pages\/2870\/revisions"}],"predecessor-version":[{"id":71646,"href":"https:\/\/www.topohvar.at\/topo\/wp-json\/wp\/v2\/pages\/2870\/revisions\/71646"}],"up":[{"embeddable":true,"href":"https:\/\/www.topohvar.at\/topo\/wp-json\/wp\/v2\/pages\/99"}],"wp:attachment":[{"href":"https:\/\/www.topohvar.at\/topo\/wp-json\/wp\/v2\/media?parent=2870"}],"curies":[{"name":"wp","href":"https:\/\/api.w.org\/{rel}","templated":true}]}}

STARI GRAD &#8211; Informativna ploča »povijest polja«

<p><a name="seite_oben"></a><br />
<img loading="lazy" decoding="async" class="alignnone wp-image-2855 size-large" src="https://www.topohvar.at/wp-content/uploads/2018/08/SG-IP-01-1-1024x503.jpg" alt="" width="640" height="314" srcset="https://www.topohvar.at/wp-content/uploads/2018/08/SG-IP-01-1-1024x503.jpg 1024w, https://www.topohvar.at/wp-content/uploads/2018/08/SG-IP-01-1-300x147.jpg 300w, https://www.topohvar.at/wp-content/uploads/2018/08/SG-IP-01-1-768x377.jpg 768w" sizes="auto, (max-width: 640px) 100vw, 640px" /></p>
<p><strong>Ime / Name<br />
</strong>Informativna ploča »povijest polja« / Infotafel historisches Feld</p>
<p><strong>Code: </strong>SG-IP-01                                    <strong><a href="https://www.topohvar.at/orte/sg/sg-ih-00-0/"><img loading="lazy" decoding="async" class="alignnone wp-image-533 size-full" src="https://www.topohvar.at/wp-content/uploads/2018/07/push-l-30.jpg" alt="" width="61" height="30" /></a> <a href="https://www.topohvar.at/orte/sg/"><img loading="lazy" decoding="async" class="alignnone wp-image-535 size-full" src="https://www.topohvar.at/wp-content/uploads/2018/07/push-o-30.jpg" alt="" width="61" height="30" /></a> <a href="https://www.topohvar.at/orte/sg/sg-ip-03-2/"><img loading="lazy" decoding="async" class="alignnone wp-image-536 size-full" src="https://www.topohvar.at/wp-content/uploads/2018/07/push-r-30.jpg" alt="" width="61" height="30" /></a> <a href="https://www.topohvar.at/orte/sg/sg-is-19-2/"><img loading="lazy" decoding="async" class="alignnone wp-image-12299 size-full" src="https://www.topohvar.at/wp-content/uploads/2018/09/push-next-30.jpg" alt="" width="61" height="30" /></a></strong></p>
<hr />
<p><strong>Adresa / Adresse<br />
</strong>Stari Grad, Polje / Stari Grader Ebene</p>
<p><strong>Lokacija / Position<a href="https://goo.gl/maps/rwiHL6ZGmK5sW36L9"><img loading="lazy" decoding="async" class="alignright wp-image-2908" src="https://www.topohvar.at/wp-content/uploads/2018/08/0553.jpg" alt="" width="134" height="100" /></a><br />
</strong><span style="color: #3366ff;"><a style="color: #3366ff;" href="https://goo.gl/maps/rwiHL6ZGmK5sW36L9">Latitude: N 43,18420°   Longitude: E 16,61872°</a> </span><strong><br />
</strong>Visina / Höhe: 18 m</p>
<p><strong>Katastarska čestica / Grundstücke<br />
</strong>6249<div class='content-column one_half'><div style="padding-right:6px;"><p><strong>Datum snimanja / Erfassungsdatum<br />
</strong>17.05.2013 12:59:48</p>
<hr />
<p><strong>Informacije</strong></p>
<p>Starogradsko polje, dugo 6 i široko 2 km, najveće je polje na hrvatskim otocima. Ovaj kulturni krajolik, oblikovan tisućljećima, mijenjao je ime kako su se mijenjali i njegovi gospodari: grčki Hõra Faru (Xωρα Φαρου), rimski Ager Pharensis, srednjovjekovni Campus Sancti Stephani (Polje Sv. Stjepana).</p></div></div><div class='content-column one_half last_column'><div style="padding-right:0px;padding-left:6px;"><p><strong>Stupanj zaštite / Schutzstellung<br />
</strong>&#8211;</p>
<hr />
<p><strong>Info</strong></p>
<p>Die Stari Grader Ebene, 6 km lang und 2 km breit, ist das größte Feld auf den kroatischen Inseln. Diese Kulturlandschaft, in tausenden von Jahren geformt, änderte ihren Namen je nach den den Namen ihrer Bewohner. Griechisch <em>Hora Faro (Xωρα Φαρου)</em>, römisch <em>Ager Pharensis</em> und im Mittelalter <em>Campus Sancti Stephani (das Feld des hl. Stefan)</em>.</p></div></div><div class='clear_column'></div><div class='content-column one_half'><div style="padding-right:6px;"><p>Ono je oduvijek bilo zasađeno vinovom lozom i maslinom, a u antici i srednjem vijeku sijalo se žito. Osnovnu geometriju su mu zadali grčki kolonisti prije 2400 godina: pravilnom mrežom putova i zuhozida podijeljeno je na pravokutne parcele 1 x 5 stadija (oko 180 x 900 m). Ishodišna točka, od koje je počela izmjera polja, zvana omfalos, što na grčkom znači pupak, nalazi se u blizini jedine bare u polju &#8211; Dračevice.</p></div></div><div class='content-column one_half last_column'><div style="padding-right:0px;padding-left:6px;"><p>Es wurde immer schon mit Weinreben und Olivenbäumen bepflanzt, in der Antike und im Mittelalter glänzte das Korn. Die Grundgeometrie gaben ihr die griechischen Kolonisten vor 2400 Jahren: Die rechteckigen Parzellen im Ausmaß von 1 x 5 Stadien (ca. 180 x 900 m) waren durch ein regelmäßiges Netz von Straßen und Trockenmauern unterteilt. Der Ausgangspunkt, von dem aus die Vermessung der Felder begann, wurde <em>omphalos</em> genannt, das bedeutet im Griechischen <em>Bauchnabel</em>. Er befindet sich in der Nähe des Teiches <em>Dračevica</em>.</p></div></div><div class='clear_column'></div><div class='content-column one_half'><div style="padding-right:6px;"><p>Nakon što su ždrijebom vlasnicima dodijeljene parcele, oni su označavali svoju zemlju postavljanjem kamena međaša. Zemlja Matija (sina) Pitejeva uklesano je na grčkom jeziku u, za sada, jedinom pronađenom međašu iz farske hore. Grci nisu zauzeli čitav otok domoodnom stanovništvu, koje je i dalje živjelo u svojim utrvđenim naseljima &#8211; gradinama, no držali su njegov najpolodniji, centralni dio.</p></div></div><div class='content-column one_half last_column'><div style="padding-right:0px;padding-left:6px;"><p>Nach der Verlosung wurden die Grundstücke den Eigentümern zugeordnet, die ihr Land durch Grenzsteine markierten. Am Grundstück des Matija (Sohn) Pytheas fand sich ein auf Griechisch geschriebener Grenzstein &#8211; der bis jetzt einzige gefundene Grenzstein am Faroser Feld. Die Griechen nahmen nicht die ganze Insel mit ihrer einheimischen Bevölkerung, die immer noch in ihren befestigten Siedlungen lebte, in Besitz sondern beschränkten sich auf seinen fruchtbarsten, zentralen Teil.</p></div></div><div class='clear_column'></div><div class='content-column one_half'><div style="padding-right:6px;"><p>Da bi zaštitili polje, koje ich je hranilo i bilo izvor ekonomskog prosperiteta, organizirali su obrambeni sustav od tri kule (na položajima Maslinovik, Tor i Purkin Kuk) među kojima je postojala vizualna komunikacija.</p></div></div><div class='content-column one_half last_column'><div style="padding-right:0px;padding-left:6px;"><p>Um das Feld, das als Quelle des wirtschaftlichen Wohlstands galt, zu schützen, wurde ein Abwehrsystem aus drei Türmen (Maslinovik, Tor und Purkin Kuk), mit denen visuelle Kommunikation erfolgte, eingerichtet.</p></div></div><div class='clear_column'></div><div class='content-column one_half'><div style="padding-right:6px;"><p>Od I. st. pr. Kr. Grčka parcelacija Starogradskog polja doživljava promjene. Rimljani mnoge parcele dijele na manje jedinice, a na mjestima grčkih manjih gospodarskih imanja podižu se ville rustice, što se vidi na položaju Kupinovik. Ovdje je prvi zemlju posjedovao Grk Komon (sin) Filoksenidov čiji je nadgrobni natpis tu pronađen, a zatim se na istom mjestu podiže veliki gospodarski kompleks s presama za proizvodnju ulija i vina.</p></div></div><div class='content-column one_half last_column'><div style="padding-right:0px;padding-left:6px;"><p>Ab dem ersten Jahrhundert vor Chr. veränderte sich die griechische Parzellierung am Stari Grader Feld. Die Römer hatten die Grundstücke in viele kleinere Einheiten aufgeteilt, und landwirtschaftliche Wirtschaftseinheiten sog. <em>villa rusica</em> errichtet, wie noch heute am Ort <em>Kupinovik</em> zu sehen ist. Das erste Land besaß hier der Grieche Komon (Sohn) Filoxenid dessen Grabstein dort gefunden wurde. Hier findet sich ein großer landwirtschaftlicher Komplex mit Pressen zur Herstellung von Öl und Wein.</p></div></div><div class='clear_column'></div><div class='content-column one_half'><div style="padding-right:6px;"><p>Za dugog rimskog mira polje je bilo uređeni sustav veleposjeda s brojnim bogatim gospodarsko-ladanjskim imanjima. Kroz srednji vijek su se, zbog neprekinute obrade zemlje, očuvali antički putovi koje navodi Hvarski statut 1331. godine kao stare putove (via antiqua). Zapisana su i imena vlasnika vinograda unutar polja &#8211; Desislav, Gojmir, Grdoš, Grubša, Hranko, Hvališa, Premil, Prvoš, i drugi, koja svjedoče o potpunoj slavenizaciji otoka.</p></div></div><div class='content-column one_half last_column'><div style="padding-right:0px;padding-left:6px;"><p>In der langen römischen Friedensperiode entstand am Stari Grader Feld ein System zahlreicher landwirtschaftlicher Güter. Während des gesamten Mittelalters wurden &#8211; aufgrund der kontinuierlichen Bewirtschaftung der Felder – die antiken Wege erhalten, wie das Statut aus dem Jahre 1331 betreffend der alten Wege (via antiqua) vermerkt. Erhalten sind aus dieser Zeit die Namen der Besitzer von hier gelegenen Weinbergen: Desislav, Gojmir, Grdoš, Grubša, Hranko, Hvališa, Premil, Prvoš und andere, die eine vollständige Slawisierung der Insel bezeugen.</p></div></div><div class='clear_column'></div><div class='content-column one_half'><div style="padding-right:6px;"><p>Na južnom rubu, gdje se polje uzdiže prema hrptu otoka, formiraju se najstarija hvarska sela: Dol Sv. Marije i Dol Sv. Ane, te Vrbanj, zavičaj pučkog vođe Matije Ivanića. Na istočnom je rubu polja ljupka Vrboska, nastala u XV. st. kao luka Vrbanja.</p></div></div><div class='content-column one_half last_column'><div style="padding-right:0px;padding-left:6px;"><p>Am Südrand, wo das Feld gegen den Bergrücken der Insel ansteigt, befinden sich die ältesten Dörfer der Insel Hvar: Dol Sv. Maria, Dol Sv. Anne und Vrbanj, die Heimat des Volksführers Matij Ivanić. Am östlichen Rand entstand im 15. Jh. das liebliche Vrboska als Hafenort des Dorfes Vrbanj.</p></div></div><div class='clear_column'></div><div class='content-column one_half'><div style="padding-right:6px;"><p>Starogradsko polje je sedmi hrvatski lokalitit upisan na UNESCO-vu Listu svjetske baštine.</p></div></div><div class='content-column one_half last_column'><div style="padding-right:0px;padding-left:6px;"><p>Die Ebene von Stari Grad wurde als siebenter kroatischer Standort zum Weltkulturerbe der UNESCO erklärt.</p></div></div><div class='clear_column'></div></p>
<p style="text-align: right;"><a href="#seite_oben">natrag na vrh / Seitenanfang</a></p>
<hr />
<p><strong>Linkovi / Links</strong></p>
<p><span style="color: #3366ff;"><a style="color: #3366ff;" href="https://www.topohvar.at/topo/orte/sg/sg-po-19-1/">Starogradsko Polje / Starigrader Feld</a></span></p>

<p>Ime / Name Informativna ploča »povijest polja« / Infotafel historisches Feld Code: SG-IP-01                                       Adresa / Adresse Stari Grad, Polje / Stari Grader &hellip; <a href="https://www.topohvar.at/topo/orte/sg/sg-ip-01-2/">Weiterlesen <span class="meta-nav">&rarr;</span></a></p>
