{"id":2874,"date":"2018-08-04T17:47:13","date_gmt":"2018-08-04T15:47:13","guid":{"rendered":"https:\/\/www.topohvar.at\/?page_id=2874"},"modified":"2021-04-17T12:30:57","modified_gmt":"2021-04-17T10:30:57","slug":"sg-ip-03-2","status":"publish","type":"page","link":"https:\/\/www.topohvar.at\/topo\/orte\/sg\/sg-ip-03-2\/","title":{"rendered":"STARI GRAD &#8211; Informativna plo\u010da \u00bbSelinin put\u00ab"},"content":{"rendered":"<p><a name=\"seite_oben\"><\/a><br \/>\n<img loading=\"lazy\" decoding=\"async\" class=\"alignnone wp-image-2857 size-large\" src=\"https:\/\/www.topohvar.at\/wp-content\/uploads\/2018\/08\/SG-IP-03-1-2-1024x511.jpg\" alt=\"\" width=\"640\" height=\"319\" srcset=\"https:\/\/www.topohvar.at\/wp-content\/uploads\/2018\/08\/SG-IP-03-1-2-1024x511.jpg 1024w, https:\/\/www.topohvar.at\/wp-content\/uploads\/2018\/08\/SG-IP-03-1-2-300x150.jpg 300w, https:\/\/www.topohvar.at\/wp-content\/uploads\/2018\/08\/SG-IP-03-1-2-768x383.jpg 768w\" sizes=\"auto, (max-width: 640px) 100vw, 640px\" \/><\/p>\n<p><strong>Ime \/ Name<br \/>\n<\/strong>Informativna plo\u010da \u00bbSelinin put\u00ab \/ Infotafel Selinin-Weg<\/p>\n<p><strong>Code: <\/strong>SG-IP-03\u00a0 \u00a0 \u00a0 \u00a0 \u00a0 \u00a0 \u00a0 \u00a0 \u00a0 \u00a0 \u00a0 \u00a0 \u00a0 \u00a0 \u00a0 \u00a0 \u00a0 \u00a0\u00a0<strong><a href=\"https:\/\/www.topohvar.at\/orte\/sg\/sg-ip-01-2\/\"><img loading=\"lazy\" decoding=\"async\" class=\"alignnone wp-image-533 size-full\" src=\"https:\/\/www.topohvar.at\/wp-content\/uploads\/2018\/07\/push-l-30.jpg\" alt=\"\" width=\"61\" height=\"30\" \/><\/a> <a href=\"https:\/\/www.topohvar.at\/orte\/sg\/\"><img loading=\"lazy\" decoding=\"async\" class=\"alignnone wp-image-535 size-full\" src=\"https:\/\/www.topohvar.at\/wp-content\/uploads\/2018\/07\/push-o-30.jpg\" alt=\"\" width=\"61\" height=\"30\" \/><\/a> <a href=\"https:\/\/www.topohvar.at\/orte\/sg\/sg-ip-04-2\/\"><img loading=\"lazy\" decoding=\"async\" class=\"alignnone wp-image-536 size-full\" src=\"https:\/\/www.topohvar.at\/wp-content\/uploads\/2018\/07\/push-r-30.jpg\" alt=\"\" width=\"61\" height=\"30\" \/><\/a> <a href=\"https:\/\/www.topohvar.at\/orte\/sg\/sg-is-19-2\/\"><img loading=\"lazy\" decoding=\"async\" class=\"alignnone wp-image-12299 size-full\" src=\"https:\/\/www.topohvar.at\/wp-content\/uploads\/2018\/09\/push-next-30.jpg\" alt=\"\" width=\"61\" height=\"30\" \/><\/a><\/strong><\/p>\n<hr \/>\n<p><strong>Adresa \/ Adresse<br \/>\n<\/strong>Stari Grad, Put Gospojice<\/p>\n<p><strong>Lokacija \/ Position<a href=\"https:\/\/goo.gl\/maps\/B3Wjzz8w35fLYFih8\"><img loading=\"lazy\" decoding=\"async\" class=\"alignright wp-image-2913\" src=\"https:\/\/www.topohvar.at\/wp-content\/uploads\/2018\/08\/0555.jpg\" alt=\"\" width=\"134\" height=\"100\" \/><\/a><br \/>\n<\/strong><span style=\"color: #3366ff;\"><a style=\"color: #3366ff;\" href=\"https:\/\/goo.gl\/maps\/B3Wjzz8w35fLYFih8\">Latitude: N 43,18133\u00b0\u00a0 \u00a0Longitude: E 16,60496\u00b0<\/a> <\/span><strong><br \/>\n<\/strong>Visina \/ H\u00f6he: 5 m<\/p>\n<p><strong>Katastarska \u010destica \/ Grundst\u00fccke<br \/>\n<\/strong>4406\/1<div class='content-column one_half'><div style=\"padding-right:6px;\"><p><strong>Datum snimanja \/ Erfassungsdatum<br \/>\n<\/strong>01.10.2013 16:38:53<\/p>\n<hr \/>\n<p><strong>Informacije<\/strong><\/p>\n<p>Zu ovaj put je 1904. godine na lokalitetu Ku\u010di\u0161\u0107e prona\u0111eno nekoliko grobova. Na nadgrobnoj plo\u010di, koja na donjoj strani ima istak za usa\u0111ivanje u postolje, u alfabetu je uklesan natpis: <em>Selino (k\u0107i) Hipoklova<\/em>. Plo\u010da se datira u III.st. pr. Kr. I nalazi se u Muzeju Dominikanskog samostana. Selinin put djelomi\u010dno prati gr\u010dko podjelu zemjji\u0161ta od arheolo\u0161kog lokaliteta Faros u Starom Gradu, do lokacije gdje su na\u0111eni grobovi, a zatim sje\u010de podjelu prema selu Dol te projazi zu srednjovjekovnu crkvicu sv. Jeline.<\/p><\/div><\/div><div class='content-column one_half last_column'><div style=\"padding-right:0px;padding-left:6px;\"><p><strong>Stupanj za\u0161tite \/ Schutzstellung<br \/>\n<\/strong>&#8211;<\/p>\n<hr \/>\n<p><strong>Info<\/strong><\/p>\n<p>Auf diesem Weg in der Gegend von Ku\u010di\u0161\u0107e fanden sich im Jahr 1904 einige Gr\u00e4ber. Auf einem Grabstein, der an der Unterseite einen Vorsprung zum Versetzen in die Basis aufweist, ist eine Inschrift eingravieret: <em>Seline (Tochter) Hipoklova<\/em>. Die Tafel wird in das 3. Jh. v. Chr. datiert und befindet sich im Museum des Dominikanerklosters. Der Selininweg folgt teilweise der griechischen Landteilung von der arch\u00e4ologischen Ausgrabungsst\u00e4tte Pharos in Stari Grad zur Stelle wo die Gr\u00e4ber gefunden wurden, passiert die mittelalterliche Kirche der hl. Helena und f\u00fchrt dann zur Abzweigung zur Ortschaft Dol.<\/p><\/div><\/div><div class='clear_column'><\/div><\/p>\n<p style=\"text-align: right;\"><a href=\"#seite_oben\">natrag na vrh \/ Seitenanfang<\/a><\/p>\n<hr \/>\n<p><strong>Linkovi \/ Links<\/strong><\/p>\n<p>&#8211;<\/p>\n","protected":false},"excerpt":{"rendered":"<p>Ime \/ Name Informativna plo\u010da \u00bbSelinin put\u00ab \/ Infotafel Selinin-Weg Code: SG-IP-03\u00a0 \u00a0 \u00a0 \u00a0 \u00a0 \u00a0 \u00a0 \u00a0 \u00a0 \u00a0 \u00a0 \u00a0 \u00a0 \u00a0 \u00a0 \u00a0 \u00a0 \u00a0\u00a0 Adresa \/ Adresse Stari Grad, Put Gospojice Lokacija \/ Position Latitude: &hellip; <a href=\"https:\/\/www.topohvar.at\/topo\/orte\/sg\/sg-ip-03-2\/\">Weiterlesen <span class=\"meta-nav\">&rarr;<\/span><\/a><\/p>\n","protected":false},"author":1,"featured_media":0,"parent":99,"menu_order":0,"comment_status":"closed","ping_status":"closed","template":"","meta":{"footnotes":""},"class_list":["post-2874","page","type-page","status-publish","hentry"],"_links":{"self":[{"href":"https:\/\/www.topohvar.at\/topo\/wp-json\/wp\/v2\/pages\/2874","targetHints":{"allow":["GET"]}}],"collection":[{"href":"https:\/\/www.topohvar.at\/topo\/wp-json\/wp\/v2\/pages"}],"about":[{"href":"https:\/\/www.topohvar.at\/topo\/wp-json\/wp\/v2\/types\/page"}],"author":[{"embeddable":true,"href":"https:\/\/www.topohvar.at\/topo\/wp-json\/wp\/v2\/users\/1"}],"replies":[{"embeddable":true,"href":"https:\/\/www.topohvar.at\/topo\/wp-json\/wp\/v2\/comments?post=2874"}],"version-history":[{"count":13,"href":"https:\/\/www.topohvar.at\/topo\/wp-json\/wp\/v2\/pages\/2874\/revisions"}],"predecessor-version":[{"id":48042,"href":"https:\/\/www.topohvar.at\/topo\/wp-json\/wp\/v2\/pages\/2874\/revisions\/48042"}],"up":[{"embeddable":true,"href":"https:\/\/www.topohvar.at\/topo\/wp-json\/wp\/v2\/pages\/99"}],"wp:attachment":[{"href":"https:\/\/www.topohvar.at\/topo\/wp-json\/wp\/v2\/media?parent=2874"}],"curies":[{"name":"wp","href":"https:\/\/api.w.org\/{rel}","templated":true}]}}