{"id":2886,"date":"2018-08-04T17:51:15","date_gmt":"2018-08-04T15:51:15","guid":{"rendered":"https:\/\/www.topohvar.at\/?page_id=2886"},"modified":"2022-01-18T09:37:18","modified_gmt":"2022-01-18T08:37:18","slug":"sg-ip-09-2","status":"publish","type":"page","link":"https:\/\/www.topohvar.at\/topo\/orte\/sg\/sg-ip-09-2\/","title":{"rendered":"STARI GRAD &#8211; Informativna plo\u010da \u00bbAger, Starogradsko polje\u00ab"},"content":{"rendered":"<p><a name=\"seite_oben\"><\/a><br \/>\n<strong><img loading=\"lazy\" decoding=\"async\" class=\"alignnone size-full wp-image-38792\" src=\"https:\/\/www.topohvar.at\/wp-content\/uploads\/2020\/06\/sg-ip-09-11.jpg\" alt=\"\" width=\"1080\" height=\"530\" srcset=\"https:\/\/www.topohvar.at\/wp-content\/uploads\/2020\/06\/sg-ip-09-11.jpg 1080w, https:\/\/www.topohvar.at\/wp-content\/uploads\/2020\/06\/sg-ip-09-11-300x147.jpg 300w, https:\/\/www.topohvar.at\/wp-content\/uploads\/2020\/06\/sg-ip-09-11-1024x503.jpg 1024w, https:\/\/www.topohvar.at\/wp-content\/uploads\/2020\/06\/sg-ip-09-11-768x377.jpg 768w\" sizes=\"auto, (max-width: 1080px) 100vw, 1080px\" \/><\/strong><\/p>\n<p><strong>Ime \/ Name<br \/>\n<\/strong>Informativna plo\u010da \u00bbAger, Starogradsko polje\u00ab \/ Infotafel Ager, Stari Grader Ebene<\/p>\n<p><strong>Code: <\/strong>SG-IP-09\u00a0 \u00a0 \u00a0 \u00a0 \u00a0 \u00a0 \u00a0 \u00a0 \u00a0 \u00a0 \u00a0 \u00a0 \u00a0 \u00a0 \u00a0 \u00a0 \u00a0 \u00a0\u00a0<strong><a href=\"https:\/\/www.topohvar.at\/orte\/sg\/sg-ip-08-2\/\"><img loading=\"lazy\" decoding=\"async\" class=\"alignnone wp-image-533 size-full\" src=\"https:\/\/www.topohvar.at\/wp-content\/uploads\/2018\/07\/push-l-30.jpg\" alt=\"\" width=\"61\" height=\"30\" \/><\/a> <a href=\"https:\/\/www.topohvar.at\/orte\/sg\/\"><img loading=\"lazy\" decoding=\"async\" class=\"alignnone wp-image-535 size-full\" src=\"https:\/\/www.topohvar.at\/wp-content\/uploads\/2018\/07\/push-o-30.jpg\" alt=\"\" width=\"61\" height=\"30\" \/><\/a> <a href=\"https:\/\/www.topohvar.at\/orte\/sg\/sg-ip-14-1\/\"><img loading=\"lazy\" decoding=\"async\" class=\"alignnone wp-image-536 size-full\" src=\"https:\/\/www.topohvar.at\/wp-content\/uploads\/2018\/07\/push-r-30.jpg\" alt=\"\" width=\"61\" height=\"30\" \/><\/a>\u00a0<a href=\"https:\/\/www.topohvar.at\/orte\/sg\/sg-is-19-2\/\"><img loading=\"lazy\" decoding=\"async\" class=\"alignnone wp-image-12299 size-full\" src=\"https:\/\/www.topohvar.at\/wp-content\/uploads\/2018\/09\/push-next-30.jpg\" alt=\"\" width=\"61\" height=\"30\" \/><\/a>\u00a0<\/strong><\/p>\n<hr \/>\n<p><strong>Adresa \/ Adresse<br \/>\n<\/strong>Stari Grad,\u00a0Put Kri\u017ea 1<\/p>\n<p><strong>Lokacija \/ Position<a href=\"https:\/\/goo.gl\/maps\/Dit6A6VcswJjtWtY9\"><img loading=\"lazy\" decoding=\"async\" class=\"alignright wp-image-2931\" src=\"https:\/\/www.topohvar.at\/wp-content\/uploads\/2018\/08\/0561.jpg\" alt=\"\" width=\"133\" height=\"100\" \/><\/a><br \/>\n<\/strong><span style=\"color: #3366ff;\"><a style=\"color: #3366ff;\" href=\"https:\/\/goo.gl\/maps\/Dit6A6VcswJjtWtY9\">Latitude: N 43,18422\u00b0\u00a0 \u00a0Longitude: E 16,60195\u00b0<\/a> <\/span><strong><br \/>\n<\/strong>Visina \/ H\u00f6he: 2 m<\/p>\n<p><strong>Katastarska \u010destica \/ Grundst\u00fccke<br \/>\n<\/strong>10689\/2<div class='content-column one_half'><div style=\"padding-right:6px;\"><p><strong>Datum snimanja \/ Erfassungsdatum<br \/>\n<\/strong>09.10.2013 15:36:45<\/p>\n<hr \/>\n<p><strong>Informacije<\/strong><\/p>\n<p>Polje koje se kroz povijest zvalo CHORA FAROU, AGER FARENSIS, CAMPUS SANCTI STEFANI i dana jednostavno STARIGRADSKO POLJE najve\u0107e je na svim jadranskim otocima. Proze\u017ee se od dann starogradske uvale pa sve do mjesta Vrboska u du\u017eini od 6 i \u0161irini od 2 kilometra. Prema kulturnim ostacima polje je bilo u upotrebi od najranijih vremena neolitika pa sve do dana\u0161nih dana.<\/p><\/div><\/div><div class='content-column one_half last_column'><div style=\"padding-right:0px;padding-left:6px;\"><p><strong>Stupanj za\u0161tite \/ Schutzstellung<br \/>\n<\/strong>&#8211;<\/p>\n<hr \/>\n<p><strong>Info<\/strong><\/p>\n<p>Das Feld das historisch CHORA FAROU, AGER FARENSIS und CAMPUS SANCTI STEFANI genannt wurde, hei\u00dft heute einfach die Ebene von Stari Grad. Sie ist die gr\u00f6\u00dfte Ebene auf den adriatischen Inseln. Sie erstreckt sich von der Stai Grader Bucht mit einer L\u00e4nge von 6 und einer Breite von 2 Kilometern bis zur Ortschaft Vrboska. Auf Grund der kulturellen Funde wurde das Feld von der fr\u00fchen Jungsteinzeit bis zum heutigen Tag genutzt.<\/p><\/div><\/div><div class='clear_column'><\/div><div class='content-column one_half'><div style=\"padding-right:6px;\"><p>Najve\u0107i pe\u010dat na njemu ostavit \u0107e Grci koji su nakon doseljenja na otok i velike pobjede nad Ilirima (384. god. pr. Kr.) zauzeli i isparcelizirali ovo polje. Polje je bio podijeljeno na 70-ak parcela veli\u010dine 1 x 5 gr\u010dkih stadija (180 x 900 m) i dano na obradu gr\u010dkim doseljenicima. Rimljani dolaskom na otok preuzimaju gr\u010dku parcelizaciju i u polju podi\u017eu <em>ville rustice<\/em> (zgrade ladanjsko-gospodarskog tipa) kojih je danas u ostacima sa\u010duvano 100-ak. Polje se spominje i u Hvarskom statutu (1331. god.).<\/p><\/div><\/div><div class='content-column one_half last_column'><div style=\"padding-right:0px;padding-left:6px;\"><p>Den gr\u00f6\u00dften Stempel dr\u00fcckten die Griechen dem Feld auf, in dem sie nach dem gro\u00dfen Sieg \u00fcber die Illyrer (384 v. Chr.) auf der Insel siedelten und die Ebene parzellierten. Das Feld wurde in etwa 70 Parzellen von 1 x 5 griechischen Stadien (180 x 900 m) aufgeteilt und zur Bearbeitung den griechischen Einwanderern \u00fcberlassen. Nach Ankunft der R\u00f6mer auf der Insel \u00fcbernahmen sie die griechische Landteilung und errichteten sog. <em>ville rustice<\/em> (landwirtschaftliche Hofstellen) von denen bis heute noch etwa 100 Spuren gefunden wurden. Das Stari Grader Feld wird auch im Hvarer Statut aus dem Jahr 1331 erw\u00e4hnt.<\/p><\/div><\/div><div class='clear_column'><\/div><div class='content-column one_half'><div style=\"padding-right:6px;\"><p>Danas ono predstavlja kulturni krajolik oblikovan kroz 2400 godina i ujedno je nabolje o\u010duvani primjer gr\u010dke parcelizacije ( kamenog katastra) na Mediteranu. Od 2008. godine uvr\u0161teno je na listi UNESCO-a.<\/p><\/div><\/div><div class='content-column one_half last_column'><div style=\"padding-right:0px;padding-left:6px;\"><p>Heute ist es eine durch 2400 Jahre gepr\u00e4gte Kulturlandschaft, und das am besten erhaltene Beispiel einer griechischen Landeinteilung (Steinkataster) im Mittelmeer. Seit 2008 steht es auf der UNESCO-Liste.<\/p><\/div><\/div><div class='clear_column'><\/div><\/p>\n<p style=\"text-align: right;\"><a href=\"#seite_oben\">natrag na vrh \/ Seitenanfang<\/a><\/p>\n<hr \/>\n<div class='content-column one_half'><div style=\"padding-right:6px;\"><p>Informativna plo\u010da obnovljena je 2019. godine. Dodano je:<\/p><\/div><\/div><div class='content-column one_half last_column'><div style=\"padding-right:0px;padding-left:6px;\"><p>Die Infotafel wurde im Jahr 2019 erneuert. Dabei wurde erg\u00e4nzt:<\/p><\/div><\/div><div class='clear_column'><\/div><div class='content-column one_half'><div style=\"padding-right:6px;\"><p>KUPINOVIK \u2013 rimski gospodarsko-ladanjski objekt, (vila rustika) iz 1.\/2. stolje\u0107a poslije Krista s ostacima pre\u0161a za vinu i ulije. Na imanju je prona\u0111en nadgrobni spomenik Grku Komonu Filoksenidu. Sa\u010duvan je i ulomak velikog natpisa s odlukom gradskog vije\u0107a, \u0161to je dokaz municipaliteta rimske Farije.<\/p><\/div><\/div><div class='content-column one_half last_column'><div style=\"padding-right:0px;padding-left:6px;\"><p>KUPINOVIK &#8211; R\u00f6misches Wirtschaftsgeb\u00e4ude (Villa rustikal) aus dem 1.\/2. Jahrhundert n. Chr. mit den \u00dcberresten von Wein- und \u00d6lpressen. Auf dem Grundst\u00fcck wurde ein Grabstein des Griechen Comon Philoxenides gefunden. Ein Fragment einer gro\u00dfen Inschrift mit der Entscheidung des Stadtrats ist ebenfalls erhalten geblieben, was ein Beweis f\u00fcr die Gemeinde des r\u00f6mischen Pharos ist.<\/p><\/div><\/div><div class='clear_column'><\/div><div class='content-column one_half'><div style=\"padding-right:6px;\"><p>MASLINOVIK \u2013 gr\u010dka kula iz 4. stolje\u0107a prije Krista koja je sli\u017eila kao promatra\u010dnica za obranu grada i polja. Bila je dio obrambenog sudtava zajedno s kulom Tor iznad Jelsa.<\/p><\/div><\/div><div class='content-column one_half last_column'><div style=\"padding-right:0px;padding-left:6px;\"><p>MASLINOVIK &#8211; ein griechischer Turm aus dem 4. Jahrhundert v. Chr., der als Wachturm zur Verteidigung der Stadt und der Felder diente. Es war Teil des Verteidigungssdystems zusammen mit dem Turm &#8222;Tor&#8220; oberhalb von Jelsa.<\/p><\/div><\/div><div class='clear_column'><\/div><div class='content-column one_half'><div style=\"padding-right:6px;\"><p>MIRJE \u2013 rimski gospodarsko-ladanjski objekt, (vila rustika). Danas je vidljiv zid iz vremena kasne antike u visini od 4 metra. Uokolo imanja, unutar suhozida, vidljivi su anti\u010dki ostaci zidova.<\/p><\/div><\/div><div class='content-column one_half last_column'><div style=\"padding-right:0px;padding-left:6px;\"><p>MIRJE &#8211; ein r\u00f6misches Wirtschaftsgeb\u00e4ude (Villa rustikal). Heute ist eine 4 Meter hohe Mauer aus der Sp\u00e4tantike zu sehen. Rund um das Grundst\u00fcck, innerhalb der Trockenmauern, sind die \u00dcberreste alten Mauern sichtbar.<\/p><\/div><\/div><div class='clear_column'><\/div><\/p>\n<div id=\"attachment_2863\" style=\"width: 650px\" class=\"wp-caption alignnone\"><img loading=\"lazy\" decoding=\"async\" aria-describedby=\"caption-attachment-2863\" class=\"wp-image-2863 size-large\" src=\"https:\/\/www.topohvar.at\/wp-content\/uploads\/2018\/08\/sg-ip-09-1-1024x503.jpg\" alt=\"\" width=\"640\" height=\"314\" srcset=\"https:\/\/www.topohvar.at\/wp-content\/uploads\/2018\/08\/sg-ip-09-1-1024x503.jpg 1024w, https:\/\/www.topohvar.at\/wp-content\/uploads\/2018\/08\/sg-ip-09-1-300x147.jpg 300w, https:\/\/www.topohvar.at\/wp-content\/uploads\/2018\/08\/sg-ip-09-1-768x377.jpg 768w\" sizes=\"auto, (max-width: 640px) 100vw, 640px\" \/><p id=\"caption-attachment-2863\" class=\"wp-caption-text\">Stara informativna plo\u010da (2013 g.) \/ alte Infotafel (2013)<\/p><\/div>\n<p style=\"text-align: right;\"><a href=\"#seite_oben\">natrag na vrh \/ Seitenanfang<\/a><\/p>\n<hr \/>\n<p><strong>Linkovi \/ Links<\/strong><\/p>\n<p><span style=\"color: #3366ff;\"><a style=\"color: #3366ff;\" href=\"https:\/\/www.topohvar.at\/topo\/orte\/sg\/sg-po-19-1\/\">Starogradsko Polje \/ Starigrader Feld<\/a><br \/>\n<a style=\"color: #3366ff;\" href=\"https:\/\/www.topohvar.at\/topo\/orte\/sg\/sg-ip-14-1\/\">Informativna plo\u010da \u00bbDobrodo\u0161li &#8211; Starogradsko polje\u00ab \/ Infotafel &#8211; Willkommen in der Stari Grader Ebene<\/a><br \/>\n<a style=\"color: #3366ff;\" href=\"https:\/\/www.topohvar.at\/topo\/orte\/do\/do-po-01-2\/\">Rimska villa rustica \/R\u00f6mische Villa rustica \u00bbKupinovik\u00ab<\/a><br \/>\n<a style=\"color: #3366ff;\" href=\"https:\/\/www.topohvar.at\/topo\/orte\/sg\/sg-po-03-2\/\">Povijesni lokalitet \u00bbgr\u010dka kula Maslinovik\u00ab \/ Historischer Ort griechischer Turm Maslinovik<\/a><br \/>\n<a style=\"color: #3366ff;\" href=\"https:\/\/www.topohvar.at\/topo\/orte\/va\/va-po-02-1\/\">Arheolo\u0161ka lokalitet \/ Arch\u00e4ologische Lokalit\u00e4t \u00bbMirje\u00ab<\/a><br \/>\n<\/span><\/p>\n","protected":false},"excerpt":{"rendered":"<p>Ime \/ Name Informativna plo\u010da \u00bbAger, Starogradsko polje\u00ab \/ Infotafel Ager, Stari Grader Ebene Code: SG-IP-09\u00a0 \u00a0 \u00a0 \u00a0 \u00a0 \u00a0 \u00a0 \u00a0 \u00a0 \u00a0 \u00a0 \u00a0 \u00a0 \u00a0 \u00a0 \u00a0 \u00a0 \u00a0\u00a0 \u00a0\u00a0 Adresa \/ Adresse Stari Grad,\u00a0Put Kri\u017ea &hellip; <a href=\"https:\/\/www.topohvar.at\/topo\/orte\/sg\/sg-ip-09-2\/\">Weiterlesen <span class=\"meta-nav\">&rarr;<\/span><\/a><\/p>\n","protected":false},"author":1,"featured_media":0,"parent":99,"menu_order":0,"comment_status":"closed","ping_status":"closed","template":"","meta":{"footnotes":""},"class_list":["post-2886","page","type-page","status-publish","hentry"],"_links":{"self":[{"href":"https:\/\/www.topohvar.at\/topo\/wp-json\/wp\/v2\/pages\/2886","targetHints":{"allow":["GET"]}}],"collection":[{"href":"https:\/\/www.topohvar.at\/topo\/wp-json\/wp\/v2\/pages"}],"about":[{"href":"https:\/\/www.topohvar.at\/topo\/wp-json\/wp\/v2\/types\/page"}],"author":[{"embeddable":true,"href":"https:\/\/www.topohvar.at\/topo\/wp-json\/wp\/v2\/users\/1"}],"replies":[{"embeddable":true,"href":"https:\/\/www.topohvar.at\/topo\/wp-json\/wp\/v2\/comments?post=2886"}],"version-history":[{"count":21,"href":"https:\/\/www.topohvar.at\/topo\/wp-json\/wp\/v2\/pages\/2886\/revisions"}],"predecessor-version":[{"id":56292,"href":"https:\/\/www.topohvar.at\/topo\/wp-json\/wp\/v2\/pages\/2886\/revisions\/56292"}],"up":[{"embeddable":true,"href":"https:\/\/www.topohvar.at\/topo\/wp-json\/wp\/v2\/pages\/99"}],"wp:attachment":[{"href":"https:\/\/www.topohvar.at\/topo\/wp-json\/wp\/v2\/media?parent=2886"}],"curies":[{"name":"wp","href":"https:\/\/api.w.org\/{rel}","templated":true}]}}

STARI GRAD &#8211; Informativna ploča »Ager, Starogradsko polje«

<p><a name="seite_oben"></a><br />
<strong><img loading="lazy" decoding="async" class="alignnone size-full wp-image-38792" src="https://www.topohvar.at/wp-content/uploads/2020/06/sg-ip-09-11.jpg" alt="" width="1080" height="530" srcset="https://www.topohvar.at/wp-content/uploads/2020/06/sg-ip-09-11.jpg 1080w, https://www.topohvar.at/wp-content/uploads/2020/06/sg-ip-09-11-300x147.jpg 300w, https://www.topohvar.at/wp-content/uploads/2020/06/sg-ip-09-11-1024x503.jpg 1024w, https://www.topohvar.at/wp-content/uploads/2020/06/sg-ip-09-11-768x377.jpg 768w" sizes="auto, (max-width: 1080px) 100vw, 1080px" /></strong></p>
<p><strong>Ime / Name<br />
</strong>Informativna ploča »Ager, Starogradsko polje« / Infotafel Ager, Stari Grader Ebene</p>
<p><strong>Code: </strong>SG-IP-09                                    <strong><a href="https://www.topohvar.at/orte/sg/sg-ip-08-2/"><img loading="lazy" decoding="async" class="alignnone wp-image-533 size-full" src="https://www.topohvar.at/wp-content/uploads/2018/07/push-l-30.jpg" alt="" width="61" height="30" /></a> <a href="https://www.topohvar.at/orte/sg/"><img loading="lazy" decoding="async" class="alignnone wp-image-535 size-full" src="https://www.topohvar.at/wp-content/uploads/2018/07/push-o-30.jpg" alt="" width="61" height="30" /></a> <a href="https://www.topohvar.at/orte/sg/sg-ip-14-1/"><img loading="lazy" decoding="async" class="alignnone wp-image-536 size-full" src="https://www.topohvar.at/wp-content/uploads/2018/07/push-r-30.jpg" alt="" width="61" height="30" /></a> <a href="https://www.topohvar.at/orte/sg/sg-is-19-2/"><img loading="lazy" decoding="async" class="alignnone wp-image-12299 size-full" src="https://www.topohvar.at/wp-content/uploads/2018/09/push-next-30.jpg" alt="" width="61" height="30" /></a> </strong></p>
<hr />
<p><strong>Adresa / Adresse<br />
</strong>Stari Grad, Put Križa 1</p>
<p><strong>Lokacija / Position<a href="https://goo.gl/maps/Dit6A6VcswJjtWtY9"><img loading="lazy" decoding="async" class="alignright wp-image-2931" src="https://www.topohvar.at/wp-content/uploads/2018/08/0561.jpg" alt="" width="133" height="100" /></a><br />
</strong><span style="color: #3366ff;"><a style="color: #3366ff;" href="https://goo.gl/maps/Dit6A6VcswJjtWtY9">Latitude: N 43,18422°   Longitude: E 16,60195°</a> </span><strong><br />
</strong>Visina / Höhe: 2 m</p>
<p><strong>Katastarska čestica / Grundstücke<br />
</strong>10689/2<div class='content-column one_half'><div style="padding-right:6px;"><p><strong>Datum snimanja / Erfassungsdatum<br />
</strong>09.10.2013 15:36:45</p>
<hr />
<p><strong>Informacije</strong></p>
<p>Polje koje se kroz povijest zvalo CHORA FAROU, AGER FARENSIS, CAMPUS SANCTI STEFANI i dana jednostavno STARIGRADSKO POLJE najveće je na svim jadranskim otocima. Prozeže se od dann starogradske uvale pa sve do mjesta Vrboska u dužini od 6 i širini od 2 kilometra. Prema kulturnim ostacima polje je bilo u upotrebi od najranijih vremena neolitika pa sve do današnih dana.</p></div></div><div class='content-column one_half last_column'><div style="padding-right:0px;padding-left:6px;"><p><strong>Stupanj zaštite / Schutzstellung<br />
</strong>&#8211;</p>
<hr />
<p><strong>Info</strong></p>
<p>Das Feld das historisch CHORA FAROU, AGER FARENSIS und CAMPUS SANCTI STEFANI genannt wurde, heißt heute einfach die Ebene von Stari Grad. Sie ist die größte Ebene auf den adriatischen Inseln. Sie erstreckt sich von der Stai Grader Bucht mit einer Länge von 6 und einer Breite von 2 Kilometern bis zur Ortschaft Vrboska. Auf Grund der kulturellen Funde wurde das Feld von der frühen Jungsteinzeit bis zum heutigen Tag genutzt.</p></div></div><div class='clear_column'></div><div class='content-column one_half'><div style="padding-right:6px;"><p>Najveći pečat na njemu ostavit će Grci koji su nakon doseljenja na otok i velike pobjede nad Ilirima (384. god. pr. Kr.) zauzeli i isparcelizirali ovo polje. Polje je bio podijeljeno na 70-ak parcela veličine 1 x 5 grčkih stadija (180 x 900 m) i dano na obradu grčkim doseljenicima. Rimljani dolaskom na otok preuzimaju grčku parcelizaciju i u polju podižu <em>ville rustice</em> (zgrade ladanjsko-gospodarskog tipa) kojih je danas u ostacima sačuvano 100-ak. Polje se spominje i u Hvarskom statutu (1331. god.).</p></div></div><div class='content-column one_half last_column'><div style="padding-right:0px;padding-left:6px;"><p>Den größten Stempel drückten die Griechen dem Feld auf, in dem sie nach dem großen Sieg über die Illyrer (384 v. Chr.) auf der Insel siedelten und die Ebene parzellierten. Das Feld wurde in etwa 70 Parzellen von 1 x 5 griechischen Stadien (180 x 900 m) aufgeteilt und zur Bearbeitung den griechischen Einwanderern überlassen. Nach Ankunft der Römer auf der Insel übernahmen sie die griechische Landteilung und errichteten sog. <em>ville rustice</em> (landwirtschaftliche Hofstellen) von denen bis heute noch etwa 100 Spuren gefunden wurden. Das Stari Grader Feld wird auch im Hvarer Statut aus dem Jahr 1331 erwähnt.</p></div></div><div class='clear_column'></div><div class='content-column one_half'><div style="padding-right:6px;"><p>Danas ono predstavlja kulturni krajolik oblikovan kroz 2400 godina i ujedno je nabolje očuvani primjer grčke parcelizacije ( kamenog katastra) na Mediteranu. Od 2008. godine uvršteno je na listi UNESCO-a.</p></div></div><div class='content-column one_half last_column'><div style="padding-right:0px;padding-left:6px;"><p>Heute ist es eine durch 2400 Jahre geprägte Kulturlandschaft, und das am besten erhaltene Beispiel einer griechischen Landeinteilung (Steinkataster) im Mittelmeer. Seit 2008 steht es auf der UNESCO-Liste.</p></div></div><div class='clear_column'></div></p>
<p style="text-align: right;"><a href="#seite_oben">natrag na vrh / Seitenanfang</a></p>
<hr />
<div class='content-column one_half'><div style="padding-right:6px;"><p>Informativna ploča obnovljena je 2019. godine. Dodano je:</p></div></div><div class='content-column one_half last_column'><div style="padding-right:0px;padding-left:6px;"><p>Die Infotafel wurde im Jahr 2019 erneuert. Dabei wurde ergänzt:</p></div></div><div class='clear_column'></div><div class='content-column one_half'><div style="padding-right:6px;"><p>KUPINOVIK – rimski gospodarsko-ladanjski objekt, (vila rustika) iz 1./2. stoljeća poslije Krista s ostacima preša za vinu i ulije. Na imanju je pronađen nadgrobni spomenik Grku Komonu Filoksenidu. Sačuvan je i ulomak velikog natpisa s odlukom gradskog vijeća, što je dokaz municipaliteta rimske Farije.</p></div></div><div class='content-column one_half last_column'><div style="padding-right:0px;padding-left:6px;"><p>KUPINOVIK &#8211; Römisches Wirtschaftsgebäude (Villa rustikal) aus dem 1./2. Jahrhundert n. Chr. mit den Überresten von Wein- und Ölpressen. Auf dem Grundstück wurde ein Grabstein des Griechen Comon Philoxenides gefunden. Ein Fragment einer großen Inschrift mit der Entscheidung des Stadtrats ist ebenfalls erhalten geblieben, was ein Beweis für die Gemeinde des römischen Pharos ist.</p></div></div><div class='clear_column'></div><div class='content-column one_half'><div style="padding-right:6px;"><p>MASLINOVIK – grčka kula iz 4. stoljeća prije Krista koja je sližila kao promatračnica za obranu grada i polja. Bila je dio obrambenog sudtava zajedno s kulom Tor iznad Jelsa.</p></div></div><div class='content-column one_half last_column'><div style="padding-right:0px;padding-left:6px;"><p>MASLINOVIK &#8211; ein griechischer Turm aus dem 4. Jahrhundert v. Chr., der als Wachturm zur Verteidigung der Stadt und der Felder diente. Es war Teil des Verteidigungssdystems zusammen mit dem Turm &#8222;Tor&#8220; oberhalb von Jelsa.</p></div></div><div class='clear_column'></div><div class='content-column one_half'><div style="padding-right:6px;"><p>MIRJE – rimski gospodarsko-ladanjski objekt, (vila rustika). Danas je vidljiv zid iz vremena kasne antike u visini od 4 metra. Uokolo imanja, unutar suhozida, vidljivi su antički ostaci zidova.</p></div></div><div class='content-column one_half last_column'><div style="padding-right:0px;padding-left:6px;"><p>MIRJE &#8211; ein römisches Wirtschaftsgebäude (Villa rustikal). Heute ist eine 4 Meter hohe Mauer aus der Spätantike zu sehen. Rund um das Grundstück, innerhalb der Trockenmauern, sind die Überreste alten Mauern sichtbar.</p></div></div><div class='clear_column'></div></p>
<div id="attachment_2863" style="width: 650px" class="wp-caption alignnone"><img loading="lazy" decoding="async" aria-describedby="caption-attachment-2863" class="wp-image-2863 size-large" src="https://www.topohvar.at/wp-content/uploads/2018/08/sg-ip-09-1-1024x503.jpg" alt="" width="640" height="314" srcset="https://www.topohvar.at/wp-content/uploads/2018/08/sg-ip-09-1-1024x503.jpg 1024w, https://www.topohvar.at/wp-content/uploads/2018/08/sg-ip-09-1-300x147.jpg 300w, https://www.topohvar.at/wp-content/uploads/2018/08/sg-ip-09-1-768x377.jpg 768w" sizes="auto, (max-width: 640px) 100vw, 640px" /><p id="caption-attachment-2863" class="wp-caption-text">Stara informativna ploča (2013 g.) / alte Infotafel (2013)</p></div>
<p style="text-align: right;"><a href="#seite_oben">natrag na vrh / Seitenanfang</a></p>
<hr />
<p><strong>Linkovi / Links</strong></p>
<p><span style="color: #3366ff;"><a style="color: #3366ff;" href="https://www.topohvar.at/topo/orte/sg/sg-po-19-1/">Starogradsko Polje / Starigrader Feld</a><br />
<a style="color: #3366ff;" href="https://www.topohvar.at/topo/orte/sg/sg-ip-14-1/">Informativna ploča »Dobrodošli &#8211; Starogradsko polje« / Infotafel &#8211; Willkommen in der Stari Grader Ebene</a><br />
<a style="color: #3366ff;" href="https://www.topohvar.at/topo/orte/do/do-po-01-2/">Rimska villa rustica /Römische Villa rustica »Kupinovik«</a><br />
<a style="color: #3366ff;" href="https://www.topohvar.at/topo/orte/sg/sg-po-03-2/">Povijesni lokalitet »grčka kula Maslinovik« / Historischer Ort griechischer Turm Maslinovik</a><br />
<a style="color: #3366ff;" href="https://www.topohvar.at/topo/orte/va/va-po-02-1/">Arheološka lokalitet / Archäologische Lokalität »Mirje«</a><br />
</span></p>

<p>Ime / Name Informativna ploča »Ager, Starogradsko polje« / Infotafel Ager, Stari Grader Ebene Code: SG-IP-09                                        Adresa / Adresse Stari Grad, Put Križa &hellip; <a href="https://www.topohvar.at/topo/orte/sg/sg-ip-09-2/">Weiterlesen <span class="meta-nav">&rarr;</span></a></p>
