{"id":29196,"date":"2020-01-23T08:30:58","date_gmt":"2020-01-23T07:30:58","guid":{"rendered":"https:\/\/www.topohvar.at\/topo\/?page_id=29196"},"modified":"2020-01-23T08:54:08","modified_gmt":"2020-01-23T07:54:08","slug":"gv-tg-01-1","status":"publish","type":"page","link":"https:\/\/www.topohvar.at\/topo\/orte\/gv\/gv-tg-01-1\/","title":{"rendered":"VELO GRABLJE &#8211; Ljetnikovac \u00bbVidali\u00ab"},"content":{"rendered":"<p><strong><img loading=\"lazy\" decoding=\"async\" class=\"alignnone wp-image-387 size-full\" src=\"https:\/\/www.topohvar.at\/wp-content\/uploads\/2018\/07\/00-00-00-1.jpg\" alt=\"\" width=\"114\" height=\"56\" \/><\/strong><\/p>\n<p><strong>Ime \/ Name<br \/>\n<\/strong>Ljetnikovac \/ Sommerhaus \u00bbVidali\u00ab<\/p>\n<p><strong>Code: <\/strong>GV-TG-01\u00a0 \u00a0 \u00a0 \u00a0 \u00a0 \u00a0 \u00a0 \u00a0 \u00a0 \u00a0 \u00a0 \u00a0 \u00a0 \u00a0 \u00a0 \u00a0<strong><a href=\"https:\/\/www.topohvar.at\/orte\/gv\/gv-tg-08-1\/\"><img loading=\"lazy\" decoding=\"async\" class=\"alignnone wp-image-533 size-full\" src=\"https:\/\/www.topohvar.at\/wp-content\/uploads\/2018\/07\/push-l-30.jpg\" alt=\"\" width=\"61\" height=\"30\" \/><\/a> <a href=\"https:\/\/www.topohvar.at\/orte\/gv\/\"><img loading=\"lazy\" decoding=\"async\" class=\"alignnone wp-image-535 size-full\" src=\"https:\/\/www.topohvar.at\/wp-content\/uploads\/2018\/07\/push-o-30.jpg\" alt=\"\" width=\"61\" height=\"30\" \/><\/a> <a href=\"https:\/\/www.topohvar.at\/orte\/gv\/gv-tg-06-1\/\"><img loading=\"lazy\" decoding=\"async\" class=\"alignnone wp-image-536 size-full\" src=\"https:\/\/www.topohvar.at\/wp-content\/uploads\/2018\/07\/push-r-30.jpg\" alt=\"\" width=\"61\" height=\"30\" \/><\/a><\/strong><\/p>\n<hr \/>\n<p><strong>Adresa \/ Adresse<br \/>\n<\/strong>Velo Grablje,\u00a0Uvala\u00a0Konopljikova (uvala Sv. Ante)<\/p>\n<p><strong>Lokalna polo\u017eaj \/ Position<a href=\"https:\/\/goo.gl\/maps\/qpVQao395VYSQwxS6\"><img loading=\"lazy\" decoding=\"async\" class=\"alignright wp-image-29197\" src=\"https:\/\/www.topohvar.at\/wp-content\/uploads\/2020\/01\/2115.jpg\" alt=\"\" width=\"133\" height=\"100\" \/><\/a><br \/>\n<\/strong><span style=\"color: #3366ff;\"><a style=\"color: #3366ff;\" href=\"https:\/\/goo.gl\/maps\/qpVQao395VYSQwxS6\">Latitude: N 43,18519\u00b0\u00a0 \u00a0Longitude: E 16,54961\u00b0<\/a><\/span>\u00a0(?)<strong><br \/>\n<\/strong>Visina \/ H\u00f6he: &#8211; m<\/p>\n<p><strong>Zemlji\u0161te \/ Grundst\u00fccke<br \/>\n<\/strong>&#8211; <div class='content-column one_half'><div style=\"padding-right:6px;\"><p><strong>Datum snimanja \/ Erfassungsdatum<br \/>\n<\/strong>01.01.2000 00:00:00<\/p>\n<hr \/>\n<p><strong>Informacije<\/strong><\/p>\n<p>U uvali Konopljikova (uvala Sv. Ante) nalaze se ostaci ljetnikovca Vidali. Ova se obitelj kao vlasnik uvale javlja 1489. godine. Ljetnikovac je bio sagra\u0111en do 1676. godine kada bra\u0107a Vidali tra\u017ee dozvole za gradnju crkve sv. Antuna Padovanskog u uvali. Prema titularu crkve, ova se uvala naziva i &#8222;Vala svetog Antonija&#8220;. Crkvica je bila dovr\u0161ena 1685. godine.<\/p>\n<p>&nbsp;<\/p>\n<p>Zanimljivo je napomenuti da bra\u0107a Vidali grade ovu crkvu u okviru te\u017enje da uvalu nasele stalnim stanovni\u0161tvom, za \u010dije potrebe grade desetak tipolo\u0161ki jednakih prizemnica, nepravilno raspore\u0111enih uz obalu i rubove obronaka. Poku\u0161aji stvaranja sela uz veleposjed poznati su na Hvaru jo\u0161 od srednjeg vijeka.<\/p>\n<p>&nbsp;<\/p>\n<p>Pokraj crkve su danas vidljivi ostaci velikoga ljetnikovca, koji narod naziva &#8222;Kula&#8220;, vjerojatno zbog nekih fortifikacijskih elemenata sklopa koji danas nisu vidljivi. Po\u010detkom 19. stolje\u0107a ljetnikovac je u vlasni\u0161tvu obitelji Ka\u010di\u0107-Dimitri<\/p><\/div><\/div><div class='content-column one_half last_column'><div style=\"padding-right:0px;padding-left:6px;\"><p><strong>Za\u0161titni polo\u017eaj \/ Schutzstellung<br \/>\n<\/strong>&#8211;<\/p>\n<hr \/>\n<p><strong>Info<\/strong><\/p>\n<p>In der Bucht Konopljikova (Bucht Sv. Ante) befinden sich die \u00dcberreste des Hauses \u00bbVidali\u00ab. Die Familie war Besitzer der Bucht und stammt aus dem Jahr 1489. Das Sommerhaus wurde bis 1676 erbaut, als die Br\u00fcder Vidali um Erlaubnis f\u00fcr den Bau der Kirche zum hl. Antonius in der Bucht baten. Nach dem Kirchennamen wird diese Bucht auch &#8222;Sv. Ante \/ hl. Antonius&#8220; genannt. Die Kirche wurde 1685 fertiggestellt.<\/p>\n<p>Interessant ist, dass die Br\u00fcder Vidali diese Kirche mit der Absicht bauten die Bucht mit einer st\u00e4ndigen Bev\u00f6lkerung zu besiedeln. F\u00fcr deren Bed\u00fcrfnisse errichteten sie ein Dutzend typologisch gleicher H\u00e4user, die entlang der K\u00fcste und am Fu\u00df des Berghanges unregelm\u00e4\u00dfig verteilt sind. Versuche, ein Dorf auf dem Land zu gr\u00fcnden, sind auf der Insel Hvar seit dem Mittelalter bekannt.<\/p>\n<p>In der N\u00e4he der Kirche sind die \u00dcberreste eines gro\u00dfen Herrenhauses zu sehen, das die Leute &#8222;Turm&#8220; nennen, wahrscheinlich wegen einiger Befestigungselemente, die heute aber verschwunden sind. Zu Beginn des 19. Jahrhunderts befand sich das Herrenhaus im Besitz der Familie Kacic-Dimitri.<\/p><\/div><\/div><div class='clear_column'><\/div><\/p>\n<p style=\"text-align: center;\"><em>(LADANJSKA IZGRADNJA PROSTORA HVARSKE KOMUNE &#8211; Nik<\/em><em>\u0161a Petri<\/em><em>\u0107 &#8211; Ambroz Tudor)<\/em><\/p>\n<hr \/>\n<p><strong>Linkovi \/ Links<\/strong><\/p>\n<p><span style=\"color: #3366ff;\"><a style=\"color: #3366ff;\" href=\"https:\/\/www.topohvar.at\/topo\/orte\/gv\/gv-ck-03-1\/\">Crkvica \u00bbSv. Antonija (2)\u00ab \/ Kirche des hl. Antonius (2)<\/a><\/span><\/p>\n","protected":false},"excerpt":{"rendered":"<p>Ime \/ Name Ljetnikovac \/ Sommerhaus \u00bbVidali\u00ab Code: GV-TG-01\u00a0 \u00a0 \u00a0 \u00a0 \u00a0 \u00a0 \u00a0 \u00a0 \u00a0 \u00a0 \u00a0 \u00a0 \u00a0 \u00a0 \u00a0 \u00a0 Adresa \/ Adresse Velo Grablje,\u00a0Uvala\u00a0Konopljikova (uvala Sv. Ante) Lokalna polo\u017eaj \/ Position Latitude: N 43,18519\u00b0\u00a0 \u00a0Longitude: &hellip; <a href=\"https:\/\/www.topohvar.at\/topo\/orte\/gv\/gv-tg-01-1\/\">Weiterlesen <span class=\"meta-nav\">&rarr;<\/span><\/a><\/p>\n","protected":false},"author":1,"featured_media":0,"parent":76,"menu_order":0,"comment_status":"closed","ping_status":"closed","template":"","meta":{"footnotes":""},"class_list":["post-29196","page","type-page","status-publish","hentry"],"_links":{"self":[{"href":"https:\/\/www.topohvar.at\/topo\/wp-json\/wp\/v2\/pages\/29196","targetHints":{"allow":["GET"]}}],"collection":[{"href":"https:\/\/www.topohvar.at\/topo\/wp-json\/wp\/v2\/pages"}],"about":[{"href":"https:\/\/www.topohvar.at\/topo\/wp-json\/wp\/v2\/types\/page"}],"author":[{"embeddable":true,"href":"https:\/\/www.topohvar.at\/topo\/wp-json\/wp\/v2\/users\/1"}],"replies":[{"embeddable":true,"href":"https:\/\/www.topohvar.at\/topo\/wp-json\/wp\/v2\/comments?post=29196"}],"version-history":[{"count":5,"href":"https:\/\/www.topohvar.at\/topo\/wp-json\/wp\/v2\/pages\/29196\/revisions"}],"predecessor-version":[{"id":29204,"href":"https:\/\/www.topohvar.at\/topo\/wp-json\/wp\/v2\/pages\/29196\/revisions\/29204"}],"up":[{"embeddable":true,"href":"https:\/\/www.topohvar.at\/topo\/wp-json\/wp\/v2\/pages\/76"}],"wp:attachment":[{"href":"https:\/\/www.topohvar.at\/topo\/wp-json\/wp\/v2\/media?parent=29196"}],"curies":[{"name":"wp","href":"https:\/\/api.w.org\/{rel}","templated":true}]}}

<p><strong><img loading="lazy" decoding="async" class="alignnone wp-image-387 size-full" src="https://www.topohvar.at/wp-content/uploads/2018/07/00-00-00-1.jpg" alt="" width="114" height="56" /></strong></p>
<p><strong>Ime / Name<br />
</strong>Ljetnikovac / Sommerhaus »Vidali«</p>
<p><strong>Code: </strong>GV-TG-01                               <strong><a href="https://www.topohvar.at/orte/gv/gv-tg-08-1/"><img loading="lazy" decoding="async" class="alignnone wp-image-533 size-full" src="https://www.topohvar.at/wp-content/uploads/2018/07/push-l-30.jpg" alt="" width="61" height="30" /></a> <a href="https://www.topohvar.at/orte/gv/"><img loading="lazy" decoding="async" class="alignnone wp-image-535 size-full" src="https://www.topohvar.at/wp-content/uploads/2018/07/push-o-30.jpg" alt="" width="61" height="30" /></a> <a href="https://www.topohvar.at/orte/gv/gv-tg-06-1/"><img loading="lazy" decoding="async" class="alignnone wp-image-536 size-full" src="https://www.topohvar.at/wp-content/uploads/2018/07/push-r-30.jpg" alt="" width="61" height="30" /></a></strong></p>
<hr />
<p><strong>Adresa / Adresse<br />
</strong>Velo Grablje, Uvala Konopljikova (uvala Sv. Ante)</p>
<p><strong>Lokalna položaj / Position<a href="https://goo.gl/maps/qpVQao395VYSQwxS6"><img loading="lazy" decoding="async" class="alignright wp-image-29197" src="https://www.topohvar.at/wp-content/uploads/2020/01/2115.jpg" alt="" width="133" height="100" /></a><br />
</strong><span style="color: #3366ff;"><a style="color: #3366ff;" href="https://goo.gl/maps/qpVQao395VYSQwxS6">Latitude: N 43,18519°   Longitude: E 16,54961°</a></span> (?)<strong><br />
</strong>Visina / Höhe: &#8211; m</p>
<p><strong>Zemljište / Grundstücke<br />
</strong>&#8211; <div class='content-column one_half'><div style="padding-right:6px;"><p><strong>Datum snimanja / Erfassungsdatum<br />
</strong>01.01.2000 00:00:00</p>
<hr />
<p><strong>Informacije</strong></p>
<p>U uvali Konopljikova (uvala Sv. Ante) nalaze se ostaci ljetnikovca Vidali. Ova se obitelj kao vlasnik uvale javlja 1489. godine. Ljetnikovac je bio sagrađen do 1676. godine kada braća Vidali traže dozvole za gradnju crkve sv. Antuna Padovanskog u uvali. Prema titularu crkve, ova se uvala naziva i &#8222;Vala svetog Antonija&#8220;. Crkvica je bila dovršena 1685. godine.</p>
<p>&nbsp;</p>
<p>Zanimljivo je napomenuti da braća Vidali grade ovu crkvu u okviru težnje da uvalu nasele stalnim stanovništvom, za čije potrebe grade desetak tipološki jednakih prizemnica, nepravilno raspoređenih uz obalu i rubove obronaka. Pokušaji stvaranja sela uz veleposjed poznati su na Hvaru još od srednjeg vijeka.</p>
<p>&nbsp;</p>
<p>Pokraj crkve su danas vidljivi ostaci velikoga ljetnikovca, koji narod naziva &#8222;Kula&#8220;, vjerojatno zbog nekih fortifikacijskih elemenata sklopa koji danas nisu vidljivi. Početkom 19. stoljeća ljetnikovac je u vlasništvu obitelji Kačić-Dimitri</p></div></div><div class='content-column one_half last_column'><div style="padding-right:0px;padding-left:6px;"><p><strong>Zaštitni položaj / Schutzstellung<br />
</strong>&#8211;</p>
<hr />
<p><strong>Info</strong></p>
<p>In der Bucht Konopljikova (Bucht Sv. Ante) befinden sich die Überreste des Hauses »Vidali«. Die Familie war Besitzer der Bucht und stammt aus dem Jahr 1489. Das Sommerhaus wurde bis 1676 erbaut, als die Brüder Vidali um Erlaubnis für den Bau der Kirche zum hl. Antonius in der Bucht baten. Nach dem Kirchennamen wird diese Bucht auch &#8222;Sv. Ante / hl. Antonius&#8220; genannt. Die Kirche wurde 1685 fertiggestellt.</p>
<p>Interessant ist, dass die Brüder Vidali diese Kirche mit der Absicht bauten die Bucht mit einer ständigen Bevölkerung zu besiedeln. Für deren Bedürfnisse errichteten sie ein Dutzend typologisch gleicher Häuser, die entlang der Küste und am Fuß des Berghanges unregelmäßig verteilt sind. Versuche, ein Dorf auf dem Land zu gründen, sind auf der Insel Hvar seit dem Mittelalter bekannt.</p>
<p>In der Nähe der Kirche sind die Überreste eines großen Herrenhauses zu sehen, das die Leute &#8222;Turm&#8220; nennen, wahrscheinlich wegen einiger Befestigungselemente, die heute aber verschwunden sind. Zu Beginn des 19. Jahrhunderts befand sich das Herrenhaus im Besitz der Familie Kacic-Dimitri.</p></div></div><div class='clear_column'></div></p>
<p style="text-align: center;"><em>(LADANJSKA IZGRADNJA PROSTORA HVARSKE KOMUNE &#8211; Nik</em><em>ša Petri</em><em>ć &#8211; Ambroz Tudor)</em></p>
<hr />
<p><strong>Linkovi / Links</strong></p>
<p><span style="color: #3366ff;"><a style="color: #3366ff;" href="https://www.topohvar.at/topo/orte/gv/gv-ck-03-1/">Crkvica »Sv. Antonija (2)« / Kirche des hl. Antonius (2)</a></span></p>

<p>Ime / Name Ljetnikovac / Sommerhaus »Vidali« Code: GV-TG-01                                Adresa / Adresse Velo Grablje, Uvala Konopljikova (uvala Sv. Ante) Lokalna položaj / Position Latitude: N 43,18519°   Longitude: &hellip; <a href="https://www.topohvar.at/topo/orte/gv/gv-tg-01-1/">Weiterlesen <span class="meta-nav">&rarr;</span></a></p>
