{"id":29262,"date":"2020-01-23T17:18:59","date_gmt":"2020-01-23T16:18:59","guid":{"rendered":"https:\/\/www.topohvar.at\/topo\/?page_id=29262"},"modified":"2024-04-23T18:08:23","modified_gmt":"2024-04-23T16:08:23","slug":"za-tg-01-1","status":"publish","type":"page","link":"https:\/\/www.topohvar.at\/topo\/orte\/za\/za-tg-01-1\/","title":{"rendered":"ZASTRA\u017dI\u0160\u0106E &#8211; Veliki sklop \u00bbAngelini\u00ab"},"content":{"rendered":"<p><strong><img loading=\"lazy\" decoding=\"async\" class=\"alignnone wp-image-387 size-full\" src=\"https:\/\/www.topohvar.at\/wp-content\/uploads\/2018\/07\/00-00-00-1.jpg\" alt=\"\" width=\"114\" height=\"56\" \/><\/strong><\/p>\n<p><strong>Ime \/ Name<br \/>\n<\/strong>Veliki sklop \/ Gro\u00dfer Baukomplex \u00bbAngelini\u00ab<\/p>\n<p><strong>Code: <\/strong>ZA-TG-01\u00a0 \u00a0 \u00a0 \u00a0 \u00a0 \u00a0 \u00a0 \u00a0 \u00a0 \u00a0 \u00a0 \u00a0 \u00a0 \u00a0 \u00a0 \u00a0 \u00a0 \u00a0 \u00a0 \u00a0\u00a0<strong><a href=\"https:\/\/www.topohvar.at\/orte\/za\/za-tg-06-1\/\"><img loading=\"lazy\" decoding=\"async\" class=\"alignnone wp-image-533 size-full\" src=\"https:\/\/www.topohvar.at\/wp-content\/uploads\/2018\/07\/push-l-30.jpg\" alt=\"\" width=\"61\" height=\"30\" \/><\/a> <a href=\"https:\/\/www.topohvar.at\/orte\/za\/\"><img loading=\"lazy\" decoding=\"async\" class=\"alignnone wp-image-535 size-full\" src=\"https:\/\/www.topohvar.at\/wp-content\/uploads\/2018\/07\/push-o-30.jpg\" alt=\"\" width=\"61\" height=\"30\" \/><\/a> <a href=\"https:\/\/www.topohvar.at\/orte\/za\/za-tg-02-1\/\"><img loading=\"lazy\" decoding=\"async\" class=\"alignnone wp-image-536 size-full\" src=\"https:\/\/www.topohvar.at\/wp-content\/uploads\/2018\/07\/push-r-30.jpg\" alt=\"\" width=\"61\" height=\"30\" \/><\/a><\/strong><\/p>\n<hr \/>\n<p><strong>Adresa \/ Adresse<br \/>\n<\/strong>Zastra\u017ei\u0161\u0107e,<\/p>\n<p><strong>Lokalna polo\u017eaj \/ Position<img loading=\"lazy\" decoding=\"async\" class=\"alignright wp-image-387 size-full\" src=\"https:\/\/www.topohvar.at\/wp-content\/uploads\/2018\/07\/00-00-00-1.jpg\" alt=\"\" width=\"114\" height=\"56\" \/><br \/>\n<\/strong>Latitude: N 43\u00b0\u00a0 \u00a0Longitude: E 16\u00b0 <strong><br \/>\n<\/strong>Visina \/ H\u00f6he: &#8211; m<\/p>\n<p><strong>Zemlji\u0161te \/ Grundst\u00fccke<br \/>\n<\/strong>&#8211;\u00a0<div class='content-column one_half'><div style=\"padding-right:6px;\"><p><strong>Datum snimanja \/ Erfassungsdatum<br \/>\n<\/strong>17.05.2018 16:10:00<\/p>\n<hr \/>\n<p><strong>Informacije<\/strong><\/p>\n<p>Sredi\u0161te imanja Angelini izvorno je bio veliki kompleks u Zastra\u017ei\u0161\u0107u koji je sagra\u0111en odmah po primitku investiture 1624. godine, a sredinom 18. stolje\u0107a sredi\u0161te je preseljeno u veliki sklop na Maloj bandi u Jelsi.<\/p><\/div><\/div><div class='content-column one_half last_column'><div style=\"padding-right:0px;padding-left:6px;\"><p><strong>Za\u0161titni polo\u017eaj \/ Schutzstellung<br \/>\n<\/strong>&#8211;<\/p>\n<hr \/>\n<p><strong>Info<\/strong><\/p>\n<p>Ein gro\u00dfer Komplex in Zastra\u017ei\u0161\u0107e war urspr\u00fcnglich das Zentrum der Angelini in\u00a0Zastra\u017ei\u0161\u0107e, das unmittelbar nach Erhalt der Investitur im Jahre 1624 errichtet wurde. Mitte des 18. Jahrhunderts wurde der Sitz in einen gro\u00dfen Baukomplex nach Mala Bande in Jelsa verlegt.<\/p><\/div><\/div><div class='clear_column'><\/div><div class='content-column one_half'><div style=\"padding-right:6px;\"><p>Sklop u Zastra\u017ei\u0161\u0107u sastoji se od velike dvokatne kule na jugoisto\u010dnom uglu sklopa, dvije jednake prizemnice s dvori\u0161tem izme\u0111u na jugozapadnom uglu, poplo\u010danog dvori\u0161ta s dvije krune zdenca u sredi\u0161tu i nekoliko manjih prizemnica, sagra\u0111enih u suhozidu koje su raspore\u0111ene uza zapadni zid sklopa. Cijeli sklop je ogra\u0111en visokim zidom na kojem su dva ulaza: izravni ulaz u dvori\u0161te izme\u0111u dvije stambene prizemnice i ulaz u prostor izme\u0111u gospodarskih ku\u0107a.<\/p><\/div><\/div><div class='content-column one_half last_column'><div style=\"padding-right:0px;padding-left:6px;\"><p>Das Areal in Zastra\u017ei\u0161\u0107e besteht aus einem gro\u00dfen zweist\u00f6ckigen Turm an der S\u00fcdostecke des Komplexes, zwei identischen ebenerdigen Bauten mit einem Innenhof an der S\u00fcdwestecke, einem gepflasterten Innenhof mit zwei Kronenbrunnen in der Mitte und ein paar kleineren Geb\u00e4uden in Trockenbauweise, die entlang der Westmauer des Baukomplexes angeordnet sind. Der gesamte Komplex ist von einer hohen Mauer mit zwei Eing\u00e4ngen umgeben: einem direkten Zugang zum Innenhof zwischen den beiden Wohnebenen und dem Zugang zum Raum zwischen den Wirtschaftsgeb\u00e4uden.<\/p><\/div><\/div><div class='clear_column'><\/div><div class='content-column one_half'><div style=\"padding-right:6px;\"><p>Sklop u Zastra\u017ei\u0161\u0107ima danas je u ru\u0161evnom stanju. Sa\u010duvan je grb An\u0111elinovi\u0107a i natpis na nadvratniku, nekada na kuli ljetnikovca. Kula je sagradio Gazar An\u0111elinovi\u0107 1624. godine, a dijelom sru\u0161en 1949. godine.<\/p><\/div><\/div><div class='content-column one_half last_column'><div style=\"padding-right:0px;padding-left:6px;\"><p>Das Anwesen in Zastra\u017ei\u0161\u0107e befindet sich heute in einem heruntergekommenen Zustand. Das Wappen der An\u0111elinovi\u0107 und eine Inschrift auf dem T\u00fcrsturz, ehemals auf dem Turm des Herrenhauses sind erhalten.\u00a0Der Turm wurde im Jahr 1624 von Gazar An\u0111elinovi\u0107 errichtet und 1949 zum Teil abgerissen.<\/p><\/div><\/div><div class='clear_column'><\/div><div class='content-column one_half'><div style=\"padding-right:6px;\"><p>Nedaleko ovog sklopa, na putu koji vodi od uvale Duboka do Zastra\u017ei\u0161\u0107a, An\u0111elinovi\u0107i su sagradili dvokatnu kulu, isklju\u010divo obrambene namjene, koja je trebala sprije\u010diti iznenadne napade s morske strane na sredi\u0161nji Iadanjsko-gospodarski sklop.<\/p><\/div><\/div><div class='content-column one_half last_column'><div style=\"padding-right:0px;padding-left:6px;\"><p>Unweit dieses Komplexes bauten die An\u0111elinovi\u0107i auf der Stra\u00dfe von der Bucht Duboka nach Zastra\u017ei\u0161\u0107e einen zweigeschossigen Turm, der ausschlie\u00dflich zu Verteidigungszwecken errichtet wurde, um pl\u00f6tzliche Angriffe des Meeres auf das zentrale adriatisch-wirtschaftliche Gel\u00e4nde zu verhindern.<\/p><\/div><\/div><div class='clear_column'><\/div><\/p>\n<p style=\"text-align: center;\"><em>(LADANJSKA IZGRADNJA PROSTORA HVARSKE KOMUNE &#8211; Nik<\/em><em>\u0161a Petri<\/em><em>\u0107 &#8211; Ambroz Tudor)<\/em><\/p>\n<hr \/>\n<p><strong>Linkovi \/ Links<\/strong><\/p>\n<p><span style=\"color: #3366ff;\"><strong><a style=\"color: #3366ff;\" href=\"https:\/\/www.topohvar.at\/topo\/orte\/za\/za-tg-02-1\/\">Vi\u0161e o obitelji Angelin \/ Mehr \u00fcber die Familie Angelini<\/a><\/strong><\/span><\/p>\n<p><span style=\"color: #3366ff;\"><a style=\"color: #3366ff;\" href=\"https:\/\/www.topohvar.at\/topo\/orte\/za\/za-tg-03-1\/\">ZASTRA\u017dI\u0160\u0106E, \u010crvanj &#8211; Ku\u0107a \/ Haus \u00bbAngelini (Angjelinovi\u0107, kasnije \/ sp\u00e4ter Dubokovi\u0107 Nadalini)\u00ab<\/a>\u00a0<\/span><br \/>\n<span style=\"color: #3366ff;\"><a style=\"color: #3366ff;\" href=\"https:\/\/www.topohvar.at\/topo\/orte\/za\/za-tg-02-1\/\">ZASTRA\u017dI\u0160\u0106E, Vela Stiniva \u2013 Ljetnikovac \/ Sommerhaus \u00bbAngelini\u00ab<\/a><\/span><br \/>\n<span style=\"color: #3366ff;\"><a style=\"color: #3366ff;\" href=\"https:\/\/www.topohvar.at\/topo\/orte\/za\/za-td-01-1\/\">ZASTRA\u017dI\u0160\u0106E \u2013 Dvije kule u Zastra\u017ei\u0161\u0107u \/ zwei T\u00fcrme in Zastra\u017ei\u0161\u0107e<\/a><\/span><br \/>\n<span style=\"color: #3366ff;\"><a style=\"color: #3366ff;\" href=\"https:\/\/www.topohvar.at\/topo\/orte\/za\/za-ig-01-1\/\">ZASTRA\u017dI\u0160\u0106E \u2013 Grb \/ Wappen \u00bbAn\u0111elinovi\u0107-Angelini\u00ab<\/a><\/span><br \/>\n<span style=\"color: #3366ff;\"><a style=\"color: #3366ff;\" href=\"https:\/\/www.topohvar.at\/topo\/orte\/za\/za-in-01-1\/\">ZASTRA\u017dI\u0160\u0106E \u2013 Natpis \/ Inschrift \u00bbMDCXXIIII na nadvratniku<\/a><a style=\"color: #3366ff;\" href=\"https:\/\/www.topohvar.at\/topo\/orte\/za\/za-in-01-1\/\">\u00ab<\/a><\/span><\/p>\n<p><span style=\"color: #3366ff;\"><a style=\"color: #3366ff;\" href=\"https:\/\/www.topohvar.at\/topo\/orte\/bo\/bo-tg-04-2\/\">BOGOMOLJE, Smrska \u2013 Ku\u0107a \/ Haus \u00bbAngelini (Angjelinovi\u0107, danas \/ heute Viskovi\u0107)\u00ab<\/a><\/span><br \/>\n<span style=\"color: #3366ff;\"><a style=\"color: #3366ff;\" href=\"https:\/\/www.topohvar.at\/topo\/orte\/je\/je-tg-08-1\/\">JELSA \u2013 Ku\u0107a \/ Haus \u00bbDr. Niko Dubokovi\u0107 Nadalini prije \/ vorher An\u0111elinovi\u0107<\/a> \u00ab<\/span><br \/>\n<span style=\"color: #3366ff;\"><a style=\"color: #3366ff;\" href=\"https:\/\/www.topohvar.at\/topo\/orte\/pr\/pr-tg-02-1\/\">PRAPATNA \u2013 Ku\u0107a \u00bbAngelini (Angjelinovi\u0107)\u00ab<\/a><\/span><\/p>\n<p><span style=\"color: #3366ff;\">\u00a0<\/span><\/p>\n","protected":false},"excerpt":{"rendered":"<p>Ime \/ Name Veliki sklop \/ Gro\u00dfer Baukomplex \u00bbAngelini\u00ab Code: ZA-TG-01\u00a0 \u00a0 \u00a0 \u00a0 \u00a0 \u00a0 \u00a0 \u00a0 \u00a0 \u00a0 \u00a0 \u00a0 \u00a0 \u00a0 \u00a0 \u00a0 \u00a0 \u00a0 \u00a0 \u00a0\u00a0 Adresa \/ Adresse Zastra\u017ei\u0161\u0107e, Lokalna polo\u017eaj \/ Position Latitude: N &hellip; <a href=\"https:\/\/www.topohvar.at\/topo\/orte\/za\/za-tg-01-1\/\">Weiterlesen <span class=\"meta-nav\">&rarr;<\/span><\/a><\/p>\n","protected":false},"author":1,"featured_media":0,"parent":115,"menu_order":0,"comment_status":"closed","ping_status":"closed","template":"","meta":{"footnotes":""},"class_list":["post-29262","page","type-page","status-publish","hentry"],"_links":{"self":[{"href":"https:\/\/www.topohvar.at\/topo\/wp-json\/wp\/v2\/pages\/29262","targetHints":{"allow":["GET"]}}],"collection":[{"href":"https:\/\/www.topohvar.at\/topo\/wp-json\/wp\/v2\/pages"}],"about":[{"href":"https:\/\/www.topohvar.at\/topo\/wp-json\/wp\/v2\/types\/page"}],"author":[{"embeddable":true,"href":"https:\/\/www.topohvar.at\/topo\/wp-json\/wp\/v2\/users\/1"}],"replies":[{"embeddable":true,"href":"https:\/\/www.topohvar.at\/topo\/wp-json\/wp\/v2\/comments?post=29262"}],"version-history":[{"count":16,"href":"https:\/\/www.topohvar.at\/topo\/wp-json\/wp\/v2\/pages\/29262\/revisions"}],"predecessor-version":[{"id":66821,"href":"https:\/\/www.topohvar.at\/topo\/wp-json\/wp\/v2\/pages\/29262\/revisions\/66821"}],"up":[{"embeddable":true,"href":"https:\/\/www.topohvar.at\/topo\/wp-json\/wp\/v2\/pages\/115"}],"wp:attachment":[{"href":"https:\/\/www.topohvar.at\/topo\/wp-json\/wp\/v2\/media?parent=29262"}],"curies":[{"name":"wp","href":"https:\/\/api.w.org\/{rel}","templated":true}]}}

ZASTRAŽIŠĆE &#8211; Veliki sklop »Angelini«

<p><strong><img loading="lazy" decoding="async" class="alignnone wp-image-387 size-full" src="https://www.topohvar.at/wp-content/uploads/2018/07/00-00-00-1.jpg" alt="" width="114" height="56" /></strong></p>
<p><strong>Ime / Name<br />
</strong>Veliki sklop / Großer Baukomplex »Angelini«</p>
<p><strong>Code: </strong>ZA-TG-01                                        <strong><a href="https://www.topohvar.at/orte/za/za-tg-06-1/"><img loading="lazy" decoding="async" class="alignnone wp-image-533 size-full" src="https://www.topohvar.at/wp-content/uploads/2018/07/push-l-30.jpg" alt="" width="61" height="30" /></a> <a href="https://www.topohvar.at/orte/za/"><img loading="lazy" decoding="async" class="alignnone wp-image-535 size-full" src="https://www.topohvar.at/wp-content/uploads/2018/07/push-o-30.jpg" alt="" width="61" height="30" /></a> <a href="https://www.topohvar.at/orte/za/za-tg-02-1/"><img loading="lazy" decoding="async" class="alignnone wp-image-536 size-full" src="https://www.topohvar.at/wp-content/uploads/2018/07/push-r-30.jpg" alt="" width="61" height="30" /></a></strong></p>
<hr />
<p><strong>Adresa / Adresse<br />
</strong>Zastražišće,</p>
<p><strong>Lokalna položaj / Position<img loading="lazy" decoding="async" class="alignright wp-image-387 size-full" src="https://www.topohvar.at/wp-content/uploads/2018/07/00-00-00-1.jpg" alt="" width="114" height="56" /><br />
</strong>Latitude: N 43°   Longitude: E 16° <strong><br />
</strong>Visina / Höhe: &#8211; m</p>
<p><strong>Zemljište / Grundstücke<br />
</strong>&#8211; <div class='content-column one_half'><div style="padding-right:6px;"><p><strong>Datum snimanja / Erfassungsdatum<br />
</strong>17.05.2018 16:10:00</p>
<hr />
<p><strong>Informacije</strong></p>
<p>Središte imanja Angelini izvorno je bio veliki kompleks u Zastražišću koji je sagrađen odmah po primitku investiture 1624. godine, a sredinom 18. stoljeća središte je preseljeno u veliki sklop na Maloj bandi u Jelsi.</p></div></div><div class='content-column one_half last_column'><div style="padding-right:0px;padding-left:6px;"><p><strong>Zaštitni položaj / Schutzstellung<br />
</strong>&#8211;</p>
<hr />
<p><strong>Info</strong></p>
<p>Ein großer Komplex in Zastražišće war ursprünglich das Zentrum der Angelini in Zastražišće, das unmittelbar nach Erhalt der Investitur im Jahre 1624 errichtet wurde. Mitte des 18. Jahrhunderts wurde der Sitz in einen großen Baukomplex nach Mala Bande in Jelsa verlegt.</p></div></div><div class='clear_column'></div><div class='content-column one_half'><div style="padding-right:6px;"><p>Sklop u Zastražišću sastoji se od velike dvokatne kule na jugoistočnom uglu sklopa, dvije jednake prizemnice s dvorištem između na jugozapadnom uglu, popločanog dvorišta s dvije krune zdenca u središtu i nekoliko manjih prizemnica, sagrađenih u suhozidu koje su raspoređene uza zapadni zid sklopa. Cijeli sklop je ograđen visokim zidom na kojem su dva ulaza: izravni ulaz u dvorište između dvije stambene prizemnice i ulaz u prostor između gospodarskih kuća.</p></div></div><div class='content-column one_half last_column'><div style="padding-right:0px;padding-left:6px;"><p>Das Areal in Zastražišće besteht aus einem großen zweistöckigen Turm an der Südostecke des Komplexes, zwei identischen ebenerdigen Bauten mit einem Innenhof an der Südwestecke, einem gepflasterten Innenhof mit zwei Kronenbrunnen in der Mitte und ein paar kleineren Gebäuden in Trockenbauweise, die entlang der Westmauer des Baukomplexes angeordnet sind. Der gesamte Komplex ist von einer hohen Mauer mit zwei Eingängen umgeben: einem direkten Zugang zum Innenhof zwischen den beiden Wohnebenen und dem Zugang zum Raum zwischen den Wirtschaftsgebäuden.</p></div></div><div class='clear_column'></div><div class='content-column one_half'><div style="padding-right:6px;"><p>Sklop u Zastražišćima danas je u ruševnom stanju. Sačuvan je grb Anđelinovića i natpis na nadvratniku, nekada na kuli ljetnikovca. Kula je sagradio Gazar Anđelinović 1624. godine, a dijelom srušen 1949. godine.</p></div></div><div class='content-column one_half last_column'><div style="padding-right:0px;padding-left:6px;"><p>Das Anwesen in Zastražišće befindet sich heute in einem heruntergekommenen Zustand. Das Wappen der Anđelinović und eine Inschrift auf dem Türsturz, ehemals auf dem Turm des Herrenhauses sind erhalten. Der Turm wurde im Jahr 1624 von Gazar Anđelinović errichtet und 1949 zum Teil abgerissen.</p></div></div><div class='clear_column'></div><div class='content-column one_half'><div style="padding-right:6px;"><p>Nedaleko ovog sklopa, na putu koji vodi od uvale Duboka do Zastražišća, Anđelinovići su sagradili dvokatnu kulu, isključivo obrambene namjene, koja je trebala spriječiti iznenadne napade s morske strane na središnji Iadanjsko-gospodarski sklop.</p></div></div><div class='content-column one_half last_column'><div style="padding-right:0px;padding-left:6px;"><p>Unweit dieses Komplexes bauten die Anđelinovići auf der Straße von der Bucht Duboka nach Zastražišće einen zweigeschossigen Turm, der ausschließlich zu Verteidigungszwecken errichtet wurde, um plötzliche Angriffe des Meeres auf das zentrale adriatisch-wirtschaftliche Gelände zu verhindern.</p></div></div><div class='clear_column'></div></p>
<p style="text-align: center;"><em>(LADANJSKA IZGRADNJA PROSTORA HVARSKE KOMUNE &#8211; Nik</em><em>ša Petri</em><em>ć &#8211; Ambroz Tudor)</em></p>
<hr />
<p><strong>Linkovi / Links</strong></p>
<p><span style="color: #3366ff;"><strong><a style="color: #3366ff;" href="https://www.topohvar.at/topo/orte/za/za-tg-02-1/">Više o obitelji Angelin / Mehr über die Familie Angelini</a></strong></span></p>
<p><span style="color: #3366ff;"><a style="color: #3366ff;" href="https://www.topohvar.at/topo/orte/za/za-tg-03-1/">ZASTRAŽIŠĆE, Črvanj &#8211; Kuća / Haus »Angelini (Angjelinović, kasnije / später Duboković Nadalini)«</a> </span><br />
<span style="color: #3366ff;"><a style="color: #3366ff;" href="https://www.topohvar.at/topo/orte/za/za-tg-02-1/">ZASTRAŽIŠĆE, Vela Stiniva – Ljetnikovac / Sommerhaus »Angelini«</a></span><br />
<span style="color: #3366ff;"><a style="color: #3366ff;" href="https://www.topohvar.at/topo/orte/za/za-td-01-1/">ZASTRAŽIŠĆE – Dvije kule u Zastražišću / zwei Türme in Zastražišće</a></span><br />
<span style="color: #3366ff;"><a style="color: #3366ff;" href="https://www.topohvar.at/topo/orte/za/za-ig-01-1/">ZASTRAŽIŠĆE – Grb / Wappen »Anđelinović-Angelini«</a></span><br />
<span style="color: #3366ff;"><a style="color: #3366ff;" href="https://www.topohvar.at/topo/orte/za/za-in-01-1/">ZASTRAŽIŠĆE – Natpis / Inschrift »MDCXXIIII na nadvratniku</a><a style="color: #3366ff;" href="https://www.topohvar.at/topo/orte/za/za-in-01-1/">«</a></span></p>
<p><span style="color: #3366ff;"><a style="color: #3366ff;" href="https://www.topohvar.at/topo/orte/bo/bo-tg-04-2/">BOGOMOLJE, Smrska – Kuća / Haus »Angelini (Angjelinović, danas / heute Visković)«</a></span><br />
<span style="color: #3366ff;"><a style="color: #3366ff;" href="https://www.topohvar.at/topo/orte/je/je-tg-08-1/">JELSA – Kuća / Haus »Dr. Niko Duboković Nadalini prije / vorher Anđelinović</a> «</span><br />
<span style="color: #3366ff;"><a style="color: #3366ff;" href="https://www.topohvar.at/topo/orte/pr/pr-tg-02-1/">PRAPATNA – Kuća »Angelini (Angjelinović)«</a></span></p>
<p><span style="color: #3366ff;"> </span></p>

<p>Ime / Name Veliki sklop / Großer Baukomplex »Angelini« Code: ZA-TG-01                                         Adresa / Adresse Zastražišće, Lokalna položaj / Position Latitude: N &hellip; <a href="https://www.topohvar.at/topo/orte/za/za-tg-01-1/">Weiterlesen <span class="meta-nav">&rarr;</span></a></p>
