{"id":2978,"date":"2018-08-05T06:52:52","date_gmt":"2018-08-05T04:52:52","guid":{"rendered":"https:\/\/www.topohvar.at\/?page_id=2978"},"modified":"2020-03-19T10:41:07","modified_gmt":"2020-03-19T09:41:07","slug":"do-ip-04-2","status":"publish","type":"page","link":"https:\/\/www.topohvar.at\/topo\/orte\/do\/do-ip-04-2\/","title":{"rendered":"DOL &#8211; Informativna plo\u010da \u00bbPurkin kuk\u00ab"},"content":{"rendered":"<p><strong><img loading=\"lazy\" decoding=\"async\" class=\"alignnone size-large wp-image-2989\" src=\"https:\/\/www.topohvar.at\/wp-content\/uploads\/2018\/08\/DO-IP-04-1-1024x503.jpg\" alt=\"\" width=\"640\" height=\"314\" srcset=\"https:\/\/www.topohvar.at\/wp-content\/uploads\/2018\/08\/DO-IP-04-1-1024x503.jpg 1024w, https:\/\/www.topohvar.at\/wp-content\/uploads\/2018\/08\/DO-IP-04-1-300x147.jpg 300w, https:\/\/www.topohvar.at\/wp-content\/uploads\/2018\/08\/DO-IP-04-1-768x377.jpg 768w\" sizes=\"auto, (max-width: 640px) 100vw, 640px\" \/><\/strong><\/p>\n<p><strong>Ime \/ Name<br \/>\n<\/strong>Informativna plo\u010da \u00bbPurkin kuk\u00ab \/ Infotafel \u00bbPurkin kuk\u00ab<\/p>\n<p><strong>Code: <\/strong>DO-IP-04\u00a0 \u00a0 \u00a0 \u00a0 \u00a0 \u00a0 \u00a0 \u00a0 \u00a0 \u00a0 \u00a0 \u00a0 \u00a0 \u00a0 \u00a0 \u00a0 \u00a0 \u00a0\u00a0<strong><a href=\"https:\/\/www.topohvar.at\/orte\/do\/do-ip-03-2\/\"><img loading=\"lazy\" decoding=\"async\" class=\"alignnone wp-image-533 size-full\" src=\"https:\/\/www.topohvar.at\/wp-content\/uploads\/2018\/07\/push-l-30.jpg\" alt=\"\" width=\"61\" height=\"30\" \/><\/a> <a href=\"https:\/\/www.topohvar.at\/orte\/do\/\"><img loading=\"lazy\" decoding=\"async\" class=\"alignnone wp-image-535 size-full\" src=\"https:\/\/www.topohvar.at\/wp-content\/uploads\/2018\/07\/push-o-30.jpg\" alt=\"\" width=\"61\" height=\"30\" \/><\/a> <a href=\"https:\/\/www.topohvar.at\/orte\/do\/do-ip-01-2\/\"><img loading=\"lazy\" decoding=\"async\" class=\"alignnone wp-image-536 size-full\" src=\"https:\/\/www.topohvar.at\/wp-content\/uploads\/2018\/07\/push-r-30.jpg\" alt=\"\" width=\"61\" height=\"30\" \/><\/a>\u00a0<a href=\"https:\/\/www.topohvar.at\/orte\/do\/do-is-01-2\/\"><img loading=\"lazy\" decoding=\"async\" class=\"alignnone wp-image-12299 size-full\" src=\"https:\/\/www.topohvar.at\/wp-content\/uploads\/2018\/09\/push-next-30.jpg\" alt=\"\" width=\"61\" height=\"30\" \/><\/a><\/strong><\/p>\n<hr \/>\n<p><strong>Adresa \/ Adresse<br \/>\n<\/strong>Dol &#8211; Sv. Marije, Purkin kuk<\/p>\n<p><strong>Lokalna polo\u017eaj \/ Position<a href=\"https:\/\/goo.gl\/maps\/NXc4LcY81h2hvHMZ9\"><img loading=\"lazy\" decoding=\"async\" class=\"alignright wp-image-2995\" src=\"https:\/\/www.topohvar.at\/wp-content\/uploads\/2018\/08\/1024.jpg\" alt=\"\" width=\"134\" height=\"100\" \/><\/a><br \/>\n<\/strong><span style=\"color: #3366ff;\"><a style=\"color: #3366ff;\" href=\"https:\/\/goo.gl\/maps\/NXc4LcY81h2hvHMZ9\">Latitude: N 43,17018\u00b0\u00a0 \u00a0Longitude: E 16,60282\u00b0<\/a> <\/span><strong><br \/>\n<\/strong>Visina \/ H\u00f6he: 265 m<\/p>\n<p><strong>Zemlji\u0161te \/ Grundst\u00fccke<br \/>\n<\/strong>681\/7<div class='content-column one_half'><div style=\"padding-right:6px;\"><p><strong>Datum snimanja \/ Erfassungsdatum<br \/>\n<\/strong>14.05.2012 16:55:00<\/p>\n<hr \/>\n<p><strong>Informacije<\/strong><\/p>\n<p>Lokalitet Purkin Kuk je jedan od najve\u0107ih i najzna\u010dajnijih prapovijesnih gradina na otoku Hvaru uop\u0107e. Smje\u0161ten je na brdu iznad samoga Grada i to na polo\u017eaju od kuda se mogla nadzirati \u010ditava uvala ali i polje koje je polo\u017eeno izme\u0111u ovog brda, Budinjac, i blaga uzvisine na sjevernoj strani otoka.<\/p><\/div><\/div><div class='content-column one_half last_column'><div style=\"padding-right:0px;padding-left:6px;\"><p><strong>Za\u0161titni polo\u017eaj \/ Schutzstellung<br \/>\n<\/strong>&#8211;<\/p>\n<hr \/>\n<p><strong>Info<\/strong><\/p>\n<p>Purkin Kuk ist eine der gr\u00f6\u00dften und bedeutendsten pr\u00e4historischen St\u00e4tten auf der Insel Hvar. Der Platz befindet sich auf einem H\u00fcgel \u00fcber Stari Grad an der Stelle, von wo aus die ganze Bucht, sowie die Ebene zwischen dem H\u00fcgel <em>Budinjac<\/em> und den sanften H\u00fcgeln an der Nordseite der Insel \u00fcberwacht werden kann.<\/p><\/div><\/div><div class='clear_column'><\/div><div class='content-column one_half'><div style=\"padding-right:6px;\"><p>Za ovu gradinu imamo i povijesno svjedo\u010danstvo (Diodor Sicilski, 1. st. pr. Kr.) koje datira iz najranijih dana osnutka Grada. On spominje: \u201eZa to vrijeme (384. pr. Kr.) su Parani koji su naselili Faros dopustili barbarima na otoku da nesmetano ostanu <em>na veoma utvr\u0111enom mjestu, <\/em>dok su oni utemeljili grad kraj mora i obzidali ga\u201c. Navedeni polo\u017eaj mo\u017ee nam dati naslutiti karakter ove gradine. Ona je slu\u017eila kao strate\u0161ka osmatra\u010dnica koja je bdjela nad sigurno\u0161\u0107u Grada od prapovijesti do po\u010detka srednjeg vijeka ili je imala karakter nekakvog kultnog mjesta na tom istaknutom i dobro \u0161ti\u0107enom polo\u017eaju.<\/p><\/div><\/div><div class='content-column one_half last_column'><div style=\"padding-right:0px;padding-left:6px;\"><p>F\u00fcr diesen Ort haben wir historische Beweise (Diodor, 1. Jh. v. Chr.), die bis zu den fr\u00fchesten Tagen der Gr\u00fcndung der Festung zur\u00fcck gehen. Er sagte: &#8222;W\u00e4hrend dieser Zeit (384 v. Chr.) erlaubten Paraner die Faros besiedelten, Fremden ungest\u00f6rten Aufenthalt auf der Insel an einem stark befestigten Ort, w\u00e4hrend sie eine Stadt am Meer gr\u00fcndeten und sie mit Mauern umgaben.&#8220; Dieser Bericht kann uns einen Hinweis auf die Art dieser Festung geben. Sie diente als strategischer Beobachtungspunkt, wachte \u00fcber die Sicherheit der Stadt von der Vorgeschichte bis zum Beginn des Mittelalters und hatte den Charakter eine Art Kultst\u00e4tte an dieser prominenten und gut gesch\u00fctzten Stelle.<\/p><\/div><\/div><div class='clear_column'><\/div><div class='content-column one_half'><div style=\"padding-right:6px;\"><p>Ono \u0161to plijeni pozornost posjetioca je svakako zapadni zid gradine koji je gra\u0111en u tehnici megalitskih bedema. Ovo je ra\u0161ireni tip gr\u010dke gradnje i potje\u010de vjerojatno iz 4. st. pr. Kr.<\/p><\/div><\/div><div class='content-column one_half last_column'><div style=\"padding-right:0px;padding-left:6px;\"><p>Die Aufmerksamkeit der Besucher zieht insbesondere die Westwand auf sich, die in megalithischer Mauertechnik errichtet wurde. Die ist eine weit verbreitete griechische Baumethode und stammt vermutlich aus dem 4. Jh. v. Chr.<\/p><\/div><\/div><div class='clear_column'><\/div><\/p>\n<hr \/>\n<div class='content-column one_half'><div style=\"padding-right:6px;\"><p>1 PURKIN KUK \u2013 prapovijesna gradina (1. tisu\u0107lje\u0107e prije Krista) koja slu\u017ei kao osmatra\u010dnica i za obranu sve do srednjega vijeka. Na zapadne strane su megalitski bedemi iz 4. stolje\u0107a prije Krista.<\/p><\/div><\/div><div class='content-column one_half last_column'><div style=\"padding-right:0px;padding-left:6px;\"><p>1 PURKIN KUK \u2013 pr\u00e4historische Ruine (1. Jahrtausend vor Christus). Der Bau diente bis zum Mittelalter als Aussichtspunkt f\u00fcr die Verteidigung. An der Westseite finden sich megalithischen Mauern aus dem 4. Jahrhundert vor Christus.<\/p><\/div><\/div><div class='clear_column'><\/div><div class='content-column one_half'><div style=\"padding-right:6px;\"><p>2\u00a0 KUPINOVIK \u2013 rimski gospodarsko-ladanjski objekt (villa rusticae) iz 1.\/2. Stolje\u0107a poslije Krista s ostacima pre\u0161a za vino i ulje.<\/p><\/div><\/div><div class='content-column one_half last_column'><div style=\"padding-right:0px;padding-left:6px;\"><p>2\u00a0 KUPINOVIK \u2013 r\u00f6misches Landgut (villa rustica) aus dem 1. \/ 2 Jh. n. Chr. mit den Resten von Wein- und \u00d6lpressen.<\/p><\/div><\/div><div class='clear_column'><\/div><div class='content-column one_half'><div style=\"padding-right:6px;\"><p>3\u00a0 MASLINOVIK \u2013 gr\u010dka kula iz 4. Stolje\u0107a prije Krista koja je slu\u017eila kao osmatra\u010dnica za obranu Farosa i polja.<\/p><\/div><\/div><div class='content-column one_half last_column'><div style=\"padding-right:0px;padding-left:6px;\"><p>3\u00a0 MASLINOVIK \u2013 griechischer Turm aus dem 4. Jh. v. Chr., der als Wachturm f\u00fcr die Verteidigung von Pharos und des Stari Grader Feldes diente.<\/p><\/div><\/div><div class='clear_column'><\/div><div class='content-column one_half'><div style=\"padding-right:6px;\"><p>4\u00a0 HUM \u2013 SV. VID &#8211; prapovijesna gradina (1. tisu\u0107lje\u0107e prije Krista) i predromani\u010dka crkvica sv. Vida iz 10.-12. stolje\u0107a.<\/p><\/div><\/div><div class='content-column one_half last_column'><div style=\"padding-right:0px;padding-left:6px;\"><p>4\u00a0 HUM \u2013 SV. VID &#8211; pr\u00e4historischen Ruinen (1. Jahrtausend vor Christus) und Ruine der vorromanischen Kirche des hl. Vitus aus den 10.-12. Jahrhundert.<\/p><\/div><\/div><div class='clear_column'><\/div><\/p>\n<hr \/>\n<p><strong>Linkovi \/ Links<\/strong><\/p>\n<p><span style=\"color: #3366ff;\"><a style=\"color: #3366ff;\" href=\"https:\/\/www.topohvar.at\/topo\/orte\/sg\/sg-po-05-2\/\">Prapovijesna lokalitet \u00bbPurkin Kuk\u00ab \/ Vorgeschichticher Ort Purkin Kuk<\/a>\u00a0<\/span><\/p>\n","protected":false},"excerpt":{"rendered":"<p>Ime \/ Name Informativna plo\u010da \u00bbPurkin kuk\u00ab \/ Infotafel \u00bbPurkin kuk\u00ab Code: DO-IP-04\u00a0 \u00a0 \u00a0 \u00a0 \u00a0 \u00a0 \u00a0 \u00a0 \u00a0 \u00a0 \u00a0 \u00a0 \u00a0 \u00a0 \u00a0 \u00a0 \u00a0 \u00a0\u00a0 \u00a0 Adresa \/ Adresse Dol &#8211; Sv. Marije, Purkin kuk &hellip; <a href=\"https:\/\/www.topohvar.at\/topo\/orte\/do\/do-ip-04-2\/\">Weiterlesen <span class=\"meta-nav\">&rarr;<\/span><\/a><\/p>\n","protected":false},"author":1,"featured_media":0,"parent":68,"menu_order":0,"comment_status":"closed","ping_status":"closed","template":"","meta":{"footnotes":""},"class_list":["post-2978","page","type-page","status-publish","hentry"],"_links":{"self":[{"href":"https:\/\/www.topohvar.at\/topo\/wp-json\/wp\/v2\/pages\/2978","targetHints":{"allow":["GET"]}}],"collection":[{"href":"https:\/\/www.topohvar.at\/topo\/wp-json\/wp\/v2\/pages"}],"about":[{"href":"https:\/\/www.topohvar.at\/topo\/wp-json\/wp\/v2\/types\/page"}],"author":[{"embeddable":true,"href":"https:\/\/www.topohvar.at\/topo\/wp-json\/wp\/v2\/users\/1"}],"replies":[{"embeddable":true,"href":"https:\/\/www.topohvar.at\/topo\/wp-json\/wp\/v2\/comments?post=2978"}],"version-history":[{"count":17,"href":"https:\/\/www.topohvar.at\/topo\/wp-json\/wp\/v2\/pages\/2978\/revisions"}],"predecessor-version":[{"id":33701,"href":"https:\/\/www.topohvar.at\/topo\/wp-json\/wp\/v2\/pages\/2978\/revisions\/33701"}],"up":[{"embeddable":true,"href":"https:\/\/www.topohvar.at\/topo\/wp-json\/wp\/v2\/pages\/68"}],"wp:attachment":[{"href":"https:\/\/www.topohvar.at\/topo\/wp-json\/wp\/v2\/media?parent=2978"}],"curies":[{"name":"wp","href":"https:\/\/api.w.org\/{rel}","templated":true}]}}

DOL &#8211; Informativna ploča »Purkin kuk«

<p><strong><img loading="lazy" decoding="async" class="alignnone size-large wp-image-2989" src="https://www.topohvar.at/wp-content/uploads/2018/08/DO-IP-04-1-1024x503.jpg" alt="" width="640" height="314" srcset="https://www.topohvar.at/wp-content/uploads/2018/08/DO-IP-04-1-1024x503.jpg 1024w, https://www.topohvar.at/wp-content/uploads/2018/08/DO-IP-04-1-300x147.jpg 300w, https://www.topohvar.at/wp-content/uploads/2018/08/DO-IP-04-1-768x377.jpg 768w" sizes="auto, (max-width: 640px) 100vw, 640px" /></strong></p>
<p><strong>Ime / Name<br />
</strong>Informativna ploča »Purkin kuk« / Infotafel »Purkin kuk«</p>
<p><strong>Code: </strong>DO-IP-04                                    <strong><a href="https://www.topohvar.at/orte/do/do-ip-03-2/"><img loading="lazy" decoding="async" class="alignnone wp-image-533 size-full" src="https://www.topohvar.at/wp-content/uploads/2018/07/push-l-30.jpg" alt="" width="61" height="30" /></a> <a href="https://www.topohvar.at/orte/do/"><img loading="lazy" decoding="async" class="alignnone wp-image-535 size-full" src="https://www.topohvar.at/wp-content/uploads/2018/07/push-o-30.jpg" alt="" width="61" height="30" /></a> <a href="https://www.topohvar.at/orte/do/do-ip-01-2/"><img loading="lazy" decoding="async" class="alignnone wp-image-536 size-full" src="https://www.topohvar.at/wp-content/uploads/2018/07/push-r-30.jpg" alt="" width="61" height="30" /></a> <a href="https://www.topohvar.at/orte/do/do-is-01-2/"><img loading="lazy" decoding="async" class="alignnone wp-image-12299 size-full" src="https://www.topohvar.at/wp-content/uploads/2018/09/push-next-30.jpg" alt="" width="61" height="30" /></a></strong></p>
<hr />
<p><strong>Adresa / Adresse<br />
</strong>Dol &#8211; Sv. Marije, Purkin kuk</p>
<p><strong>Lokalna položaj / Position<a href="https://goo.gl/maps/NXc4LcY81h2hvHMZ9"><img loading="lazy" decoding="async" class="alignright wp-image-2995" src="https://www.topohvar.at/wp-content/uploads/2018/08/1024.jpg" alt="" width="134" height="100" /></a><br />
</strong><span style="color: #3366ff;"><a style="color: #3366ff;" href="https://goo.gl/maps/NXc4LcY81h2hvHMZ9">Latitude: N 43,17018°   Longitude: E 16,60282°</a> </span><strong><br />
</strong>Visina / Höhe: 265 m</p>
<p><strong>Zemljište / Grundstücke<br />
</strong>681/7<div class='content-column one_half'><div style="padding-right:6px;"><p><strong>Datum snimanja / Erfassungsdatum<br />
</strong>14.05.2012 16:55:00</p>
<hr />
<p><strong>Informacije</strong></p>
<p>Lokalitet Purkin Kuk je jedan od najvećih i najznačajnijih prapovijesnih gradina na otoku Hvaru uopće. Smješten je na brdu iznad samoga Grada i to na položaju od kuda se mogla nadzirati čitava uvala ali i polje koje je položeno između ovog brda, Budinjac, i blaga uzvisine na sjevernoj strani otoka.</p></div></div><div class='content-column one_half last_column'><div style="padding-right:0px;padding-left:6px;"><p><strong>Zaštitni položaj / Schutzstellung<br />
</strong>&#8211;</p>
<hr />
<p><strong>Info</strong></p>
<p>Purkin Kuk ist eine der größten und bedeutendsten prähistorischen Stätten auf der Insel Hvar. Der Platz befindet sich auf einem Hügel über Stari Grad an der Stelle, von wo aus die ganze Bucht, sowie die Ebene zwischen dem Hügel <em>Budinjac</em> und den sanften Hügeln an der Nordseite der Insel überwacht werden kann.</p></div></div><div class='clear_column'></div><div class='content-column one_half'><div style="padding-right:6px;"><p>Za ovu gradinu imamo i povijesno svjedočanstvo (Diodor Sicilski, 1. st. pr. Kr.) koje datira iz najranijih dana osnutka Grada. On spominje: „Za to vrijeme (384. pr. Kr.) su Parani koji su naselili Faros dopustili barbarima na otoku da nesmetano ostanu <em>na veoma utvrđenom mjestu, </em>dok su oni utemeljili grad kraj mora i obzidali ga“. Navedeni položaj može nam dati naslutiti karakter ove gradine. Ona je služila kao strateška osmatračnica koja je bdjela nad sigurnošću Grada od prapovijesti do početka srednjeg vijeka ili je imala karakter nekakvog kultnog mjesta na tom istaknutom i dobro štićenom položaju.</p></div></div><div class='content-column one_half last_column'><div style="padding-right:0px;padding-left:6px;"><p>Für diesen Ort haben wir historische Beweise (Diodor, 1. Jh. v. Chr.), die bis zu den frühesten Tagen der Gründung der Festung zurück gehen. Er sagte: &#8222;Während dieser Zeit (384 v. Chr.) erlaubten Paraner die Faros besiedelten, Fremden ungestörten Aufenthalt auf der Insel an einem stark befestigten Ort, während sie eine Stadt am Meer gründeten und sie mit Mauern umgaben.&#8220; Dieser Bericht kann uns einen Hinweis auf die Art dieser Festung geben. Sie diente als strategischer Beobachtungspunkt, wachte über die Sicherheit der Stadt von der Vorgeschichte bis zum Beginn des Mittelalters und hatte den Charakter eine Art Kultstätte an dieser prominenten und gut geschützten Stelle.</p></div></div><div class='clear_column'></div><div class='content-column one_half'><div style="padding-right:6px;"><p>Ono što plijeni pozornost posjetioca je svakako zapadni zid gradine koji je građen u tehnici megalitskih bedema. Ovo je rašireni tip grčke gradnje i potječe vjerojatno iz 4. st. pr. Kr.</p></div></div><div class='content-column one_half last_column'><div style="padding-right:0px;padding-left:6px;"><p>Die Aufmerksamkeit der Besucher zieht insbesondere die Westwand auf sich, die in megalithischer Mauertechnik errichtet wurde. Die ist eine weit verbreitete griechische Baumethode und stammt vermutlich aus dem 4. Jh. v. Chr.</p></div></div><div class='clear_column'></div></p>
<hr />
<div class='content-column one_half'><div style="padding-right:6px;"><p>1 PURKIN KUK – prapovijesna gradina (1. tisućljeće prije Krista) koja služi kao osmatračnica i za obranu sve do srednjega vijeka. Na zapadne strane su megalitski bedemi iz 4. stoljeća prije Krista.</p></div></div><div class='content-column one_half last_column'><div style="padding-right:0px;padding-left:6px;"><p>1 PURKIN KUK – prähistorische Ruine (1. Jahrtausend vor Christus). Der Bau diente bis zum Mittelalter als Aussichtspunkt für die Verteidigung. An der Westseite finden sich megalithischen Mauern aus dem 4. Jahrhundert vor Christus.</p></div></div><div class='clear_column'></div><div class='content-column one_half'><div style="padding-right:6px;"><p>2  KUPINOVIK – rimski gospodarsko-ladanjski objekt (villa rusticae) iz 1./2. Stoljeća poslije Krista s ostacima preša za vino i ulje.</p></div></div><div class='content-column one_half last_column'><div style="padding-right:0px;padding-left:6px;"><p>2  KUPINOVIK – römisches Landgut (villa rustica) aus dem 1. / 2 Jh. n. Chr. mit den Resten von Wein- und Ölpressen.</p></div></div><div class='clear_column'></div><div class='content-column one_half'><div style="padding-right:6px;"><p>3  MASLINOVIK – grčka kula iz 4. Stoljeća prije Krista koja je služila kao osmatračnica za obranu Farosa i polja.</p></div></div><div class='content-column one_half last_column'><div style="padding-right:0px;padding-left:6px;"><p>3  MASLINOVIK – griechischer Turm aus dem 4. Jh. v. Chr., der als Wachturm für die Verteidigung von Pharos und des Stari Grader Feldes diente.</p></div></div><div class='clear_column'></div><div class='content-column one_half'><div style="padding-right:6px;"><p>4  HUM – SV. VID &#8211; prapovijesna gradina (1. tisućljeće prije Krista) i predromanička crkvica sv. Vida iz 10.-12. stoljeća.</p></div></div><div class='content-column one_half last_column'><div style="padding-right:0px;padding-left:6px;"><p>4  HUM – SV. VID &#8211; prähistorischen Ruinen (1. Jahrtausend vor Christus) und Ruine der vorromanischen Kirche des hl. Vitus aus den 10.-12. Jahrhundert.</p></div></div><div class='clear_column'></div></p>
<hr />
<p><strong>Linkovi / Links</strong></p>
<p><span style="color: #3366ff;"><a style="color: #3366ff;" href="https://www.topohvar.at/topo/orte/sg/sg-po-05-2/">Prapovijesna lokalitet »Purkin Kuk« / Vorgeschichticher Ort Purkin Kuk</a> </span></p>

<p>Ime / Name Informativna ploča »Purkin kuk« / Infotafel »Purkin kuk« Code: DO-IP-04                                       Adresa / Adresse Dol &#8211; Sv. Marije, Purkin kuk &hellip; <a href="https://www.topohvar.at/topo/orte/do/do-ip-04-2/">Weiterlesen <span class="meta-nav">&rarr;</span></a></p>
