{"id":3138,"date":"2018-08-05T19:16:39","date_gmt":"2018-08-05T17:16:39","guid":{"rendered":"https:\/\/www.topohvar.at\/?page_id=3138"},"modified":"2026-04-23T18:46:59","modified_gmt":"2026-04-23T16:46:59","slug":"sg-is-01-2","status":"publish","type":"page","link":"https:\/\/www.topohvar.at\/topo\/orte\/sg\/sg-is-01-2\/","title":{"rendered":"STARI GRAD &#8211; Spomen plo\u010da \u00bbPetar Jelu\u0161i\u0107\u00ab"},"content":{"rendered":"<p><a name=\"seite_oben\"><\/a><br \/>\n<img loading=\"lazy\" decoding=\"async\" class=\"alignnone wp-image-3087 size-large\" src=\"https:\/\/www.topohvar.at\/wp-content\/uploads\/2018\/08\/SG-IS-01-1-1024x503.jpg\" alt=\"\" width=\"640\" height=\"314\" srcset=\"https:\/\/www.topohvar.at\/wp-content\/uploads\/2018\/08\/SG-IS-01-1-1024x503.jpg 1024w, https:\/\/www.topohvar.at\/wp-content\/uploads\/2018\/08\/SG-IS-01-1-300x147.jpg 300w, https:\/\/www.topohvar.at\/wp-content\/uploads\/2018\/08\/SG-IS-01-1-768x377.jpg 768w\" sizes=\"auto, (max-width: 640px) 100vw, 640px\" \/><\/p>\n<p><strong>Ime \/ Name<br \/>\n<\/strong>Spomen plo\u010da \u00bbPetar Jelu\u0161i\u0107\u00ab\/ Gedenktafel des Peter Jelu\u0161i\u0107<\/p>\n<p><strong>Code: <\/strong>SG-IS-01\u00a0 \u00a0 \u00a0 \u00a0 \u00a0 \u00a0 \u00a0 \u00a0 \u00a0 \u00a0 \u00a0 \u00a0 \u00a0 \u00a0 \u00a0 \u00a0 \u00a0 \u00a0\u00a0<strong><a href=\"https:\/\/www.topohvar.at\/orte\/sg\/sg-ip-01-2\/\"><img loading=\"lazy\" decoding=\"async\" class=\"alignnone wp-image-12300 size-full\" src=\"https:\/\/www.topohvar.at\/wp-content\/uploads\/2018\/09\/push-vor-30.jpg\" alt=\"\" width=\"61\" height=\"30\" \/><\/a>\u00a0<a href=\"https:\/\/www.topohvar.at\/orte\/sg\/sg-is-23-2\/\"><img loading=\"lazy\" decoding=\"async\" class=\"alignnone wp-image-533 size-full\" src=\"https:\/\/www.topohvar.at\/wp-content\/uploads\/2018\/07\/push-l-30.jpg\" alt=\"\" width=\"61\" height=\"30\" \/><\/a> <a href=\"https:\/\/www.topohvar.at\/orte\/sg\/\"><img loading=\"lazy\" decoding=\"async\" class=\"alignnone wp-image-535 size-full\" src=\"https:\/\/www.topohvar.at\/wp-content\/uploads\/2018\/07\/push-o-30.jpg\" alt=\"\" width=\"61\" height=\"30\" \/><\/a> <a href=\"https:\/\/www.topohvar.at\/orte\/sg\/sg-is-61-1\/\"><img loading=\"lazy\" decoding=\"async\" class=\"alignnone wp-image-536 size-full\" src=\"https:\/\/www.topohvar.at\/wp-content\/uploads\/2018\/07\/push-r-30.jpg\" alt=\"\" width=\"61\" height=\"30\" \/><\/a><\/strong><\/p>\n<hr \/>\n<p><strong>Adresa \/ Adresse<br \/>\n<\/strong>Stari Grad, Novo Riva 3, gradska vije\u0107nica \/ Rathaus<\/p>\n<p><strong>Lokacija \/ Position<a href=\"https:\/\/goo.gl\/maps\/CxCpWZ6DmorMEGnRA\"><img loading=\"lazy\" decoding=\"async\" class=\"alignright wp-image-2551\" src=\"https:\/\/www.topohvar.at\/wp-content\/uploads\/2018\/08\/0573.jpg\" alt=\"\" width=\"133\" height=\"100\" \/><\/a><br \/>\n<\/strong><span style=\"color: #3366ff;\"><a style=\"color: #3366ff;\" href=\"https:\/\/goo.gl\/maps\/CxCpWZ6DmorMEGnRA\">Latitude: N 43,18382\u00b0\u00a0 \u00a0Longitude: E 16,59462\u00b0<\/a> <\/span><strong><br \/>\n<\/strong>Visina \/ H\u00f6he: 1 m<\/p>\n<p><strong>Katastarska \u010destica \/ Grundst\u00fccke<br \/>\n<\/strong>*1250<div class='content-column one_half'><div style=\"padding-right:6px;\"><p><strong>Datum snimanja \/ Erfassungsdatum<br \/>\n<\/strong>06.05.2014 13:58:00<\/p>\n<hr \/>\n<p><strong>Informacije<\/strong><\/p>\n<p>Nalazi se na zgradi biv\u0161e op\u0107ine, sada Mjesna zajednica, na obali. Spomen plo\u010da od bijelog mramora na uspomenu demonstracija omladine 1928. godine u Starom Gradu, kada je bio ubijen omladinac Jelu\u0161i\u0107 Petar.<\/p><\/div><\/div><div class='content-column one_half last_column'><div style=\"padding-right:0px;padding-left:6px;\"><p><strong>Stupanj za\u0161tite \/ Schutzstellung<br \/>\n<\/strong>&#8211;<\/p>\n<hr \/>\n<p><strong>Info<\/strong><\/p>\n<p>Die Tafel befindet sich auf dem ehemaligen Gemeindamt, dem jetzigen Rathaus, am Nova Riva. Die Gedenktafel aus wei\u00dfem Marmor erinnert an die Jugenddemonstrationen im Jahr 1928 in Stari Grad, wo er Jugendliche Peter Jelu\u0161i\u0107 get\u00f6tet wurde.<\/p><\/div><\/div><div class='clear_column'><\/div><div class='content-column one_half'><div style=\"padding-right:6px;\"><p>Natpis:<\/p>\n<p style=\"text-align: center;\">NA OVO MJESTU 1928. GOD.<br \/>\nMU\u010cKI JE UBIJEN<br \/>\nOD \u017dANDARSKE RUKE<br \/>\nOMLADINAC<br \/>\n<strong>JELU\u0160I\u0106 PETAR<br \/>\n<\/strong>ODBOR ZA NJEGOVANJE TRADICIJA NOR-a<br \/>\nSTARI GRAD, 1978<\/p>\n<p>Spomen plo\u010du postavio je Odbor za njegovanje revolucionarnih tradicija NOR-a dru\u0161tveno-politi\u010dkih organizacija Stari Grad, 1979. godine.<\/p><\/div><\/div><div class='content-column one_half last_column'><div style=\"padding-right:0px;padding-left:6px;\"><p>Inschrift:<\/p>\n<p style=\"text-align: center;\">An dieser Stelle wurde im Jahr 1928<br \/>\ndurch Gendarmen\u00b4s H\u00e4nde<br \/>\nder Jugendliche<br \/>\n<strong>Jelu\u0161i\u0107 Petar\u00a0<\/strong><br \/>\nget\u00f6tet.<br \/>\nAusschuss zur Traditionsf\u00f6rderung des<br \/>\nNationalen Befreiungskrieges, Stari Grad 1978<\/p>\n<p>Die Gedenktafel wurde vom Ausschuss f\u00fcr die F\u00f6rderung der revolution\u00e4ren Traditionen des nationalen Befreiungskampfes der sozialpolitischen Organisation Stari Grad im Jahre 1979 errichtet.<\/p><\/div><\/div><div class='clear_column'><\/div><\/p>\n<p style=\"text-align: right;\"><a href=\"#seite_oben\">natrag na vrh \/ Seitenanfang<\/a><\/p>\n<hr \/>\n<p><strong>Linkovi \/ Links<\/strong><\/p>\n<p><span style=\"color: #3366ff;\"><a style=\"color: #3366ff;\" href=\"https:\/\/www.topohvar.at\/topo\/orte\/sg\/sg-tg-26-1\/\">Gradska vije\u0107nica \/ Rathaus<\/a><\/span><\/p>\n","protected":false},"excerpt":{"rendered":"<p>Ime \/ Name Spomen plo\u010da \u00bbPetar Jelu\u0161i\u0107\u00ab\/ Gedenktafel des Peter Jelu\u0161i\u0107 Code: SG-IS-01\u00a0 \u00a0 \u00a0 \u00a0 \u00a0 \u00a0 \u00a0 \u00a0 \u00a0 \u00a0 \u00a0 \u00a0 \u00a0 \u00a0 \u00a0 \u00a0 \u00a0 \u00a0\u00a0\u00a0 Adresa \/ Adresse Stari Grad, Novo Riva 3, gradska vije\u0107nica &hellip; <a href=\"https:\/\/www.topohvar.at\/topo\/orte\/sg\/sg-is-01-2\/\">Weiterlesen <span class=\"meta-nav\">&rarr;<\/span><\/a><\/p>\n","protected":false},"author":1,"featured_media":0,"parent":99,"menu_order":0,"comment_status":"closed","ping_status":"closed","template":"","meta":{"footnotes":""},"class_list":["post-3138","page","type-page","status-publish","hentry"],"_links":{"self":[{"href":"https:\/\/www.topohvar.at\/topo\/wp-json\/wp\/v2\/pages\/3138","targetHints":{"allow":["GET"]}}],"collection":[{"href":"https:\/\/www.topohvar.at\/topo\/wp-json\/wp\/v2\/pages"}],"about":[{"href":"https:\/\/www.topohvar.at\/topo\/wp-json\/wp\/v2\/types\/page"}],"author":[{"embeddable":true,"href":"https:\/\/www.topohvar.at\/topo\/wp-json\/wp\/v2\/users\/1"}],"replies":[{"embeddable":true,"href":"https:\/\/www.topohvar.at\/topo\/wp-json\/wp\/v2\/comments?post=3138"}],"version-history":[{"count":15,"href":"https:\/\/www.topohvar.at\/topo\/wp-json\/wp\/v2\/pages\/3138\/revisions"}],"predecessor-version":[{"id":74444,"href":"https:\/\/www.topohvar.at\/topo\/wp-json\/wp\/v2\/pages\/3138\/revisions\/74444"}],"up":[{"embeddable":true,"href":"https:\/\/www.topohvar.at\/topo\/wp-json\/wp\/v2\/pages\/99"}],"wp:attachment":[{"href":"https:\/\/www.topohvar.at\/topo\/wp-json\/wp\/v2\/media?parent=3138"}],"curies":[{"name":"wp","href":"https:\/\/api.w.org\/{rel}","templated":true}]}}

STARI GRAD &#8211; Spomen ploča »Petar Jelušić«

<p><a name="seite_oben"></a><br />
<img loading="lazy" decoding="async" class="alignnone wp-image-3087 size-large" src="https://www.topohvar.at/wp-content/uploads/2018/08/SG-IS-01-1-1024x503.jpg" alt="" width="640" height="314" srcset="https://www.topohvar.at/wp-content/uploads/2018/08/SG-IS-01-1-1024x503.jpg 1024w, https://www.topohvar.at/wp-content/uploads/2018/08/SG-IS-01-1-300x147.jpg 300w, https://www.topohvar.at/wp-content/uploads/2018/08/SG-IS-01-1-768x377.jpg 768w" sizes="auto, (max-width: 640px) 100vw, 640px" /></p>
<p><strong>Ime / Name<br />
</strong>Spomen ploča »Petar Jelušić«/ Gedenktafel des Peter Jelušić</p>
<p><strong>Code: </strong>SG-IS-01                                    <strong><a href="https://www.topohvar.at/orte/sg/sg-ip-01-2/"><img loading="lazy" decoding="async" class="alignnone wp-image-12300 size-full" src="https://www.topohvar.at/wp-content/uploads/2018/09/push-vor-30.jpg" alt="" width="61" height="30" /></a> <a href="https://www.topohvar.at/orte/sg/sg-is-23-2/"><img loading="lazy" decoding="async" class="alignnone wp-image-533 size-full" src="https://www.topohvar.at/wp-content/uploads/2018/07/push-l-30.jpg" alt="" width="61" height="30" /></a> <a href="https://www.topohvar.at/orte/sg/"><img loading="lazy" decoding="async" class="alignnone wp-image-535 size-full" src="https://www.topohvar.at/wp-content/uploads/2018/07/push-o-30.jpg" alt="" width="61" height="30" /></a> <a href="https://www.topohvar.at/orte/sg/sg-is-61-1/"><img loading="lazy" decoding="async" class="alignnone wp-image-536 size-full" src="https://www.topohvar.at/wp-content/uploads/2018/07/push-r-30.jpg" alt="" width="61" height="30" /></a></strong></p>
<hr />
<p><strong>Adresa / Adresse<br />
</strong>Stari Grad, Novo Riva 3, gradska vijećnica / Rathaus</p>
<p><strong>Lokacija / Position<a href="https://goo.gl/maps/CxCpWZ6DmorMEGnRA"><img loading="lazy" decoding="async" class="alignright wp-image-2551" src="https://www.topohvar.at/wp-content/uploads/2018/08/0573.jpg" alt="" width="133" height="100" /></a><br />
</strong><span style="color: #3366ff;"><a style="color: #3366ff;" href="https://goo.gl/maps/CxCpWZ6DmorMEGnRA">Latitude: N 43,18382°   Longitude: E 16,59462°</a> </span><strong><br />
</strong>Visina / Höhe: 1 m</p>
<p><strong>Katastarska čestica / Grundstücke<br />
</strong>*1250<div class='content-column one_half'><div style="padding-right:6px;"><p><strong>Datum snimanja / Erfassungsdatum<br />
</strong>06.05.2014 13:58:00</p>
<hr />
<p><strong>Informacije</strong></p>
<p>Nalazi se na zgradi bivše općine, sada Mjesna zajednica, na obali. Spomen ploča od bijelog mramora na uspomenu demonstracija omladine 1928. godine u Starom Gradu, kada je bio ubijen omladinac Jelušić Petar.</p></div></div><div class='content-column one_half last_column'><div style="padding-right:0px;padding-left:6px;"><p><strong>Stupanj zaštite / Schutzstellung<br />
</strong>&#8211;</p>
<hr />
<p><strong>Info</strong></p>
<p>Die Tafel befindet sich auf dem ehemaligen Gemeindamt, dem jetzigen Rathaus, am Nova Riva. Die Gedenktafel aus weißem Marmor erinnert an die Jugenddemonstrationen im Jahr 1928 in Stari Grad, wo er Jugendliche Peter Jelušić getötet wurde.</p></div></div><div class='clear_column'></div><div class='content-column one_half'><div style="padding-right:6px;"><p>Natpis:</p>
<p style="text-align: center;">NA OVO MJESTU 1928. GOD.<br />
MUČKI JE UBIJEN<br />
OD ŽANDARSKE RUKE<br />
OMLADINAC<br />
<strong>JELUŠIĆ PETAR<br />
</strong>ODBOR ZA NJEGOVANJE TRADICIJA NOR-a<br />
STARI GRAD, 1978</p>
<p>Spomen ploču postavio je Odbor za njegovanje revolucionarnih tradicija NOR-a društveno-političkih organizacija Stari Grad, 1979. godine.</p></div></div><div class='content-column one_half last_column'><div style="padding-right:0px;padding-left:6px;"><p>Inschrift:</p>
<p style="text-align: center;">An dieser Stelle wurde im Jahr 1928<br />
durch Gendarmen´s Hände<br />
der Jugendliche<br />
<strong>Jelušić Petar </strong><br />
getötet.<br />
Ausschuss zur Traditionsförderung des<br />
Nationalen Befreiungskrieges, Stari Grad 1978</p>
<p>Die Gedenktafel wurde vom Ausschuss für die Förderung der revolutionären Traditionen des nationalen Befreiungskampfes der sozialpolitischen Organisation Stari Grad im Jahre 1979 errichtet.</p></div></div><div class='clear_column'></div></p>
<p style="text-align: right;"><a href="#seite_oben">natrag na vrh / Seitenanfang</a></p>
<hr />
<p><strong>Linkovi / Links</strong></p>
<p><span style="color: #3366ff;"><a style="color: #3366ff;" href="https://www.topohvar.at/topo/orte/sg/sg-tg-26-1/">Gradska vijećnica / Rathaus</a></span></p>

<p>Ime / Name Spomen ploča »Petar Jelušić«/ Gedenktafel des Peter Jelušić Code: SG-IS-01                                      Adresa / Adresse Stari Grad, Novo Riva 3, gradska vijećnica &hellip; <a href="https://www.topohvar.at/topo/orte/sg/sg-is-01-2/">Weiterlesen <span class="meta-nav">&rarr;</span></a></p>
