{"id":3149,"date":"2018-08-05T19:22:07","date_gmt":"2018-08-05T17:22:07","guid":{"rendered":"https:\/\/www.topohvar.at\/?page_id=3149"},"modified":"2021-04-18T08:24:42","modified_gmt":"2021-04-18T06:24:42","slug":"sg-is-05-2","status":"publish","type":"page","link":"https:\/\/www.topohvar.at\/topo\/orte\/sg\/sg-is-05-2\/","title":{"rendered":"STARI GRAD &#8211; Spomen plo\u010da \u00bbRodna ku\u0107a Jordan Mihovila Zaninovi\u0107a\u00ab"},"content":{"rendered":"<p><a name=\"seite_oben\"><\/a><br \/>\n<img loading=\"lazy\" decoding=\"async\" class=\"alignnone wp-image-3091 size-large\" src=\"https:\/\/www.topohvar.at\/wp-content\/uploads\/2018\/08\/SG-IS-05-1-1024x503.jpg\" alt=\"\" width=\"640\" height=\"314\" srcset=\"https:\/\/www.topohvar.at\/wp-content\/uploads\/2018\/08\/SG-IS-05-1-1024x503.jpg 1024w, https:\/\/www.topohvar.at\/wp-content\/uploads\/2018\/08\/SG-IS-05-1-300x147.jpg 300w, https:\/\/www.topohvar.at\/wp-content\/uploads\/2018\/08\/SG-IS-05-1-768x377.jpg 768w\" sizes=\"auto, (max-width: 640px) 100vw, 640px\" \/><\/p>\n<p><strong>Ime \/ Name<br \/>\n<\/strong>Spomen plo\u010da \u00bbRodna ku\u0107a Jordan Mihovila Zaninovi\u0107a\u00ab \/ Gedenktafel am Geburtshaus des Jordan Michael Zaninovi\u0107<\/p>\n<p><strong>Code: <\/strong>SG-IS-05\u00a0 \u00a0 \u00a0 \u00a0 \u00a0 \u00a0 \u00a0 \u00a0 \u00a0 \u00a0 \u00a0 \u00a0 \u00a0 \u00a0 \u00a0 \u00a0 \u00a0 \u00a0\u00a0<strong><a href=\"https:\/\/www.topohvar.at\/orte\/sg\/sg-ip-01-2\/\"><img loading=\"lazy\" decoding=\"async\" class=\"alignnone wp-image-12300 size-full\" src=\"https:\/\/www.topohvar.at\/wp-content\/uploads\/2018\/09\/push-vor-30.jpg\" alt=\"\" width=\"61\" height=\"30\" \/><\/a>\u00a0<a href=\"https:\/\/www.topohvar.at\/orte\/sg\/sg-is-53-1\/\"><img loading=\"lazy\" decoding=\"async\" class=\"alignnone wp-image-533 size-full\" src=\"https:\/\/www.topohvar.at\/wp-content\/uploads\/2018\/07\/push-l-30.jpg\" alt=\"\" width=\"61\" height=\"30\" \/><\/a> <a href=\"https:\/\/www.topohvar.at\/orte\/sg\/\"><img loading=\"lazy\" decoding=\"async\" class=\"alignnone wp-image-535 size-full\" src=\"https:\/\/www.topohvar.at\/wp-content\/uploads\/2018\/07\/push-o-30.jpg\" alt=\"\" width=\"61\" height=\"30\" \/><\/a> <a href=\"https:\/\/www.topohvar.at\/orte\/sg\/sg-is-04-2\/\"><img loading=\"lazy\" decoding=\"async\" class=\"alignnone wp-image-536 size-full\" src=\"https:\/\/www.topohvar.at\/wp-content\/uploads\/2018\/07\/push-r-30.jpg\" alt=\"\" width=\"61\" height=\"30\" \/><\/a><\/strong><\/p>\n<hr \/>\n<p><strong>Adresa \/ Adresse<br \/>\n<\/strong>Stari Grad, Konvenat 3<\/p>\n<p><strong>Lokacija \/ Position<a href=\"https:\/\/goo.gl\/maps\/ajL8BXU6qCtvtfek6\"><img loading=\"lazy\" decoding=\"async\" class=\"alignright wp-image-3336\" src=\"https:\/\/www.topohvar.at\/wp-content\/uploads\/2018\/08\/0639.jpg\" alt=\"\" width=\"133\" height=\"100\" \/><\/a><br \/>\n<\/strong><span style=\"color: #3366ff;\"><a style=\"color: #3366ff;\" href=\"https:\/\/goo.gl\/maps\/ajL8BXU6qCtvtfek6\">Latitude: N 43,18321\u00b0\u00a0 \u00a0Longitude: E 16,59775\u00b0<\/a> <\/span><strong><br \/>\n<\/strong>Visina \/ H\u00f6he: 4 m<\/p>\n<p><strong>Katastarska \u010destica \/ Grundst\u00fccke<br \/>\n<\/strong>*378\/1<div class='content-column one_half'><div style=\"padding-right:6px;\"><p><strong>Datum snimanja \/ Erfassungsdatum<br \/>\n<\/strong>22.05.2013 15:58:46<\/p>\n<hr \/>\n<p><strong>Informacije<\/strong><\/p>\n<p>Na predjelu zv. Konvenat, otkrivena je 13.10.2007. spomen-plo\u010da na rodnoj ku\u0107i biskupu Jordanu Zaninovi\u0107u o 90. obljetnici njegove smrti. Natpis glasi:<\/p><\/div><\/div><div class='content-column one_half last_column'><div style=\"padding-right:0px;padding-left:6px;\"><p><strong>Stupanj za\u0161tite \/ Schutzstellung<br \/>\n<\/strong>&#8211;<\/p>\n<hr \/>\n<p><strong>Info<\/strong><\/p>\n<p>In der Gegend Konvenat wurde am 13. Oktober 2007 eine Gedenktafel am Geburtshaus von Bischof Jordan Zaninovi\u0107 zum 90. Todestag enth\u00fcllt. Die Inschrift lautet:<\/p><\/div><\/div><div class='clear_column'><\/div><div class='content-column one_half'><div style=\"padding-right:6px;\"><p style=\"text-align: center;\">U OVOJ KU\u0106I RODIO SE<br \/>\n<strong>JORDAN MIHOVIL ZANINOVI\u0106<\/strong><br \/>\n1840 \u2013 1917<br \/>\nDOMINIKANAC I HVARSKI BISKUP<br \/>\nPROFESOR, PJESNIK I<br \/>\nVRSTAN PROPOVJEDNIK<\/p>\n<p style=\"text-align: center;\">O 90. OBLJETNICI SMRTI POSTAVLJA<br \/>\n\u017dUPA SV. STJEPANA \u2013 STARI GRAD<\/p><\/div><\/div><div class='content-column one_half last_column'><div style=\"padding-right:0px;padding-left:6px;\"><p style=\"text-align: center;\">In diesem Haus wurde geboren<br \/>\n<strong>Jordan Mihovil Zaninovi\u0107<\/strong><br \/>\n1840 \u2013 1917<br \/>\nDominikaner und Hvarer Bischof,<br \/>\nProfessor, Dichter und<br \/>\nhervorragender Prediger<\/p>\n<p style=\"text-align: center;\">Errichtet am 90. Todestag von der<br \/>\nPfarre Sv. Stjepan \u2013 Stari Grad<\/p><\/div><\/div><div class='clear_column'><\/div><div class='content-column one_half'><div style=\"padding-right:6px;\"><p>Druga plo\u010da nalazi se u katedrali grada Hvara u blizini njegovog groba.<\/p><\/div><\/div><div class='content-column one_half last_column'><div style=\"padding-right:0px;padding-left:6px;\"><p>Eine weitere Gedenktafel befindet sich in der Kathedrale der Stadt Hvar in der N\u00e4he seines Grabes.<\/p><\/div><\/div><div class='clear_column'><\/div><\/p>\n<p style=\"text-align: right;\"><a href=\"#seite_oben\">natrag na vrh \/ Seitenanfang<\/a><\/p>\n<hr \/>\n<div class='content-column one_half'><div style=\"padding-right:6px;\"><h3><strong>Msgr. Jordan (Giordano, Mihovil) Zaninovi\u0107,<\/strong><br \/>\n<strong>biskup hvarsko-bra\u010dko-vi\u0161ki<\/strong><\/h3>\n<p>Stari Grad, 13.2.1840. &#8211; Hvar, 20.10.1917. Bio je 51. hvarski biskup od 1903. g. do 1917. g.<\/p><\/div><\/div><div class='content-column one_half last_column'><div style=\"padding-right:0px;padding-left:6px;\"><h3><strong>Msgr. Jordan (Giordano, Mihovil) Zaninovi\u0107,<\/strong><br \/>\n<strong>Bischof von Hvar-Bra\u010d-Vis<\/strong><\/h3>\n<p>Geboren in Stari Grad am 13. 2. 1840, gestorben am 20.10.1917 in Hvar. Er war von 1903 bis 1917 der 51. Bischof von Hvar<\/p><\/div><\/div><div class='clear_column'><\/div><div class='content-column one_half'><div style=\"padding-right:6px;\"><p>Ro\u0111en je 13. velja\u010de 1840. u Starom Gradu i kr\u0161ten imenom Mihovil. Otac mu je rodom iz Selaca kod Starog Grada, a mati iz Starog Grada. Kada je stupio u dominikanski red uzeo je ime Jordan. \u0160kolovan je u Splitu i u dominikanskom samostanu Santa Maria della Quercia kod Viterba u Italiji.<\/p><\/div><\/div><div class='content-column one_half last_column'><div style=\"padding-right:0px;padding-left:6px;\"><p>Er wurde am 13. Februar 1840 in Staqri Grad geboren und auf den Namen Mihovil getauft. Sein Vater stammt aus Selca in der N\u00e4he von Stari Grad, seine Mutter stammt aus Stari Grad. Als er sich dem Dominikanerorden anschloss, nahm er den Namen Jordan an. Er wurde in Split und im Dominikanerkloster Santa Maria della Quercia in der N\u00e4he von Viterbo in Italien ausgebildet.<\/p><\/div><\/div><div class='clear_column'><\/div><div class='content-column one_half'><div style=\"padding-right:6px;\"><p>Nakon zare\u0111enja za sve\u0107enika, 1863. g. dodijeljen je samostanu sv. Katarine u Splitu. U tom je samostanu ostao 40 godina. Vi\u0161e puta je biran za priora samostana sv. Dominika u Splitu. Tri mandata je obavljao du\u017enost provincijala dominikanske Provincije Dalmacije. Bio je lektor Svete teologije<\/p><\/div><\/div><div class='content-column one_half last_column'><div style=\"padding-right:0px;padding-left:6px;\"><p>Nachdem er zum Priester geweiht worden war, kam er 1863 in das Kloster St. Katharina in Split. Er blieb 40 Jahre in diesem Kloster. Er wurde wiederholt zum Prior des Klosters St. Dominica in Split gew\u00e4hlt und diente f\u00fcr drei Amtszeiten als Provinzial der Dominikanischen Provinz Dalmatien. Er war ein Korrektor der Heiligen Theologie.<\/p><\/div><\/div><div class='clear_column'><\/div><div class='content-column one_half'><div style=\"padding-right:6px;\"><p>Godine 1903. imenovan je hvarskim biskupom. Zalagao se je za hrvatski jezik u crkvi. Prvi je hvarski biskup koji je uveo propovijedanje na hrvatskom jeziku preko pontifikalne mise. Umro je 20. listopada 1917. g. i pokopan u hvarskoj katedrali.<\/p><\/div><\/div><div class='content-column one_half last_column'><div style=\"padding-right:0px;padding-left:6px;\"><p>1903 wurde er zum Bischof von Hvar ernannt. Er setzte sich f\u00fcr die kroatische Sprache in der Kirche ein und war der erste Bischof in Hvar, der das Predigen auf Kroatisch durch die Pontifikatsmesse einf\u00fchrte. Er starb am 20. Oktober 1917 und wurde in der Kathedrale von Hvar beigesetzt.<\/p><\/div><\/div><div class='clear_column'><\/div><\/p>\n<p style=\"text-align: right;\"><a href=\"#seite_oben\">natrag na vrh \/ Seitenanfang<\/a><\/p>\n<hr \/>\n<p><strong>Linkovi \/ Links<\/strong><\/p>\n<p><span style=\"color: #3366ff;\"><a style=\"color: #3366ff;\" href=\"https:\/\/www.topohvar.at\/topo\/orte\/sg\/sg-tg-19-1\/\">Rodna ku\u0107a Mihovila Zaninovi\u0107a \/ Geburtshaus des Jordan Mihovil Zaninovi\u0107<\/a><\/span><\/p>\n","protected":false},"excerpt":{"rendered":"<p>Ime \/ Name Spomen plo\u010da \u00bbRodna ku\u0107a Jordan Mihovila Zaninovi\u0107a\u00ab \/ Gedenktafel am Geburtshaus des Jordan Michael Zaninovi\u0107 Code: SG-IS-05\u00a0 \u00a0 \u00a0 \u00a0 \u00a0 \u00a0 \u00a0 \u00a0 \u00a0 \u00a0 \u00a0 \u00a0 \u00a0 \u00a0 \u00a0 \u00a0 \u00a0 \u00a0\u00a0\u00a0 Adresa \/ Adresse &hellip; <a href=\"https:\/\/www.topohvar.at\/topo\/orte\/sg\/sg-is-05-2\/\">Weiterlesen <span class=\"meta-nav\">&rarr;<\/span><\/a><\/p>\n","protected":false},"author":1,"featured_media":0,"parent":99,"menu_order":0,"comment_status":"closed","ping_status":"closed","template":"","meta":{"footnotes":""},"class_list":["post-3149","page","type-page","status-publish","hentry"],"_links":{"self":[{"href":"https:\/\/www.topohvar.at\/topo\/wp-json\/wp\/v2\/pages\/3149","targetHints":{"allow":["GET"]}}],"collection":[{"href":"https:\/\/www.topohvar.at\/topo\/wp-json\/wp\/v2\/pages"}],"about":[{"href":"https:\/\/www.topohvar.at\/topo\/wp-json\/wp\/v2\/types\/page"}],"author":[{"embeddable":true,"href":"https:\/\/www.topohvar.at\/topo\/wp-json\/wp\/v2\/users\/1"}],"replies":[{"embeddable":true,"href":"https:\/\/www.topohvar.at\/topo\/wp-json\/wp\/v2\/comments?post=3149"}],"version-history":[{"count":17,"href":"https:\/\/www.topohvar.at\/topo\/wp-json\/wp\/v2\/pages\/3149\/revisions"}],"predecessor-version":[{"id":48069,"href":"https:\/\/www.topohvar.at\/topo\/wp-json\/wp\/v2\/pages\/3149\/revisions\/48069"}],"up":[{"embeddable":true,"href":"https:\/\/www.topohvar.at\/topo\/wp-json\/wp\/v2\/pages\/99"}],"wp:attachment":[{"href":"https:\/\/www.topohvar.at\/topo\/wp-json\/wp\/v2\/media?parent=3149"}],"curies":[{"name":"wp","href":"https:\/\/api.w.org\/{rel}","templated":true}]}}

STARI GRAD &#8211; Spomen ploča »Rodna kuća Jordan Mihovila Zaninovića«

<p><a name="seite_oben"></a><br />
<img loading="lazy" decoding="async" class="alignnone wp-image-3091 size-large" src="https://www.topohvar.at/wp-content/uploads/2018/08/SG-IS-05-1-1024x503.jpg" alt="" width="640" height="314" srcset="https://www.topohvar.at/wp-content/uploads/2018/08/SG-IS-05-1-1024x503.jpg 1024w, https://www.topohvar.at/wp-content/uploads/2018/08/SG-IS-05-1-300x147.jpg 300w, https://www.topohvar.at/wp-content/uploads/2018/08/SG-IS-05-1-768x377.jpg 768w" sizes="auto, (max-width: 640px) 100vw, 640px" /></p>
<p><strong>Ime / Name<br />
</strong>Spomen ploča »Rodna kuća Jordan Mihovila Zaninovića« / Gedenktafel am Geburtshaus des Jordan Michael Zaninović</p>
<p><strong>Code: </strong>SG-IS-05                                    <strong><a href="https://www.topohvar.at/orte/sg/sg-ip-01-2/"><img loading="lazy" decoding="async" class="alignnone wp-image-12300 size-full" src="https://www.topohvar.at/wp-content/uploads/2018/09/push-vor-30.jpg" alt="" width="61" height="30" /></a> <a href="https://www.topohvar.at/orte/sg/sg-is-53-1/"><img loading="lazy" decoding="async" class="alignnone wp-image-533 size-full" src="https://www.topohvar.at/wp-content/uploads/2018/07/push-l-30.jpg" alt="" width="61" height="30" /></a> <a href="https://www.topohvar.at/orte/sg/"><img loading="lazy" decoding="async" class="alignnone wp-image-535 size-full" src="https://www.topohvar.at/wp-content/uploads/2018/07/push-o-30.jpg" alt="" width="61" height="30" /></a> <a href="https://www.topohvar.at/orte/sg/sg-is-04-2/"><img loading="lazy" decoding="async" class="alignnone wp-image-536 size-full" src="https://www.topohvar.at/wp-content/uploads/2018/07/push-r-30.jpg" alt="" width="61" height="30" /></a></strong></p>
<hr />
<p><strong>Adresa / Adresse<br />
</strong>Stari Grad, Konvenat 3</p>
<p><strong>Lokacija / Position<a href="https://goo.gl/maps/ajL8BXU6qCtvtfek6"><img loading="lazy" decoding="async" class="alignright wp-image-3336" src="https://www.topohvar.at/wp-content/uploads/2018/08/0639.jpg" alt="" width="133" height="100" /></a><br />
</strong><span style="color: #3366ff;"><a style="color: #3366ff;" href="https://goo.gl/maps/ajL8BXU6qCtvtfek6">Latitude: N 43,18321°   Longitude: E 16,59775°</a> </span><strong><br />
</strong>Visina / Höhe: 4 m</p>
<p><strong>Katastarska čestica / Grundstücke<br />
</strong>*378/1<div class='content-column one_half'><div style="padding-right:6px;"><p><strong>Datum snimanja / Erfassungsdatum<br />
</strong>22.05.2013 15:58:46</p>
<hr />
<p><strong>Informacije</strong></p>
<p>Na predjelu zv. Konvenat, otkrivena je 13.10.2007. spomen-ploča na rodnoj kući biskupu Jordanu Zaninoviću o 90. obljetnici njegove smrti. Natpis glasi:</p></div></div><div class='content-column one_half last_column'><div style="padding-right:0px;padding-left:6px;"><p><strong>Stupanj zaštite / Schutzstellung<br />
</strong>&#8211;</p>
<hr />
<p><strong>Info</strong></p>
<p>In der Gegend Konvenat wurde am 13. Oktober 2007 eine Gedenktafel am Geburtshaus von Bischof Jordan Zaninović zum 90. Todestag enthüllt. Die Inschrift lautet:</p></div></div><div class='clear_column'></div><div class='content-column one_half'><div style="padding-right:6px;"><p style="text-align: center;">U OVOJ KUĆI RODIO SE<br />
<strong>JORDAN MIHOVIL ZANINOVIĆ</strong><br />
1840 – 1917<br />
DOMINIKANAC I HVARSKI BISKUP<br />
PROFESOR, PJESNIK I<br />
VRSTAN PROPOVJEDNIK</p>
<p style="text-align: center;">O 90. OBLJETNICI SMRTI POSTAVLJA<br />
ŽUPA SV. STJEPANA – STARI GRAD</p></div></div><div class='content-column one_half last_column'><div style="padding-right:0px;padding-left:6px;"><p style="text-align: center;">In diesem Haus wurde geboren<br />
<strong>Jordan Mihovil Zaninović</strong><br />
1840 – 1917<br />
Dominikaner und Hvarer Bischof,<br />
Professor, Dichter und<br />
hervorragender Prediger</p>
<p style="text-align: center;">Errichtet am 90. Todestag von der<br />
Pfarre Sv. Stjepan – Stari Grad</p></div></div><div class='clear_column'></div><div class='content-column one_half'><div style="padding-right:6px;"><p>Druga ploča nalazi se u katedrali grada Hvara u blizini njegovog groba.</p></div></div><div class='content-column one_half last_column'><div style="padding-right:0px;padding-left:6px;"><p>Eine weitere Gedenktafel befindet sich in der Kathedrale der Stadt Hvar in der Nähe seines Grabes.</p></div></div><div class='clear_column'></div></p>
<p style="text-align: right;"><a href="#seite_oben">natrag na vrh / Seitenanfang</a></p>
<hr />
<div class='content-column one_half'><div style="padding-right:6px;"><h3><strong>Msgr. Jordan (Giordano, Mihovil) Zaninović,</strong><br />
<strong>biskup hvarsko-bračko-viški</strong></h3>
<p>Stari Grad, 13.2.1840. &#8211; Hvar, 20.10.1917. Bio je 51. hvarski biskup od 1903. g. do 1917. g.</p></div></div><div class='content-column one_half last_column'><div style="padding-right:0px;padding-left:6px;"><h3><strong>Msgr. Jordan (Giordano, Mihovil) Zaninović,</strong><br />
<strong>Bischof von Hvar-Brač-Vis</strong></h3>
<p>Geboren in Stari Grad am 13. 2. 1840, gestorben am 20.10.1917 in Hvar. Er war von 1903 bis 1917 der 51. Bischof von Hvar</p></div></div><div class='clear_column'></div><div class='content-column one_half'><div style="padding-right:6px;"><p>Rođen je 13. veljače 1840. u Starom Gradu i kršten imenom Mihovil. Otac mu je rodom iz Selaca kod Starog Grada, a mati iz Starog Grada. Kada je stupio u dominikanski red uzeo je ime Jordan. Školovan je u Splitu i u dominikanskom samostanu Santa Maria della Quercia kod Viterba u Italiji.</p></div></div><div class='content-column one_half last_column'><div style="padding-right:0px;padding-left:6px;"><p>Er wurde am 13. Februar 1840 in Staqri Grad geboren und auf den Namen Mihovil getauft. Sein Vater stammt aus Selca in der Nähe von Stari Grad, seine Mutter stammt aus Stari Grad. Als er sich dem Dominikanerorden anschloss, nahm er den Namen Jordan an. Er wurde in Split und im Dominikanerkloster Santa Maria della Quercia in der Nähe von Viterbo in Italien ausgebildet.</p></div></div><div class='clear_column'></div><div class='content-column one_half'><div style="padding-right:6px;"><p>Nakon zaređenja za svećenika, 1863. g. dodijeljen je samostanu sv. Katarine u Splitu. U tom je samostanu ostao 40 godina. Više puta je biran za priora samostana sv. Dominika u Splitu. Tri mandata je obavljao dužnost provincijala dominikanske Provincije Dalmacije. Bio je lektor Svete teologije</p></div></div><div class='content-column one_half last_column'><div style="padding-right:0px;padding-left:6px;"><p>Nachdem er zum Priester geweiht worden war, kam er 1863 in das Kloster St. Katharina in Split. Er blieb 40 Jahre in diesem Kloster. Er wurde wiederholt zum Prior des Klosters St. Dominica in Split gewählt und diente für drei Amtszeiten als Provinzial der Dominikanischen Provinz Dalmatien. Er war ein Korrektor der Heiligen Theologie.</p></div></div><div class='clear_column'></div><div class='content-column one_half'><div style="padding-right:6px;"><p>Godine 1903. imenovan je hvarskim biskupom. Zalagao se je za hrvatski jezik u crkvi. Prvi je hvarski biskup koji je uveo propovijedanje na hrvatskom jeziku preko pontifikalne mise. Umro je 20. listopada 1917. g. i pokopan u hvarskoj katedrali.</p></div></div><div class='content-column one_half last_column'><div style="padding-right:0px;padding-left:6px;"><p>1903 wurde er zum Bischof von Hvar ernannt. Er setzte sich für die kroatische Sprache in der Kirche ein und war der erste Bischof in Hvar, der das Predigen auf Kroatisch durch die Pontifikatsmesse einführte. Er starb am 20. Oktober 1917 und wurde in der Kathedrale von Hvar beigesetzt.</p></div></div><div class='clear_column'></div></p>
<p style="text-align: right;"><a href="#seite_oben">natrag na vrh / Seitenanfang</a></p>
<hr />
<p><strong>Linkovi / Links</strong></p>
<p><span style="color: #3366ff;"><a style="color: #3366ff;" href="https://www.topohvar.at/topo/orte/sg/sg-tg-19-1/">Rodna kuća Mihovila Zaninovića / Geburtshaus des Jordan Mihovil Zaninović</a></span></p>

<p>Ime / Name Spomen ploča »Rodna kuća Jordan Mihovila Zaninovića« / Gedenktafel am Geburtshaus des Jordan Michael Zaninović Code: SG-IS-05                                      Adresa / Adresse &hellip; <a href="https://www.topohvar.at/topo/orte/sg/sg-is-05-2/">Weiterlesen <span class="meta-nav">&rarr;</span></a></p>
